{"id":10859,"date":"2026-09-02T08:25:25","date_gmt":"2026-09-02T08:25:25","guid":{"rendered":"https:\/\/onurbegrup.com\/propiedad\/onurbe-grup-atico-en-venta-en-poble-nou-2\/"},"modified":"2026-09-02T08:43:39","modified_gmt":"2026-09-02T08:43:39","slug":"onurbe-grup-atico-en-venta-en-poble-nou-2","status":"publish","type":"propiedad","link":"https:\/\/onurbegrup.com\/en\/propiedad\/onurbe-grup-atico-en-venta-en-poble-nou-2\/","title":{"rendered":"ONURBE GRUP | \u00c1TICO EN VENTA EN POBLE NOU"},"content":{"rendered":"<p>\u00c1tico con encanto de 25 m\u00b2, listo para entrar a vivirDescubre este acogedor sobre\u00e1tico de 25 m\u00b2, ideal para quienes buscan una vivienda pr\u00e1ctica, luminosa y con personalidad. La propiedad est\u00e1 lista para entrar a vivir y cuenta con una amplia habitaci\u00f3n, un ba\u00f1o completo y una funcional cocina-comedor perfectamente integrada para aprovechar al m\u00e1ximo el espacio.Situado en una sexta planta, este inmueble disfruta de una excelente luminosidad y tranquilidad.&nbsp;&nbsp;Una excelente oportunidad tanto para primera vivienda, como para inversores que buscan un inmueble con gran potencial de rentabilidad.Si buscas un \u00e1tico acogedor, bien distribuido y listo para disfrutar desde el primer d\u00eda, no dejes pasar esta oportunidad. \u00a1Ven a visitarlo!El precio de venta no incluye los gastos e impuestos inherentes a la parte compradora: Impuesto de transmisiones patrimoniales (ITP), notario, registro, gestor\u00eda, tasaci\u00f3n bancaria en su caso, as\u00ed como los honorarios de intermediaci\u00f3n profesional del 3% + IVA sobre el precio de venta.<\/p>\n","protected":false},"featured_media":10822,"template":"","meta":{"_acf_changed":false,"_joinchat":[]},"operacion":[105],"poblacion":[106],"subzona":[222],"tipo-de-inmueble":[195],"zona":[198],"class_list":["post-10859","propiedad","type-propiedad","status-publish","has-post-thumbnail","hentry","operacion-venta","poblacion-barcelona","subzona-vila-olimpica","tipo-de-inmueble-atics","zona-poble-nou","entry","has-media"],"acf":[],"yoast_head":"<!-- This site is optimized with the Yoast SEO plugin v27.9 - https:\/\/yoast.com\/product\/yoast-seo-wordpress\/ -->\n<title>ONURBE GRUP | \u00c1TICO EN VENTA EN POBLE NOU - On Urbe<\/title>\n<meta name=\"robots\" content=\"index, follow, max-snippet:-1, max-image-preview:large, max-video-preview:-1\" \/>\n<link rel=\"canonical\" href=\"https:\/\/onurbegrup.com\/en\/propiedad\/onurbe-grup-atico-en-venta-en-poble-nou-2\/\" \/>\n<meta property=\"og:locale\" content=\"en_US\" \/>\n<meta property=\"og:type\" content=\"article\" \/>\n<meta property=\"og:title\" content=\"ONURBE GRUP | \u00c1TICO EN VENTA EN POBLE NOU - On Urbe\" \/>\n<meta property=\"og:description\" content=\"\u00c1tico con encanto de 25 m\u00b2, listo para entrar a vivirDescubre este acogedor sobre\u00e1tico de 25 m\u00b2, ideal para quienes buscan una vivienda pr\u00e1ctica, luminosa y con personalidad. La propiedad est\u00e1 lista para entrar a vivir y cuenta con una amplia habitaci\u00f3n, un ba\u00f1o completo y una funcional cocina-comedor perfectamente integrada para aprovechar al m\u00e1ximo&hellip;\" \/>\n<meta property=\"og:url\" content=\"https:\/\/onurbegrup.com\/en\/propiedad\/onurbe-grup-atico-en-venta-en-poble-nou-2\/\" \/>\n<meta property=\"og:site_name\" content=\"On Urbe\" \/>\n<meta property=\"article:modified_time\" content=\"2026-09-02T08:43:39+00:00\" \/>\n<meta property=\"og:image\" content=\"https:\/\/onurbegrup.com\/wp-content\/uploads\/2026\/09\/27591885.jpg\" \/>\n\t<meta property=\"og:image:width\" content=\"1600\" \/>\n\t<meta property=\"og:image:height\" content=\"1200\" \/>\n\t<meta property=\"og:image:type\" content=\"image\/jpeg\" \/>\n<meta name=\"twitter:card\" content=\"summary_large_image\" \/>\n<meta name=\"twitter:label1\" content=\"Est. reading time\" \/>\n\t<meta name=\"twitter:data1\" content=\"1 minute\" \/>\n<script type=\"application\/ld+json\" class=\"yoast-schema-graph\">{\"@context\":\"https:\\\/\\\/schema.org\",\"@graph\":[{\"@type\":\"WebPage\",\"@id\":\"https:\\\/\\\/onurbegrup.com\\\/en\\\/propiedad\\\/onurbe-grup-atico-en-venta-en-poble-nou-2\\\/\",\"url\":\"https:\\\/\\\/onurbegrup.com\\\/en\\\/propiedad\\\/onurbe-grup-atico-en-venta-en-poble-nou-2\\\/\",\"name\":\"ONURBE GRUP | \u00c1TICO EN VENTA EN POBLE NOU - On Urbe\",\"isPartOf\":{\"@id\":\"https:\\\/\\\/onurbegrup.com\\\/#website\"},\"primaryImageOfPage\":{\"@id\":\"https:\\\/\\\/onurbegrup.com\\\/en\\\/propiedad\\\/onurbe-grup-atico-en-venta-en-poble-nou-2\\\/#primaryimage\"},\"image\":{\"@id\":\"https:\\\/\\\/onurbegrup.com\\\/en\\\/propiedad\\\/onurbe-grup-atico-en-venta-en-poble-nou-2\\\/#primaryimage\"},\"thumbnailUrl\":\"https:\\\/\\\/onurbegrup.com\\\/wp-content\\\/uploads\\\/2026\\\/09\\\/27591885.jpg\",\"datePublished\":\"2026-09-02T08:25:25+00:00\",\"dateModified\":\"2026-09-02T08:43:39+00:00\",\"breadcrumb\":{\"@id\":\"https:\\\/\\\/onurbegrup.com\\\/en\\\/propiedad\\\/onurbe-grup-atico-en-venta-en-poble-nou-2\\\/#breadcrumb\"},\"inLanguage\":\"en-US\",\"potentialAction\":[{\"@type\":\"ReadAction\",\"target\":[\"https:\\\/\\\/onurbegrup.com\\\/en\\\/propiedad\\\/onurbe-grup-atico-en-venta-en-poble-nou-2\\\/\"]}]},{\"@type\":\"ImageObject\",\"inLanguage\":\"en-US\",\"@id\":\"https:\\\/\\\/onurbegrup.com\\\/en\\\/propiedad\\\/onurbe-grup-atico-en-venta-en-poble-nou-2\\\/#primaryimage\",\"url\":\"https:\\\/\\\/onurbegrup.com\\\/wp-content\\\/uploads\\\/2026\\\/09\\\/27591885.jpg\",\"contentUrl\":\"https:\\\/\\\/onurbegrup.com\\\/wp-content\\\/uploads\\\/2026\\\/09\\\/27591885.jpg\",\"width\":1600,\"height\":1200},{\"@type\":\"BreadcrumbList\",\"@id\":\"https:\\\/\\\/onurbegrup.com\\\/en\\\/propiedad\\\/onurbe-grup-atico-en-venta-en-poble-nou-2\\\/#breadcrumb\",\"itemListElement\":[{\"@type\":\"ListItem\",\"position\":1,\"name\":\"Home\",\"item\":\"https:\\\/\\\/onurbegrup.com\\\/en\\\/\"},{\"@type\":\"ListItem\",\"position\":2,\"name\":\"Propiedades\",\"item\":\"https:\\\/\\\/onurbegrup.com\\\/propiedades\\\/\"},{\"@type\":\"ListItem\",\"position\":3,\"name\":\"ONURBE GRUP | \u00c1TICO EN VENTA EN POBLE&hellip;\"}]},{\"@type\":\"WebSite\",\"@id\":\"https:\\\/\\\/onurbegrup.com\\\/#website\",\"url\":\"https:\\\/\\\/onurbegrup.com\\\/\",\"name\":\"On Urbe\",\"description\":\"Grup immobiliari\",\"publisher\":{\"@id\":\"https:\\\/\\\/onurbegrup.com\\\/#organization\"},\"potentialAction\":[{\"@type\":\"SearchAction\",\"target\":{\"@type\":\"EntryPoint\",\"urlTemplate\":\"https:\\\/\\\/onurbegrup.com\\\/?s={search_term_string}\"},\"query-input\":{\"@type\":\"PropertyValueSpecification\",\"valueRequired\":true,\"valueName\":\"search_term_string\"}}],\"inLanguage\":\"en-US\"},{\"@type\":\"Organization\",\"@id\":\"https:\\\/\\\/onurbegrup.com\\\/#organization\",\"name\":\"On Urbe\",\"url\":\"https:\\\/\\\/onurbegrup.com\\\/\",\"logo\":{\"@type\":\"ImageObject\",\"inLanguage\":\"en-US\",\"@id\":\"https:\\\/\\\/onurbegrup.com\\\/#\\\/schema\\\/logo\\\/image\\\/\",\"url\":\"https:\\\/\\\/onurbegrup.com\\\/wp-content\\\/uploads\\\/2026\\\/06\\\/logo.png\",\"contentUrl\":\"https:\\\/\\\/onurbegrup.com\\\/wp-content\\\/uploads\\\/2026\\\/06\\\/logo.png\",\"width\":988,\"height\":241,\"caption\":\"On Urbe\"},\"image\":{\"@id\":\"https:\\\/\\\/onurbegrup.com\\\/#\\\/schema\\\/logo\\\/image\\\/\"}}]}<\/script>\n<!-- \/ Yoast SEO plugin. -->","yoast_head_json":{"title":"ONURBE GRUP | \u00c1TICO EN VENTA EN POBLE NOU - On Urbe","robots":{"index":"index","follow":"follow","max-snippet":"max-snippet:-1","max-image-preview":"max-image-preview:large","max-video-preview":"max-video-preview:-1"},"canonical":"https:\/\/onurbegrup.com\/en\/propiedad\/onurbe-grup-atico-en-venta-en-poble-nou-2\/","og_locale":"en_US","og_type":"article","og_title":"ONURBE GRUP | \u00c1TICO EN VENTA EN POBLE NOU - On Urbe","og_description":"\u00c1tico con encanto de 25 m\u00b2, listo para entrar a vivirDescubre este acogedor sobre\u00e1tico de 25 m\u00b2, ideal para quienes buscan una vivienda pr\u00e1ctica, luminosa y con personalidad. La propiedad est\u00e1 lista para entrar a vivir y cuenta con una amplia habitaci\u00f3n, un ba\u00f1o completo y una funcional cocina-comedor perfectamente integrada para aprovechar al m\u00e1ximo&hellip;","og_url":"https:\/\/onurbegrup.com\/en\/propiedad\/onurbe-grup-atico-en-venta-en-poble-nou-2\/","og_site_name":"On Urbe","article_modified_time":"2026-09-02T08:43:39+00:00","og_image":[{"width":1600,"height":1200,"url":"https:\/\/onurbegrup.com\/wp-content\/uploads\/2026\/09\/27591885.jpg","type":"image\/jpeg"}],"twitter_card":"summary_large_image","twitter_misc":{"Est. reading time":"1 minute"},"schema":{"@context":"https:\/\/schema.org","@graph":[{"@type":"WebPage","@id":"https:\/\/onurbegrup.com\/en\/propiedad\/onurbe-grup-atico-en-venta-en-poble-nou-2\/","url":"https:\/\/onurbegrup.com\/en\/propiedad\/onurbe-grup-atico-en-venta-en-poble-nou-2\/","name":"ONURBE GRUP | \u00c1TICO EN VENTA EN POBLE NOU - On Urbe","isPartOf":{"@id":"https:\/\/onurbegrup.com\/#website"},"primaryImageOfPage":{"@id":"https:\/\/onurbegrup.com\/en\/propiedad\/onurbe-grup-atico-en-venta-en-poble-nou-2\/#primaryimage"},"image":{"@id":"https:\/\/onurbegrup.com\/en\/propiedad\/onurbe-grup-atico-en-venta-en-poble-nou-2\/#primaryimage"},"thumbnailUrl":"https:\/\/onurbegrup.com\/wp-content\/uploads\/2026\/09\/27591885.jpg","datePublished":"2026-09-02T08:25:25+00:00","dateModified":"2026-09-02T08:43:39+00:00","breadcrumb":{"@id":"https:\/\/onurbegrup.com\/en\/propiedad\/onurbe-grup-atico-en-venta-en-poble-nou-2\/#breadcrumb"},"inLanguage":"en-US","potentialAction":[{"@type":"ReadAction","target":["https:\/\/onurbegrup.com\/en\/propiedad\/onurbe-grup-atico-en-venta-en-poble-nou-2\/"]}]},{"@type":"ImageObject","inLanguage":"en-US","@id":"https:\/\/onurbegrup.com\/en\/propiedad\/onurbe-grup-atico-en-venta-en-poble-nou-2\/#primaryimage","url":"https:\/\/onurbegrup.com\/wp-content\/uploads\/2026\/09\/27591885.jpg","contentUrl":"https:\/\/onurbegrup.com\/wp-content\/uploads\/2026\/09\/27591885.jpg","width":1600,"height":1200},{"@type":"BreadcrumbList","@id":"https:\/\/onurbegrup.com\/en\/propiedad\/onurbe-grup-atico-en-venta-en-poble-nou-2\/#breadcrumb","itemListElement":[{"@type":"ListItem","position":1,"name":"Home","item":"https:\/\/onurbegrup.com\/en\/"},{"@type":"ListItem","position":2,"name":"Propiedades","item":"https:\/\/onurbegrup.com\/propiedades\/"},{"@type":"ListItem","position":3,"name":"ONURBE GRUP | \u00c1TICO EN VENTA EN POBLE&hellip;"}]},{"@type":"WebSite","@id":"https:\/\/onurbegrup.com\/#website","url":"https:\/\/onurbegrup.com\/","name":"On Urbe","description":"Grup immobiliari","publisher":{"@id":"https:\/\/onurbegrup.com\/#organization"},"potentialAction":[{"@type":"SearchAction","target":{"@type":"EntryPoint","urlTemplate":"https:\/\/onurbegrup.com\/?s={search_term_string}"},"query-input":{"@type":"PropertyValueSpecification","valueRequired":true,"valueName":"search_term_string"}}],"inLanguage":"en-US"},{"@type":"Organization","@id":"https:\/\/onurbegrup.com\/#organization","name":"On Urbe","url":"https:\/\/onurbegrup.com\/","logo":{"@type":"ImageObject","inLanguage":"en-US","@id":"https:\/\/onurbegrup.com\/#\/schema\/logo\/image\/","url":"https:\/\/onurbegrup.com\/wp-content\/uploads\/2026\/06\/logo.png","contentUrl":"https:\/\/onurbegrup.com\/wp-content\/uploads\/2026\/06\/logo.png","width":988,"height":241,"caption":"On Urbe"},"image":{"@id":"https:\/\/onurbegrup.com\/#\/schema\/logo\/image\/"}}]}},"_links":{"self":[{"href":"https:\/\/onurbegrup.com\/en\/wp-json\/wp\/v2\/propiedad\/10859","targetHints":{"allow":["GET"]}}],"collection":[{"href":"https:\/\/onurbegrup.com\/en\/wp-json\/wp\/v2\/propiedad"}],"about":[{"href":"https:\/\/onurbegrup.com\/en\/wp-json\/wp\/v2\/types\/propiedad"}],"wp:featuredmedia":[{"embeddable":true,"href":"https:\/\/onurbegrup.com\/en\/wp-json\/wp\/v2\/media\/10822"}],"wp:attachment":[{"href":"https:\/\/onurbegrup.com\/en\/wp-json\/wp\/v2\/media?parent=10859"}],"wp:term":[{"taxonomy":"operacion","embeddable":true,"href":"https:\/\/onurbegrup.com\/en\/wp-json\/wp\/v2\/operacion?post=10859"},{"taxonomy":"poblacion","embeddable":true,"href":"https:\/\/onurbegrup.com\/en\/wp-json\/wp\/v2\/poblacion?post=10859"},{"taxonomy":"subzona","embeddable":true,"href":"https:\/\/onurbegrup.com\/en\/wp-json\/wp\/v2\/subzona?post=10859"},{"taxonomy":"tipo-de-inmueble","embeddable":true,"href":"https:\/\/onurbegrup.com\/en\/wp-json\/wp\/v2\/tipo-de-inmueble?post=10859"},{"taxonomy":"zona","embeddable":true,"href":"https:\/\/onurbegrup.com\/en\/wp-json\/wp\/v2\/zona?post=10859"}],"curies":[{"name":"wp","href":"https:\/\/api.w.org\/{rel}","templated":true}]}}

ONURBE GRUP | ÁTICO EN VENTA EN POBLE NOU

<p>Ático con encanto de 25 m², listo para entrar a vivirDescubre este acogedor sobreático de 25 m², ideal para quienes buscan una vivienda práctica, luminosa y con personalidad. La propiedad está lista para entrar a vivir y cuenta con una amplia habitación, un baño completo y una funcional cocina-comedor perfectamente integrada para aprovechar al máximo el espacio.Situado en una sexta planta, este inmueble disfruta de una excelente luminosidad y tranquilidad.&nbsp;&nbsp;Una excelente oportunidad tanto para primera vivienda, como para inversores que buscan un inmueble con gran potencial de rentabilidad.Si buscas un ático acogedor, bien distribuido y listo para disfrutar desde el primer día, no dejes pasar esta oportunidad. ¡Ven a visitarlo!El precio de venta no incluye los gastos e impuestos inherentes a la parte compradora: Impuesto de transmisiones patrimoniales (ITP), notario, registro, gestoría, tasación bancaria en su caso, así como los honorarios de intermediación profesional del 3% + IVA sobre el precio de venta.</p>

<!-- This site is optimized with the Yoast SEO plugin v27.9 - https://yoast.com/product/yoast-seo-wordpress/ -->
<title>ONURBE GRUP | ÁTICO EN VENTA EN POBLE NOU - On Urbe</title>
<meta name="robots" content="index, follow, max-snippet:-1, max-image-preview:large, max-video-preview:-1" />
<link rel="canonical" href="https://onurbegrup.com/en/propiedad/onurbe-grup-atico-en-venta-en-poble-nou-2/" />
<meta property="og:locale" content="en_US" />
<meta property="og:type" content="article" />
<meta property="og:title" content="ONURBE GRUP | ÁTICO EN VENTA EN POBLE NOU - On Urbe" />
<meta property="og:description" content="Ático con encanto de 25 m², listo para entrar a vivirDescubre este acogedor sobreático de 25 m², ideal para quienes buscan una vivienda práctica, luminosa y con personalidad. La propiedad está lista para entrar a vivir y cuenta con una amplia habitación, un baño completo y una funcional cocina-comedor perfectamente integrada para aprovechar al máximo&hellip;" />
<meta property="og:url" content="https://onurbegrup.com/en/propiedad/onurbe-grup-atico-en-venta-en-poble-nou-2/" />
<meta property="og:site_name" content="On Urbe" />
<meta property="article:modified_time" content="2026-09-02T08:43:39+00:00" />
<meta property="og:image" content="https://onurbegrup.com/wp-content/uploads/2026/09/27591885.jpg" />
	<meta property="og:image:width" content="1600" />
	<meta property="og:image:height" content="1200" />
	<meta property="og:image:type" content="image/jpeg" />
<meta name="twitter:card" content="summary_large_image" />
<meta name="twitter:label1" content="Est. reading time" />
	<meta name="twitter:data1" content="1 minute" />
<script type="application/ld+json" class="yoast-schema-graph">{"@context":"https:\/\/schema.org","@graph":[{"@type":"WebPage","@id":"https:\/\/onurbegrup.com\/en\/propiedad\/onurbe-grup-atico-en-venta-en-poble-nou-2\/","url":"https:\/\/onurbegrup.com\/en\/propiedad\/onurbe-grup-atico-en-venta-en-poble-nou-2\/","name":"ONURBE GRUP | ÁTICO EN VENTA EN POBLE NOU - On Urbe","isPartOf":{"@id":"https:\/\/onurbegrup.com\/#website"},"primaryImageOfPage":{"@id":"https:\/\/onurbegrup.com\/en\/propiedad\/onurbe-grup-atico-en-venta-en-poble-nou-2\/#primaryimage"},"image":{"@id":"https:\/\/onurbegrup.com\/en\/propiedad\/onurbe-grup-atico-en-venta-en-poble-nou-2\/#primaryimage"},"thumbnailUrl":"https:\/\/onurbegrup.com\/wp-content\/uploads\/2026\/09\/27591885.jpg","datePublished":"2026-09-02T08:25:25+00:00","dateModified":"2026-09-02T08:43:39+00:00","breadcrumb":{"@id":"https:\/\/onurbegrup.com\/en\/propiedad\/onurbe-grup-atico-en-venta-en-poble-nou-2\/#breadcrumb"},"inLanguage":"en-US","potentialAction":[{"@type":"ReadAction","target":["https:\/\/onurbegrup.com\/en\/propiedad\/onurbe-grup-atico-en-venta-en-poble-nou-2\/"]}]},{"@type":"ImageObject","inLanguage":"en-US","@id":"https:\/\/onurbegrup.com\/en\/propiedad\/onurbe-grup-atico-en-venta-en-poble-nou-2\/#primaryimage","url":"https:\/\/onurbegrup.com\/wp-content\/uploads\/2026\/09\/27591885.jpg","contentUrl":"https:\/\/onurbegrup.com\/wp-content\/uploads\/2026\/09\/27591885.jpg","width":1600,"height":1200},{"@type":"BreadcrumbList","@id":"https:\/\/onurbegrup.com\/en\/propiedad\/onurbe-grup-atico-en-venta-en-poble-nou-2\/#breadcrumb","itemListElement":[{"@type":"ListItem","position":1,"name":"Home","item":"https:\/\/onurbegrup.com\/en\/"},{"@type":"ListItem","position":2,"name":"Propiedades","item":"https:\/\/onurbegrup.com\/propiedades\/"},{"@type":"ListItem","position":3,"name":"ONURBE GRUP | ÁTICO EN VENTA EN POBLE&hellip;"}]},{"@type":"WebSite","@id":"https:\/\/onurbegrup.com\/#website","url":"https:\/\/onurbegrup.com\/","name":"On Urbe","description":"Grup immobiliari","publisher":{"@id":"https:\/\/onurbegrup.com\/#organization"},"potentialAction":[{"@type":"SearchAction","target":{"@type":"EntryPoint","urlTemplate":"https:\/\/onurbegrup.com\/?s={search_term_string}"},"query-input":{"@type":"PropertyValueSpecification","valueRequired":true,"valueName":"search_term_string"}}],"inLanguage":"en-US"},{"@type":"Organization","@id":"https:\/\/onurbegrup.com\/#organization","name":"On Urbe","url":"https:\/\/onurbegrup.com\/","logo":{"@type":"ImageObject","inLanguage":"en-US","@id":"https:\/\/onurbegrup.com\/#\/schema\/logo\/image\/","url":"https:\/\/onurbegrup.com\/wp-content\/uploads\/2026\/06\/logo.png","contentUrl":"https:\/\/onurbegrup.com\/wp-content\/uploads\/2026\/06\/logo.png","width":988,"height":241,"caption":"On Urbe"},"image":{"@id":"https:\/\/onurbegrup.com\/#\/schema\/logo\/image\/"}}]}</script>
<!-- / Yoast SEO plugin. -->

ONURBE GRUP | ÁTICO EN VENTA EN POBLE NOU - On Urbe

Ático con encanto de 25 m², listo para entrar a vivirDescubre este acogedor sobreático de 25 m², ideal para quienes buscan una vivienda práctica, luminosa y con personalidad. La propiedad está lista para entrar a vivir y cuenta con una amplia habitación, un baño completo y una funcional cocina-comedor perfectamente integrada para aprovechar al máximo&hellip;

ONURBE GRUP | ÁTICO EN VENTA EN POBLE&hellip;
