{"id":9181,"date":"2026-06-30T15:15:40","date_gmt":"2026-06-30T15:15:40","guid":{"rendered":"https:\/\/onurbegrup.com\/propiedad\/plaza-de-parking-en-zona-centrica-de-barcelona\/"},"modified":"2026-06-30T15:15:40","modified_gmt":"2026-06-30T15:15:40","slug":"plaza-de-parking-en-zona-centrica-de-barcelona","status":"publish","type":"propiedad","link":"https:\/\/onurbegrup.com\/en\/propiedad\/plaza-de-parking-en-zona-centrica-de-barcelona\/","title":{"rendered":"Plaza de parking en zona centrica de Barcelona"},"content":{"rendered":"<p>Plaza de aparcamiento para coche peque\u00f1o en barrio Sagrada Familia! La plaza est\u00e1 ubicada en la zona centrica y es de f\u00e1cil acceso. Cont\u00e1ctenos para fijar una visita!<\/p>\n","protected":false},"featured_media":9182,"template":"","meta":{"_acf_changed":false,"_joinchat":[]},"operacion":[136],"poblacion":[157],"subzona":[],"tipo-de-inmueble":[166],"zona":[],"class_list":["post-9181","propiedad","type-propiedad","status-publish","has-post-thumbnail","hentry","operacion-sale","poblacion-sagrada-familia","tipo-de-inmueble-parking-space","entry","has-media"],"acf":[],"yoast_head":"<!-- This site is optimized with the Yoast SEO plugin v27.9 - https:\/\/yoast.com\/product\/yoast-seo-wordpress\/ -->\n<title>Plaza de parking en zona centrica de Barcelona - On Urbe<\/title>\n<meta name=\"robots\" content=\"index, follow, max-snippet:-1, max-image-preview:large, max-video-preview:-1\" \/>\n<link rel=\"canonical\" href=\"https:\/\/onurbegrup.com\/en\/propiedad\/plaza-de-parking-en-zona-centrica-de-barcelona\/\" \/>\n<meta property=\"og:locale\" content=\"en_US\" \/>\n<meta property=\"og:type\" content=\"article\" \/>\n<meta property=\"og:title\" content=\"Plaza de parking en zona centrica de Barcelona - On Urbe\" \/>\n<meta property=\"og:description\" content=\"Plaza de aparcamiento para coche peque\u00f1o en barrio Sagrada Familia! La plaza est\u00e1 ubicada en la zona centrica y es de f\u00e1cil acceso. Cont\u00e1ctenos para fijar una visita!\" \/>\n<meta property=\"og:url\" content=\"https:\/\/onurbegrup.com\/en\/propiedad\/plaza-de-parking-en-zona-centrica-de-barcelona\/\" \/>\n<meta property=\"og:site_name\" content=\"On Urbe\" \/>\n<meta name=\"twitter:card\" content=\"summary_large_image\" \/>\n<script type=\"application\/ld+json\" class=\"yoast-schema-graph\">{\"@context\":\"https:\\\/\\\/schema.org\",\"@graph\":[{\"@type\":\"WebPage\",\"@id\":\"https:\\\/\\\/onurbegrup.com\\\/en\\\/propiedad\\\/plaza-de-parking-en-zona-centrica-de-barcelona\\\/\",\"url\":\"https:\\\/\\\/onurbegrup.com\\\/en\\\/propiedad\\\/plaza-de-parking-en-zona-centrica-de-barcelona\\\/\",\"name\":\"Plaza de parking en zona centrica de Barcelona - On Urbe\",\"isPartOf\":{\"@id\":\"https:\\\/\\\/onurbegrup.com\\\/#website\"},\"primaryImageOfPage\":{\"@id\":\"https:\\\/\\\/onurbegrup.com\\\/en\\\/propiedad\\\/plaza-de-parking-en-zona-centrica-de-barcelona\\\/#primaryimage\"},\"image\":{\"@id\":\"https:\\\/\\\/onurbegrup.com\\\/en\\\/propiedad\\\/plaza-de-parking-en-zona-centrica-de-barcelona\\\/#primaryimage\"},\"thumbnailUrl\":\"https:\\\/\\\/onurbegrup.com\\\/wp-content\\\/uploads\\\/2026\\\/06\\\/plaza-de-parking-en-zona-centrica-de-barcelona-001.webp\",\"datePublished\":\"2026-06-30T15:15:40+00:00\",\"breadcrumb\":{\"@id\":\"https:\\\/\\\/onurbegrup.com\\\/en\\\/propiedad\\\/plaza-de-parking-en-zona-centrica-de-barcelona\\\/#breadcrumb\"},\"inLanguage\":\"en-US\",\"potentialAction\":[{\"@type\":\"ReadAction\",\"target\":[\"https:\\\/\\\/onurbegrup.com\\\/en\\\/propiedad\\\/plaza-de-parking-en-zona-centrica-de-barcelona\\\/\"]}]},{\"@type\":\"ImageObject\",\"inLanguage\":\"en-US\",\"@id\":\"https:\\\/\\\/onurbegrup.com\\\/en\\\/propiedad\\\/plaza-de-parking-en-zona-centrica-de-barcelona\\\/#primaryimage\",\"url\":\"https:\\\/\\\/onurbegrup.com\\\/wp-content\\\/uploads\\\/2026\\\/06\\\/plaza-de-parking-en-zona-centrica-de-barcelona-001.webp\",\"contentUrl\":\"https:\\\/\\\/onurbegrup.com\\\/wp-content\\\/uploads\\\/2026\\\/06\\\/plaza-de-parking-en-zona-centrica-de-barcelona-001.webp\",\"width\":300,\"height\":225},{\"@type\":\"BreadcrumbList\",\"@id\":\"https:\\\/\\\/onurbegrup.com\\\/en\\\/propiedad\\\/plaza-de-parking-en-zona-centrica-de-barcelona\\\/#breadcrumb\",\"itemListElement\":[{\"@type\":\"ListItem\",\"position\":1,\"name\":\"Home\",\"item\":\"https:\\\/\\\/onurbegrup.com\\\/en\\\/\"},{\"@type\":\"ListItem\",\"position\":2,\"name\":\"Propiedades\",\"item\":\"https:\\\/\\\/onurbegrup.com\\\/propiedades\\\/\"},{\"@type\":\"ListItem\",\"position\":3,\"name\":\"Plaza de parking en zona centrica de Barcelona\"}]},{\"@type\":\"WebSite\",\"@id\":\"https:\\\/\\\/onurbegrup.com\\\/#website\",\"url\":\"https:\\\/\\\/onurbegrup.com\\\/\",\"name\":\"On Urbe\",\"description\":\"Grup immobiliari\",\"publisher\":{\"@id\":\"https:\\\/\\\/onurbegrup.com\\\/#organization\"},\"potentialAction\":[{\"@type\":\"SearchAction\",\"target\":{\"@type\":\"EntryPoint\",\"urlTemplate\":\"https:\\\/\\\/onurbegrup.com\\\/?s={search_term_string}\"},\"query-input\":{\"@type\":\"PropertyValueSpecification\",\"valueRequired\":true,\"valueName\":\"search_term_string\"}}],\"inLanguage\":\"en-US\"},{\"@type\":\"Organization\",\"@id\":\"https:\\\/\\\/onurbegrup.com\\\/#organization\",\"name\":\"On Urbe\",\"url\":\"https:\\\/\\\/onurbegrup.com\\\/\",\"logo\":{\"@type\":\"ImageObject\",\"inLanguage\":\"en-US\",\"@id\":\"https:\\\/\\\/onurbegrup.com\\\/#\\\/schema\\\/logo\\\/image\\\/\",\"url\":\"https:\\\/\\\/onurbegrup.com\\\/wp-content\\\/uploads\\\/2026\\\/06\\\/logo.png\",\"contentUrl\":\"https:\\\/\\\/onurbegrup.com\\\/wp-content\\\/uploads\\\/2026\\\/06\\\/logo.png\",\"width\":988,\"height\":241,\"caption\":\"On Urbe\"},\"image\":{\"@id\":\"https:\\\/\\\/onurbegrup.com\\\/#\\\/schema\\\/logo\\\/image\\\/\"}}]}<\/script>\n<!-- \/ Yoast SEO plugin. -->","yoast_head_json":{"title":"Plaza de parking en zona centrica de Barcelona - On Urbe","robots":{"index":"index","follow":"follow","max-snippet":"max-snippet:-1","max-image-preview":"max-image-preview:large","max-video-preview":"max-video-preview:-1"},"canonical":"https:\/\/onurbegrup.com\/en\/propiedad\/plaza-de-parking-en-zona-centrica-de-barcelona\/","og_locale":"en_US","og_type":"article","og_title":"Plaza de parking en zona centrica de Barcelona - On Urbe","og_description":"Plaza de aparcamiento para coche peque\u00f1o en barrio Sagrada Familia! La plaza est\u00e1 ubicada en la zona centrica y es de f\u00e1cil acceso. Cont\u00e1ctenos para fijar una visita!","og_url":"https:\/\/onurbegrup.com\/en\/propiedad\/plaza-de-parking-en-zona-centrica-de-barcelona\/","og_site_name":"On Urbe","twitter_card":"summary_large_image","schema":{"@context":"https:\/\/schema.org","@graph":[{"@type":"WebPage","@id":"https:\/\/onurbegrup.com\/en\/propiedad\/plaza-de-parking-en-zona-centrica-de-barcelona\/","url":"https:\/\/onurbegrup.com\/en\/propiedad\/plaza-de-parking-en-zona-centrica-de-barcelona\/","name":"Plaza de parking en zona centrica de Barcelona - On Urbe","isPartOf":{"@id":"https:\/\/onurbegrup.com\/#website"},"primaryImageOfPage":{"@id":"https:\/\/onurbegrup.com\/en\/propiedad\/plaza-de-parking-en-zona-centrica-de-barcelona\/#primaryimage"},"image":{"@id":"https:\/\/onurbegrup.com\/en\/propiedad\/plaza-de-parking-en-zona-centrica-de-barcelona\/#primaryimage"},"thumbnailUrl":"https:\/\/onurbegrup.com\/wp-content\/uploads\/2026\/06\/plaza-de-parking-en-zona-centrica-de-barcelona-001.webp","datePublished":"2026-06-30T15:15:40+00:00","breadcrumb":{"@id":"https:\/\/onurbegrup.com\/en\/propiedad\/plaza-de-parking-en-zona-centrica-de-barcelona\/#breadcrumb"},"inLanguage":"en-US","potentialAction":[{"@type":"ReadAction","target":["https:\/\/onurbegrup.com\/en\/propiedad\/plaza-de-parking-en-zona-centrica-de-barcelona\/"]}]},{"@type":"ImageObject","inLanguage":"en-US","@id":"https:\/\/onurbegrup.com\/en\/propiedad\/plaza-de-parking-en-zona-centrica-de-barcelona\/#primaryimage","url":"https:\/\/onurbegrup.com\/wp-content\/uploads\/2026\/06\/plaza-de-parking-en-zona-centrica-de-barcelona-001.webp","contentUrl":"https:\/\/onurbegrup.com\/wp-content\/uploads\/2026\/06\/plaza-de-parking-en-zona-centrica-de-barcelona-001.webp","width":300,"height":225},{"@type":"BreadcrumbList","@id":"https:\/\/onurbegrup.com\/en\/propiedad\/plaza-de-parking-en-zona-centrica-de-barcelona\/#breadcrumb","itemListElement":[{"@type":"ListItem","position":1,"name":"Home","item":"https:\/\/onurbegrup.com\/en\/"},{"@type":"ListItem","position":2,"name":"Propiedades","item":"https:\/\/onurbegrup.com\/propiedades\/"},{"@type":"ListItem","position":3,"name":"Plaza de parking en zona centrica de Barcelona"}]},{"@type":"WebSite","@id":"https:\/\/onurbegrup.com\/#website","url":"https:\/\/onurbegrup.com\/","name":"On Urbe","description":"Grup immobiliari","publisher":{"@id":"https:\/\/onurbegrup.com\/#organization"},"potentialAction":[{"@type":"SearchAction","target":{"@type":"EntryPoint","urlTemplate":"https:\/\/onurbegrup.com\/?s={search_term_string}"},"query-input":{"@type":"PropertyValueSpecification","valueRequired":true,"valueName":"search_term_string"}}],"inLanguage":"en-US"},{"@type":"Organization","@id":"https:\/\/onurbegrup.com\/#organization","name":"On Urbe","url":"https:\/\/onurbegrup.com\/","logo":{"@type":"ImageObject","inLanguage":"en-US","@id":"https:\/\/onurbegrup.com\/#\/schema\/logo\/image\/","url":"https:\/\/onurbegrup.com\/wp-content\/uploads\/2026\/06\/logo.png","contentUrl":"https:\/\/onurbegrup.com\/wp-content\/uploads\/2026\/06\/logo.png","width":988,"height":241,"caption":"On Urbe"},"image":{"@id":"https:\/\/onurbegrup.com\/#\/schema\/logo\/image\/"}}]}},"_links":{"self":[{"href":"https:\/\/onurbegrup.com\/en\/wp-json\/wp\/v2\/propiedad\/9181","targetHints":{"allow":["GET"]}}],"collection":[{"href":"https:\/\/onurbegrup.com\/en\/wp-json\/wp\/v2\/propiedad"}],"about":[{"href":"https:\/\/onurbegrup.com\/en\/wp-json\/wp\/v2\/types\/propiedad"}],"wp:featuredmedia":[{"embeddable":true,"href":"https:\/\/onurbegrup.com\/en\/wp-json\/wp\/v2\/media\/9182"}],"wp:attachment":[{"href":"https:\/\/onurbegrup.com\/en\/wp-json\/wp\/v2\/media?parent=9181"}],"wp:term":[{"taxonomy":"operacion","embeddable":true,"href":"https:\/\/onurbegrup.com\/en\/wp-json\/wp\/v2\/operacion?post=9181"},{"taxonomy":"poblacion","embeddable":true,"href":"https:\/\/onurbegrup.com\/en\/wp-json\/wp\/v2\/poblacion?post=9181"},{"taxonomy":"subzona","embeddable":true,"href":"https:\/\/onurbegrup.com\/en\/wp-json\/wp\/v2\/subzona?post=9181"},{"taxonomy":"tipo-de-inmueble","embeddable":true,"href":"https:\/\/onurbegrup.com\/en\/wp-json\/wp\/v2\/tipo-de-inmueble?post=9181"},{"taxonomy":"zona","embeddable":true,"href":"https:\/\/onurbegrup.com\/en\/wp-json\/wp\/v2\/zona?post=9181"}],"curies":[{"name":"wp","href":"https:\/\/api.w.org\/{rel}","templated":true}]}}

<p>Plaza de aparcamiento para coche pequeño en barrio Sagrada Familia! La plaza está ubicada en la zona centrica y es de fácil acceso. Contáctenos para fijar una visita!</p>

<!-- This site is optimized with the Yoast SEO plugin v27.9 - https://yoast.com/product/yoast-seo-wordpress/ -->
<title>Plaza de parking en zona centrica de Barcelona - On Urbe</title>
<meta name="robots" content="index, follow, max-snippet:-1, max-image-preview:large, max-video-preview:-1" />
<link rel="canonical" href="https://onurbegrup.com/en/propiedad/plaza-de-parking-en-zona-centrica-de-barcelona/" />
<meta property="og:locale" content="en_US" />
<meta property="og:type" content="article" />
<meta property="og:title" content="Plaza de parking en zona centrica de Barcelona - On Urbe" />
<meta property="og:description" content="Plaza de aparcamiento para coche pequeño en barrio Sagrada Familia! La plaza está ubicada en la zona centrica y es de fácil acceso. Contáctenos para fijar una visita!" />
<meta property="og:url" content="https://onurbegrup.com/en/propiedad/plaza-de-parking-en-zona-centrica-de-barcelona/" />
<meta property="og:site_name" content="On Urbe" />
<meta name="twitter:card" content="summary_large_image" />
<script type="application/ld+json" class="yoast-schema-graph">{"@context":"https:\/\/schema.org","@graph":[{"@type":"WebPage","@id":"https:\/\/onurbegrup.com\/en\/propiedad\/plaza-de-parking-en-zona-centrica-de-barcelona\/","url":"https:\/\/onurbegrup.com\/en\/propiedad\/plaza-de-parking-en-zona-centrica-de-barcelona\/","name":"Plaza de parking en zona centrica de Barcelona - On Urbe","isPartOf":{"@id":"https:\/\/onurbegrup.com\/#website"},"primaryImageOfPage":{"@id":"https:\/\/onurbegrup.com\/en\/propiedad\/plaza-de-parking-en-zona-centrica-de-barcelona\/#primaryimage"},"image":{"@id":"https:\/\/onurbegrup.com\/en\/propiedad\/plaza-de-parking-en-zona-centrica-de-barcelona\/#primaryimage"},"thumbnailUrl":"https:\/\/onurbegrup.com\/wp-content\/uploads\/2026\/06\/plaza-de-parking-en-zona-centrica-de-barcelona-001.webp","datePublished":"2026-06-30T15:15:40+00:00","breadcrumb":{"@id":"https:\/\/onurbegrup.com\/en\/propiedad\/plaza-de-parking-en-zona-centrica-de-barcelona\/#breadcrumb"},"inLanguage":"en-US","potentialAction":[{"@type":"ReadAction","target":["https:\/\/onurbegrup.com\/en\/propiedad\/plaza-de-parking-en-zona-centrica-de-barcelona\/"]}]},{"@type":"ImageObject","inLanguage":"en-US","@id":"https:\/\/onurbegrup.com\/en\/propiedad\/plaza-de-parking-en-zona-centrica-de-barcelona\/#primaryimage","url":"https:\/\/onurbegrup.com\/wp-content\/uploads\/2026\/06\/plaza-de-parking-en-zona-centrica-de-barcelona-001.webp","contentUrl":"https:\/\/onurbegrup.com\/wp-content\/uploads\/2026\/06\/plaza-de-parking-en-zona-centrica-de-barcelona-001.webp","width":300,"height":225},{"@type":"BreadcrumbList","@id":"https:\/\/onurbegrup.com\/en\/propiedad\/plaza-de-parking-en-zona-centrica-de-barcelona\/#breadcrumb","itemListElement":[{"@type":"ListItem","position":1,"name":"Home","item":"https:\/\/onurbegrup.com\/en\/"},{"@type":"ListItem","position":2,"name":"Propiedades","item":"https:\/\/onurbegrup.com\/propiedades\/"},{"@type":"ListItem","position":3,"name":"Plaza de parking en zona centrica de Barcelona"}]},{"@type":"WebSite","@id":"https:\/\/onurbegrup.com\/#website","url":"https:\/\/onurbegrup.com\/","name":"On Urbe","description":"Grup immobiliari","publisher":{"@id":"https:\/\/onurbegrup.com\/#organization"},"potentialAction":[{"@type":"SearchAction","target":{"@type":"EntryPoint","urlTemplate":"https:\/\/onurbegrup.com\/?s={search_term_string}"},"query-input":{"@type":"PropertyValueSpecification","valueRequired":true,"valueName":"search_term_string"}}],"inLanguage":"en-US"},{"@type":"Organization","@id":"https:\/\/onurbegrup.com\/#organization","name":"On Urbe","url":"https:\/\/onurbegrup.com\/","logo":{"@type":"ImageObject","inLanguage":"en-US","@id":"https:\/\/onurbegrup.com\/#\/schema\/logo\/image\/","url":"https:\/\/onurbegrup.com\/wp-content\/uploads\/2026\/06\/logo.png","contentUrl":"https:\/\/onurbegrup.com\/wp-content\/uploads\/2026\/06\/logo.png","width":988,"height":241,"caption":"On Urbe"},"image":{"@id":"https:\/\/onurbegrup.com\/#\/schema\/logo\/image\/"}}]}</script>
<!-- / Yoast SEO plugin. -->

Plaza de aparcamiento para coche pequeño en barrio Sagrada Familia! La plaza está ubicada en la zona centrica y es de fácil acceso. Contáctenos para fijar una visita!
