{"id":9253,"date":"2026-06-30T15:14:26","date_gmt":"2026-06-30T15:14:26","guid":{"rendered":"https:\/\/onurbegrup.com\/propiedad\/piso-de-103-m-en-barcelona\/"},"modified":"2026-06-30T15:14:26","modified_gmt":"2026-06-30T15:14:26","slug":"piso-de-103-m-en-barcelona","status":"publish","type":"propiedad","link":"https:\/\/onurbegrup.com\/en\/propiedad\/piso-de-103-m-en-barcelona\/","title":{"rendered":"Piso de 103 m\u00b2 en Barcelona"},"content":{"rendered":"<p>Piso de 103 m\u00b2 en una 4\u00aa con ascensor 4 habitaciones, 2 ba\u00f1os completos y balc\u00f3n en barrio Sagrada Familia! La vivienda est\u00e1 distribuida en 4 dormitorios de los cuales 2 son dobles, sal\u00f3n comedor con acceso a un amplio balc\u00f3n, cocina office y 2 ba\u00f1os completos. Si bien el inmueble necesita actualizarse, tiene la posibilidad de adaptarse a la distribuci\u00f3n que m\u00e1s te guste. La ubicaci\u00f3n es ideal ya que est\u00e1 rodeada de comercios imprescindibles para el d\u00eda a d\u00eda como supermercados, restaurantes, bicing, farmacias, etc. Se encuentra a una calle de La Sagrada Familia comunicado por Linea 2 y Linea 5 de metro, paradas de buses y m\u00e1s<\/p>\n","protected":false},"featured_media":9254,"template":"","meta":{"_acf_changed":false,"_joinchat":[]},"operacion":[136],"poblacion":[157],"subzona":[],"tipo-de-inmueble":[142],"zona":[],"class_list":["post-9253","propiedad","type-propiedad","status-publish","has-post-thumbnail","hentry","operacion-sale","poblacion-sagrada-familia","tipo-de-inmueble-apartment","entry","has-media"],"acf":[],"yoast_head":"<!-- This site is optimized with the Yoast SEO plugin v27.9 - https:\/\/yoast.com\/product\/yoast-seo-wordpress\/ -->\n<title>Piso de 103 m\u00b2 en Barcelona - On Urbe<\/title>\n<meta name=\"robots\" content=\"index, follow, max-snippet:-1, max-image-preview:large, max-video-preview:-1\" \/>\n<link rel=\"canonical\" href=\"https:\/\/onurbegrup.com\/en\/propiedad\/piso-de-103-m-en-barcelona\/\" \/>\n<meta property=\"og:locale\" content=\"en_US\" \/>\n<meta property=\"og:type\" content=\"article\" \/>\n<meta property=\"og:title\" content=\"Piso de 103 m\u00b2 en Barcelona - On Urbe\" \/>\n<meta property=\"og:description\" content=\"Piso de 103 m\u00b2 en una 4\u00aa con ascensor 4 habitaciones, 2 ba\u00f1os completos y balc\u00f3n en barrio Sagrada Familia! La vivienda est\u00e1 distribuida en 4 dormitorios de los cuales 2 son dobles, sal\u00f3n comedor con acceso a un amplio balc\u00f3n, cocina office y 2 ba\u00f1os completos. Si bien el inmueble necesita actualizarse, tiene la&hellip;\" \/>\n<meta property=\"og:url\" content=\"https:\/\/onurbegrup.com\/en\/propiedad\/piso-de-103-m-en-barcelona\/\" \/>\n<meta property=\"og:site_name\" content=\"On Urbe\" \/>\n<meta name=\"twitter:card\" content=\"summary_large_image\" \/>\n<meta name=\"twitter:label1\" content=\"Est. reading time\" \/>\n\t<meta name=\"twitter:data1\" content=\"1 minute\" \/>\n<script type=\"application\/ld+json\" class=\"yoast-schema-graph\">{\"@context\":\"https:\\\/\\\/schema.org\",\"@graph\":[{\"@type\":\"WebPage\",\"@id\":\"https:\\\/\\\/onurbegrup.com\\\/en\\\/propiedad\\\/piso-de-103-m-en-barcelona\\\/\",\"url\":\"https:\\\/\\\/onurbegrup.com\\\/en\\\/propiedad\\\/piso-de-103-m-en-barcelona\\\/\",\"name\":\"Piso de 103 m\u00b2 en Barcelona - On Urbe\",\"isPartOf\":{\"@id\":\"https:\\\/\\\/onurbegrup.com\\\/#website\"},\"primaryImageOfPage\":{\"@id\":\"https:\\\/\\\/onurbegrup.com\\\/en\\\/propiedad\\\/piso-de-103-m-en-barcelona\\\/#primaryimage\"},\"image\":{\"@id\":\"https:\\\/\\\/onurbegrup.com\\\/en\\\/propiedad\\\/piso-de-103-m-en-barcelona\\\/#primaryimage\"},\"thumbnailUrl\":\"https:\\\/\\\/onurbegrup.com\\\/wp-content\\\/uploads\\\/2026\\\/06\\\/piso-de-103-m-en-barcelona-001-scaled.webp\",\"datePublished\":\"2026-06-30T15:14:26+00:00\",\"breadcrumb\":{\"@id\":\"https:\\\/\\\/onurbegrup.com\\\/en\\\/propiedad\\\/piso-de-103-m-en-barcelona\\\/#breadcrumb\"},\"inLanguage\":\"en-US\",\"potentialAction\":[{\"@type\":\"ReadAction\",\"target\":[\"https:\\\/\\\/onurbegrup.com\\\/en\\\/propiedad\\\/piso-de-103-m-en-barcelona\\\/\"]}]},{\"@type\":\"ImageObject\",\"inLanguage\":\"en-US\",\"@id\":\"https:\\\/\\\/onurbegrup.com\\\/en\\\/propiedad\\\/piso-de-103-m-en-barcelona\\\/#primaryimage\",\"url\":\"https:\\\/\\\/onurbegrup.com\\\/wp-content\\\/uploads\\\/2026\\\/06\\\/piso-de-103-m-en-barcelona-001-scaled.webp\",\"contentUrl\":\"https:\\\/\\\/onurbegrup.com\\\/wp-content\\\/uploads\\\/2026\\\/06\\\/piso-de-103-m-en-barcelona-001-scaled.webp\",\"width\":2560,\"height\":1920},{\"@type\":\"BreadcrumbList\",\"@id\":\"https:\\\/\\\/onurbegrup.com\\\/en\\\/propiedad\\\/piso-de-103-m-en-barcelona\\\/#breadcrumb\",\"itemListElement\":[{\"@type\":\"ListItem\",\"position\":1,\"name\":\"Home\",\"item\":\"https:\\\/\\\/onurbegrup.com\\\/en\\\/\"},{\"@type\":\"ListItem\",\"position\":2,\"name\":\"Propiedades\",\"item\":\"https:\\\/\\\/onurbegrup.com\\\/propiedades\\\/\"},{\"@type\":\"ListItem\",\"position\":3,\"name\":\"Piso de 103 m\u00b2 en Barcelona\"}]},{\"@type\":\"WebSite\",\"@id\":\"https:\\\/\\\/onurbegrup.com\\\/#website\",\"url\":\"https:\\\/\\\/onurbegrup.com\\\/\",\"name\":\"On Urbe\",\"description\":\"Grup immobiliari\",\"publisher\":{\"@id\":\"https:\\\/\\\/onurbegrup.com\\\/#organization\"},\"potentialAction\":[{\"@type\":\"SearchAction\",\"target\":{\"@type\":\"EntryPoint\",\"urlTemplate\":\"https:\\\/\\\/onurbegrup.com\\\/?s={search_term_string}\"},\"query-input\":{\"@type\":\"PropertyValueSpecification\",\"valueRequired\":true,\"valueName\":\"search_term_string\"}}],\"inLanguage\":\"en-US\"},{\"@type\":\"Organization\",\"@id\":\"https:\\\/\\\/onurbegrup.com\\\/#organization\",\"name\":\"On Urbe\",\"url\":\"https:\\\/\\\/onurbegrup.com\\\/\",\"logo\":{\"@type\":\"ImageObject\",\"inLanguage\":\"en-US\",\"@id\":\"https:\\\/\\\/onurbegrup.com\\\/#\\\/schema\\\/logo\\\/image\\\/\",\"url\":\"https:\\\/\\\/onurbegrup.com\\\/wp-content\\\/uploads\\\/2026\\\/06\\\/logo.png\",\"contentUrl\":\"https:\\\/\\\/onurbegrup.com\\\/wp-content\\\/uploads\\\/2026\\\/06\\\/logo.png\",\"width\":988,\"height\":241,\"caption\":\"On Urbe\"},\"image\":{\"@id\":\"https:\\\/\\\/onurbegrup.com\\\/#\\\/schema\\\/logo\\\/image\\\/\"}}]}<\/script>\n<!-- \/ Yoast SEO plugin. -->","yoast_head_json":{"title":"Piso de 103 m\u00b2 en Barcelona - On Urbe","robots":{"index":"index","follow":"follow","max-snippet":"max-snippet:-1","max-image-preview":"max-image-preview:large","max-video-preview":"max-video-preview:-1"},"canonical":"https:\/\/onurbegrup.com\/en\/propiedad\/piso-de-103-m-en-barcelona\/","og_locale":"en_US","og_type":"article","og_title":"Piso de 103 m\u00b2 en Barcelona - On Urbe","og_description":"Piso de 103 m\u00b2 en una 4\u00aa con ascensor 4 habitaciones, 2 ba\u00f1os completos y balc\u00f3n en barrio Sagrada Familia! La vivienda est\u00e1 distribuida en 4 dormitorios de los cuales 2 son dobles, sal\u00f3n comedor con acceso a un amplio balc\u00f3n, cocina office y 2 ba\u00f1os completos. Si bien el inmueble necesita actualizarse, tiene la&hellip;","og_url":"https:\/\/onurbegrup.com\/en\/propiedad\/piso-de-103-m-en-barcelona\/","og_site_name":"On Urbe","twitter_card":"summary_large_image","twitter_misc":{"Est. reading time":"1 minute"},"schema":{"@context":"https:\/\/schema.org","@graph":[{"@type":"WebPage","@id":"https:\/\/onurbegrup.com\/en\/propiedad\/piso-de-103-m-en-barcelona\/","url":"https:\/\/onurbegrup.com\/en\/propiedad\/piso-de-103-m-en-barcelona\/","name":"Piso de 103 m\u00b2 en Barcelona - On Urbe","isPartOf":{"@id":"https:\/\/onurbegrup.com\/#website"},"primaryImageOfPage":{"@id":"https:\/\/onurbegrup.com\/en\/propiedad\/piso-de-103-m-en-barcelona\/#primaryimage"},"image":{"@id":"https:\/\/onurbegrup.com\/en\/propiedad\/piso-de-103-m-en-barcelona\/#primaryimage"},"thumbnailUrl":"https:\/\/onurbegrup.com\/wp-content\/uploads\/2026\/06\/piso-de-103-m-en-barcelona-001-scaled.webp","datePublished":"2026-06-30T15:14:26+00:00","breadcrumb":{"@id":"https:\/\/onurbegrup.com\/en\/propiedad\/piso-de-103-m-en-barcelona\/#breadcrumb"},"inLanguage":"en-US","potentialAction":[{"@type":"ReadAction","target":["https:\/\/onurbegrup.com\/en\/propiedad\/piso-de-103-m-en-barcelona\/"]}]},{"@type":"ImageObject","inLanguage":"en-US","@id":"https:\/\/onurbegrup.com\/en\/propiedad\/piso-de-103-m-en-barcelona\/#primaryimage","url":"https:\/\/onurbegrup.com\/wp-content\/uploads\/2026\/06\/piso-de-103-m-en-barcelona-001-scaled.webp","contentUrl":"https:\/\/onurbegrup.com\/wp-content\/uploads\/2026\/06\/piso-de-103-m-en-barcelona-001-scaled.webp","width":2560,"height":1920},{"@type":"BreadcrumbList","@id":"https:\/\/onurbegrup.com\/en\/propiedad\/piso-de-103-m-en-barcelona\/#breadcrumb","itemListElement":[{"@type":"ListItem","position":1,"name":"Home","item":"https:\/\/onurbegrup.com\/en\/"},{"@type":"ListItem","position":2,"name":"Propiedades","item":"https:\/\/onurbegrup.com\/propiedades\/"},{"@type":"ListItem","position":3,"name":"Piso de 103 m\u00b2 en Barcelona"}]},{"@type":"WebSite","@id":"https:\/\/onurbegrup.com\/#website","url":"https:\/\/onurbegrup.com\/","name":"On Urbe","description":"Grup immobiliari","publisher":{"@id":"https:\/\/onurbegrup.com\/#organization"},"potentialAction":[{"@type":"SearchAction","target":{"@type":"EntryPoint","urlTemplate":"https:\/\/onurbegrup.com\/?s={search_term_string}"},"query-input":{"@type":"PropertyValueSpecification","valueRequired":true,"valueName":"search_term_string"}}],"inLanguage":"en-US"},{"@type":"Organization","@id":"https:\/\/onurbegrup.com\/#organization","name":"On Urbe","url":"https:\/\/onurbegrup.com\/","logo":{"@type":"ImageObject","inLanguage":"en-US","@id":"https:\/\/onurbegrup.com\/#\/schema\/logo\/image\/","url":"https:\/\/onurbegrup.com\/wp-content\/uploads\/2026\/06\/logo.png","contentUrl":"https:\/\/onurbegrup.com\/wp-content\/uploads\/2026\/06\/logo.png","width":988,"height":241,"caption":"On Urbe"},"image":{"@id":"https:\/\/onurbegrup.com\/#\/schema\/logo\/image\/"}}]}},"_links":{"self":[{"href":"https:\/\/onurbegrup.com\/en\/wp-json\/wp\/v2\/propiedad\/9253","targetHints":{"allow":["GET"]}}],"collection":[{"href":"https:\/\/onurbegrup.com\/en\/wp-json\/wp\/v2\/propiedad"}],"about":[{"href":"https:\/\/onurbegrup.com\/en\/wp-json\/wp\/v2\/types\/propiedad"}],"wp:featuredmedia":[{"embeddable":true,"href":"https:\/\/onurbegrup.com\/en\/wp-json\/wp\/v2\/media\/9254"}],"wp:attachment":[{"href":"https:\/\/onurbegrup.com\/en\/wp-json\/wp\/v2\/media?parent=9253"}],"wp:term":[{"taxonomy":"operacion","embeddable":true,"href":"https:\/\/onurbegrup.com\/en\/wp-json\/wp\/v2\/operacion?post=9253"},{"taxonomy":"poblacion","embeddable":true,"href":"https:\/\/onurbegrup.com\/en\/wp-json\/wp\/v2\/poblacion?post=9253"},{"taxonomy":"subzona","embeddable":true,"href":"https:\/\/onurbegrup.com\/en\/wp-json\/wp\/v2\/subzona?post=9253"},{"taxonomy":"tipo-de-inmueble","embeddable":true,"href":"https:\/\/onurbegrup.com\/en\/wp-json\/wp\/v2\/tipo-de-inmueble?post=9253"},{"taxonomy":"zona","embeddable":true,"href":"https:\/\/onurbegrup.com\/en\/wp-json\/wp\/v2\/zona?post=9253"}],"curies":[{"name":"wp","href":"https:\/\/api.w.org\/{rel}","templated":true}]}}

<p>Piso de 103 m² en una 4ª con ascensor 4 habitaciones, 2 baños completos y balcón en barrio Sagrada Familia! La vivienda está distribuida en 4 dormitorios de los cuales 2 son dobles, salón comedor con acceso a un amplio balcón, cocina office y 2 baños completos. Si bien el inmueble necesita actualizarse, tiene la posibilidad de adaptarse a la distribución que más te guste. La ubicación es ideal ya que está rodeada de comercios imprescindibles para el día a día como supermercados, restaurantes, bicing, farmacias, etc. Se encuentra a una calle de La Sagrada Familia comunicado por Linea 2 y Linea 5 de metro, paradas de buses y más</p>

<!-- This site is optimized with the Yoast SEO plugin v27.9 - https://yoast.com/product/yoast-seo-wordpress/ -->
<title>Piso de 103 m² en Barcelona - On Urbe</title>
<meta name="robots" content="index, follow, max-snippet:-1, max-image-preview:large, max-video-preview:-1" />
<link rel="canonical" href="https://onurbegrup.com/en/propiedad/piso-de-103-m-en-barcelona/" />
<meta property="og:locale" content="en_US" />
<meta property="og:type" content="article" />
<meta property="og:title" content="Piso de 103 m² en Barcelona - On Urbe" />
<meta property="og:description" content="Piso de 103 m² en una 4ª con ascensor 4 habitaciones, 2 baños completos y balcón en barrio Sagrada Familia! La vivienda está distribuida en 4 dormitorios de los cuales 2 son dobles, salón comedor con acceso a un amplio balcón, cocina office y 2 baños completos. Si bien el inmueble necesita actualizarse, tiene la&hellip;" />
<meta property="og:url" content="https://onurbegrup.com/en/propiedad/piso-de-103-m-en-barcelona/" />
<meta property="og:site_name" content="On Urbe" />
<meta name="twitter:card" content="summary_large_image" />
<meta name="twitter:label1" content="Est. reading time" />
	<meta name="twitter:data1" content="1 minute" />
<script type="application/ld+json" class="yoast-schema-graph">{"@context":"https:\/\/schema.org","@graph":[{"@type":"WebPage","@id":"https:\/\/onurbegrup.com\/en\/propiedad\/piso-de-103-m-en-barcelona\/","url":"https:\/\/onurbegrup.com\/en\/propiedad\/piso-de-103-m-en-barcelona\/","name":"Piso de 103 m² en Barcelona - On Urbe","isPartOf":{"@id":"https:\/\/onurbegrup.com\/#website"},"primaryImageOfPage":{"@id":"https:\/\/onurbegrup.com\/en\/propiedad\/piso-de-103-m-en-barcelona\/#primaryimage"},"image":{"@id":"https:\/\/onurbegrup.com\/en\/propiedad\/piso-de-103-m-en-barcelona\/#primaryimage"},"thumbnailUrl":"https:\/\/onurbegrup.com\/wp-content\/uploads\/2026\/06\/piso-de-103-m-en-barcelona-001-scaled.webp","datePublished":"2026-06-30T15:14:26+00:00","breadcrumb":{"@id":"https:\/\/onurbegrup.com\/en\/propiedad\/piso-de-103-m-en-barcelona\/#breadcrumb"},"inLanguage":"en-US","potentialAction":[{"@type":"ReadAction","target":["https:\/\/onurbegrup.com\/en\/propiedad\/piso-de-103-m-en-barcelona\/"]}]},{"@type":"ImageObject","inLanguage":"en-US","@id":"https:\/\/onurbegrup.com\/en\/propiedad\/piso-de-103-m-en-barcelona\/#primaryimage","url":"https:\/\/onurbegrup.com\/wp-content\/uploads\/2026\/06\/piso-de-103-m-en-barcelona-001-scaled.webp","contentUrl":"https:\/\/onurbegrup.com\/wp-content\/uploads\/2026\/06\/piso-de-103-m-en-barcelona-001-scaled.webp","width":2560,"height":1920},{"@type":"BreadcrumbList","@id":"https:\/\/onurbegrup.com\/en\/propiedad\/piso-de-103-m-en-barcelona\/#breadcrumb","itemListElement":[{"@type":"ListItem","position":1,"name":"Home","item":"https:\/\/onurbegrup.com\/en\/"},{"@type":"ListItem","position":2,"name":"Propiedades","item":"https:\/\/onurbegrup.com\/propiedades\/"},{"@type":"ListItem","position":3,"name":"Piso de 103 m² en Barcelona"}]},{"@type":"WebSite","@id":"https:\/\/onurbegrup.com\/#website","url":"https:\/\/onurbegrup.com\/","name":"On Urbe","description":"Grup immobiliari","publisher":{"@id":"https:\/\/onurbegrup.com\/#organization"},"potentialAction":[{"@type":"SearchAction","target":{"@type":"EntryPoint","urlTemplate":"https:\/\/onurbegrup.com\/?s={search_term_string}"},"query-input":{"@type":"PropertyValueSpecification","valueRequired":true,"valueName":"search_term_string"}}],"inLanguage":"en-US"},{"@type":"Organization","@id":"https:\/\/onurbegrup.com\/#organization","name":"On Urbe","url":"https:\/\/onurbegrup.com\/","logo":{"@type":"ImageObject","inLanguage":"en-US","@id":"https:\/\/onurbegrup.com\/#\/schema\/logo\/image\/","url":"https:\/\/onurbegrup.com\/wp-content\/uploads\/2026\/06\/logo.png","contentUrl":"https:\/\/onurbegrup.com\/wp-content\/uploads\/2026\/06\/logo.png","width":988,"height":241,"caption":"On Urbe"},"image":{"@id":"https:\/\/onurbegrup.com\/#\/schema\/logo\/image\/"}}]}</script>
<!-- / Yoast SEO plugin. -->

Piso de 103 m² en una 4ª con ascensor 4 habitaciones, 2 baños completos y balcón en barrio Sagrada Familia! La vivienda está distribuida en 4 dormitorios de los cuales 2 son dobles, salón comedor con acceso a un amplio balcón, cocina office y 2 baños completos. Si bien el inmueble necesita actualizarse, tiene la&hellip;
