{"id":10737,"date":"2026-09-02T08:23:29","date_gmt":"2026-09-02T08:23:29","guid":{"rendered":"https:\/\/onurbegrup.com\/propiedad\/onurbe-grup-i-piso-en-venta-en-badalona\/"},"modified":"2026-09-02T08:43:24","modified_gmt":"2026-09-02T08:43:24","slug":"onurbe-grup-i-piso-en-venta-en-badalona","status":"publish","type":"propiedad","link":"https:\/\/onurbegrup.com\/es\/propiedad\/onurbe-grup-i-piso-en-venta-en-badalona\/","title":{"rendered":"ONURBE GRUP I PISO EN VENTA EN BADALONA"},"content":{"rendered":"<p>\u00a1 Piso de 70m\u00b2 muy luminoso con terraza listo para entrar a vivir ubicado en una finca familar en el coraz\u00f3n del barrio Coll i Pujol!El inmueble se distribuye en 3 dormitorios ( 2 dobles y otro mediano ), 1 ba\u00f1os completo, cocina independiente y un amplio y soleado sal\u00f3n comedor con salida directa a una terraza privada de 23m\u00b2.Al estar orientdo al sureste, nos permite disfrutar de sol directo des de primera hora de la ma\u00f1ana y luz natural durante todo el d\u00eda.El inmueble tambi\u00e9n dispone de calefacci\u00f3n de gas a radiadores y ventiladores de techo en todas la estancias, suelos de parquet y carpinter\u00edas de aluminio y doble cristal.En cuanto a la finca, se encuentra en perfecto estado con el Informe T\u00e9cnico de Edificios \u00abITE\u00bbpasado recientemente de forma favorable.Ubicado en una tranquila zona residencial a tan solo 7 minutos de la Linia 2 y a menos de 1 minuto de las principales linias de autobus, el inmueble se encuentra muy bien comunicada, adem\u00e1s de encontrarse cerca de colegios e insitutos, CAP, supermercados y todos los servicios necesarios para el d\u00eda a d\u00eda.Cont\u00e1ctanos para fijar una visita.<\/p>\n","protected":false},"featured_media":10722,"template":"","meta":{"_acf_changed":false,"_joinchat":[]},"operacion":[105],"poblacion":[189],"subzona":[],"tipo-de-inmueble":[171],"zona":[249],"class_list":["post-10737","propiedad","type-propiedad","status-publish","has-post-thumbnail","hentry","operacion-venta","poblacion-badalona","tipo-de-inmueble-pisos","zona-coll-i-pujol","entry","has-media"],"acf":[],"yoast_head":"<!-- This site is optimized with the Yoast SEO plugin v27.9 - https:\/\/yoast.com\/product\/yoast-seo-wordpress\/ -->\n<title>ONURBE GRUP I PISO EN VENTA EN BADALONA - On Urbe<\/title>\n<meta name=\"robots\" content=\"index, follow, max-snippet:-1, max-image-preview:large, max-video-preview:-1\" \/>\n<link rel=\"canonical\" href=\"https:\/\/onurbegrup.com\/es\/propiedad\/onurbe-grup-i-piso-en-venta-en-badalona\/\" \/>\n<meta property=\"og:locale\" content=\"es_ES\" \/>\n<meta property=\"og:type\" content=\"article\" \/>\n<meta property=\"og:title\" content=\"ONURBE GRUP I PISO EN VENTA EN BADALONA - On Urbe\" \/>\n<meta property=\"og:description\" content=\"\u00a1 Piso de 70m\u00b2 muy luminoso con terraza listo para entrar a vivir ubicado en una finca familar en el coraz\u00f3n del barrio Coll i Pujol!El inmueble se distribuye en 3 dormitorios ( 2 dobles y otro mediano ), 1 ba\u00f1os completo, cocina independiente y un amplio y soleado sal\u00f3n comedor con salida directa a&hellip;\" \/>\n<meta property=\"og:url\" content=\"https:\/\/onurbegrup.com\/es\/propiedad\/onurbe-grup-i-piso-en-venta-en-badalona\/\" \/>\n<meta property=\"og:site_name\" content=\"On Urbe\" \/>\n<meta property=\"article:modified_time\" content=\"2026-09-02T08:43:24+00:00\" \/>\n<meta property=\"og:image\" content=\"https:\/\/onurbegrup.com\/wp-content\/uploads\/2026\/09\/28101594.jpg\" \/>\n\t<meta property=\"og:image:width\" content=\"1600\" \/>\n\t<meta property=\"og:image:height\" content=\"1200\" \/>\n\t<meta property=\"og:image:type\" content=\"image\/jpeg\" \/>\n<meta name=\"twitter:card\" content=\"summary_large_image\" \/>\n<meta name=\"twitter:label1\" content=\"Tiempo de lectura\" \/>\n\t<meta name=\"twitter:data1\" content=\"1 minuto\" \/>\n<script type=\"application\/ld+json\" class=\"yoast-schema-graph\">{\"@context\":\"https:\\\/\\\/schema.org\",\"@graph\":[{\"@type\":\"WebPage\",\"@id\":\"https:\\\/\\\/onurbegrup.com\\\/es\\\/propiedad\\\/onurbe-grup-i-piso-en-venta-en-badalona\\\/\",\"url\":\"https:\\\/\\\/onurbegrup.com\\\/es\\\/propiedad\\\/onurbe-grup-i-piso-en-venta-en-badalona\\\/\",\"name\":\"ONURBE GRUP I PISO EN VENTA EN BADALONA - On Urbe\",\"isPartOf\":{\"@id\":\"https:\\\/\\\/onurbegrup.com\\\/#website\"},\"primaryImageOfPage\":{\"@id\":\"https:\\\/\\\/onurbegrup.com\\\/es\\\/propiedad\\\/onurbe-grup-i-piso-en-venta-en-badalona\\\/#primaryimage\"},\"image\":{\"@id\":\"https:\\\/\\\/onurbegrup.com\\\/es\\\/propiedad\\\/onurbe-grup-i-piso-en-venta-en-badalona\\\/#primaryimage\"},\"thumbnailUrl\":\"https:\\\/\\\/onurbegrup.com\\\/wp-content\\\/uploads\\\/2026\\\/09\\\/28101594.jpg\",\"datePublished\":\"2026-09-02T08:23:29+00:00\",\"dateModified\":\"2026-09-02T08:43:24+00:00\",\"breadcrumb\":{\"@id\":\"https:\\\/\\\/onurbegrup.com\\\/es\\\/propiedad\\\/onurbe-grup-i-piso-en-venta-en-badalona\\\/#breadcrumb\"},\"inLanguage\":\"es\",\"potentialAction\":[{\"@type\":\"ReadAction\",\"target\":[\"https:\\\/\\\/onurbegrup.com\\\/es\\\/propiedad\\\/onurbe-grup-i-piso-en-venta-en-badalona\\\/\"]}]},{\"@type\":\"ImageObject\",\"inLanguage\":\"es\",\"@id\":\"https:\\\/\\\/onurbegrup.com\\\/es\\\/propiedad\\\/onurbe-grup-i-piso-en-venta-en-badalona\\\/#primaryimage\",\"url\":\"https:\\\/\\\/onurbegrup.com\\\/wp-content\\\/uploads\\\/2026\\\/09\\\/28101594.jpg\",\"contentUrl\":\"https:\\\/\\\/onurbegrup.com\\\/wp-content\\\/uploads\\\/2026\\\/09\\\/28101594.jpg\",\"width\":1600,\"height\":1200},{\"@type\":\"BreadcrumbList\",\"@id\":\"https:\\\/\\\/onurbegrup.com\\\/es\\\/propiedad\\\/onurbe-grup-i-piso-en-venta-en-badalona\\\/#breadcrumb\",\"itemListElement\":[{\"@type\":\"ListItem\",\"position\":1,\"name\":\"Home\",\"item\":\"https:\\\/\\\/onurbegrup.com\\\/es\\\/\"},{\"@type\":\"ListItem\",\"position\":2,\"name\":\"Propiedades\",\"item\":\"https:\\\/\\\/onurbegrup.com\\\/propiedades\\\/\"},{\"@type\":\"ListItem\",\"position\":3,\"name\":\"ONURBE GRUP I PISO EN VENTA EN BADALONA\"}]},{\"@type\":\"WebSite\",\"@id\":\"https:\\\/\\\/onurbegrup.com\\\/#website\",\"url\":\"https:\\\/\\\/onurbegrup.com\\\/\",\"name\":\"On Urbe\",\"description\":\"Grup immobiliari\",\"publisher\":{\"@id\":\"https:\\\/\\\/onurbegrup.com\\\/#organization\"},\"potentialAction\":[{\"@type\":\"SearchAction\",\"target\":{\"@type\":\"EntryPoint\",\"urlTemplate\":\"https:\\\/\\\/onurbegrup.com\\\/?s={search_term_string}\"},\"query-input\":{\"@type\":\"PropertyValueSpecification\",\"valueRequired\":true,\"valueName\":\"search_term_string\"}}],\"inLanguage\":\"es\"},{\"@type\":\"Organization\",\"@id\":\"https:\\\/\\\/onurbegrup.com\\\/#organization\",\"name\":\"On Urbe\",\"url\":\"https:\\\/\\\/onurbegrup.com\\\/\",\"logo\":{\"@type\":\"ImageObject\",\"inLanguage\":\"es\",\"@id\":\"https:\\\/\\\/onurbegrup.com\\\/#\\\/schema\\\/logo\\\/image\\\/\",\"url\":\"https:\\\/\\\/onurbegrup.com\\\/wp-content\\\/uploads\\\/2026\\\/06\\\/logo.png\",\"contentUrl\":\"https:\\\/\\\/onurbegrup.com\\\/wp-content\\\/uploads\\\/2026\\\/06\\\/logo.png\",\"width\":988,\"height\":241,\"caption\":\"On Urbe\"},\"image\":{\"@id\":\"https:\\\/\\\/onurbegrup.com\\\/#\\\/schema\\\/logo\\\/image\\\/\"}}]}<\/script>\n<!-- \/ Yoast SEO plugin. -->","yoast_head_json":{"title":"ONURBE GRUP I PISO EN VENTA EN BADALONA - On Urbe","robots":{"index":"index","follow":"follow","max-snippet":"max-snippet:-1","max-image-preview":"max-image-preview:large","max-video-preview":"max-video-preview:-1"},"canonical":"https:\/\/onurbegrup.com\/es\/propiedad\/onurbe-grup-i-piso-en-venta-en-badalona\/","og_locale":"es_ES","og_type":"article","og_title":"ONURBE GRUP I PISO EN VENTA EN BADALONA - On Urbe","og_description":"\u00a1 Piso de 70m\u00b2 muy luminoso con terraza listo para entrar a vivir ubicado en una finca familar en el coraz\u00f3n del barrio Coll i Pujol!El inmueble se distribuye en 3 dormitorios ( 2 dobles y otro mediano ), 1 ba\u00f1os completo, cocina independiente y un amplio y soleado sal\u00f3n comedor con salida directa a&hellip;","og_url":"https:\/\/onurbegrup.com\/es\/propiedad\/onurbe-grup-i-piso-en-venta-en-badalona\/","og_site_name":"On Urbe","article_modified_time":"2026-09-02T08:43:24+00:00","og_image":[{"width":1600,"height":1200,"url":"https:\/\/onurbegrup.com\/wp-content\/uploads\/2026\/09\/28101594.jpg","type":"image\/jpeg"}],"twitter_card":"summary_large_image","twitter_misc":{"Tiempo de lectura":"1 minuto"},"schema":{"@context":"https:\/\/schema.org","@graph":[{"@type":"WebPage","@id":"https:\/\/onurbegrup.com\/es\/propiedad\/onurbe-grup-i-piso-en-venta-en-badalona\/","url":"https:\/\/onurbegrup.com\/es\/propiedad\/onurbe-grup-i-piso-en-venta-en-badalona\/","name":"ONURBE GRUP I PISO EN VENTA EN BADALONA - On Urbe","isPartOf":{"@id":"https:\/\/onurbegrup.com\/#website"},"primaryImageOfPage":{"@id":"https:\/\/onurbegrup.com\/es\/propiedad\/onurbe-grup-i-piso-en-venta-en-badalona\/#primaryimage"},"image":{"@id":"https:\/\/onurbegrup.com\/es\/propiedad\/onurbe-grup-i-piso-en-venta-en-badalona\/#primaryimage"},"thumbnailUrl":"https:\/\/onurbegrup.com\/wp-content\/uploads\/2026\/09\/28101594.jpg","datePublished":"2026-09-02T08:23:29+00:00","dateModified":"2026-09-02T08:43:24+00:00","breadcrumb":{"@id":"https:\/\/onurbegrup.com\/es\/propiedad\/onurbe-grup-i-piso-en-venta-en-badalona\/#breadcrumb"},"inLanguage":"es","potentialAction":[{"@type":"ReadAction","target":["https:\/\/onurbegrup.com\/es\/propiedad\/onurbe-grup-i-piso-en-venta-en-badalona\/"]}]},{"@type":"ImageObject","inLanguage":"es","@id":"https:\/\/onurbegrup.com\/es\/propiedad\/onurbe-grup-i-piso-en-venta-en-badalona\/#primaryimage","url":"https:\/\/onurbegrup.com\/wp-content\/uploads\/2026\/09\/28101594.jpg","contentUrl":"https:\/\/onurbegrup.com\/wp-content\/uploads\/2026\/09\/28101594.jpg","width":1600,"height":1200},{"@type":"BreadcrumbList","@id":"https:\/\/onurbegrup.com\/es\/propiedad\/onurbe-grup-i-piso-en-venta-en-badalona\/#breadcrumb","itemListElement":[{"@type":"ListItem","position":1,"name":"Home","item":"https:\/\/onurbegrup.com\/es\/"},{"@type":"ListItem","position":2,"name":"Propiedades","item":"https:\/\/onurbegrup.com\/propiedades\/"},{"@type":"ListItem","position":3,"name":"ONURBE GRUP I PISO EN VENTA EN BADALONA"}]},{"@type":"WebSite","@id":"https:\/\/onurbegrup.com\/#website","url":"https:\/\/onurbegrup.com\/","name":"On Urbe","description":"Grup immobiliari","publisher":{"@id":"https:\/\/onurbegrup.com\/#organization"},"potentialAction":[{"@type":"SearchAction","target":{"@type":"EntryPoint","urlTemplate":"https:\/\/onurbegrup.com\/?s={search_term_string}"},"query-input":{"@type":"PropertyValueSpecification","valueRequired":true,"valueName":"search_term_string"}}],"inLanguage":"es"},{"@type":"Organization","@id":"https:\/\/onurbegrup.com\/#organization","name":"On Urbe","url":"https:\/\/onurbegrup.com\/","logo":{"@type":"ImageObject","inLanguage":"es","@id":"https:\/\/onurbegrup.com\/#\/schema\/logo\/image\/","url":"https:\/\/onurbegrup.com\/wp-content\/uploads\/2026\/06\/logo.png","contentUrl":"https:\/\/onurbegrup.com\/wp-content\/uploads\/2026\/06\/logo.png","width":988,"height":241,"caption":"On Urbe"},"image":{"@id":"https:\/\/onurbegrup.com\/#\/schema\/logo\/image\/"}}]}},"_links":{"self":[{"href":"https:\/\/onurbegrup.com\/es\/wp-json\/wp\/v2\/propiedad\/10737","targetHints":{"allow":["GET"]}}],"collection":[{"href":"https:\/\/onurbegrup.com\/es\/wp-json\/wp\/v2\/propiedad"}],"about":[{"href":"https:\/\/onurbegrup.com\/es\/wp-json\/wp\/v2\/types\/propiedad"}],"wp:featuredmedia":[{"embeddable":true,"href":"https:\/\/onurbegrup.com\/es\/wp-json\/wp\/v2\/media\/10722"}],"wp:attachment":[{"href":"https:\/\/onurbegrup.com\/es\/wp-json\/wp\/v2\/media?parent=10737"}],"wp:term":[{"taxonomy":"operacion","embeddable":true,"href":"https:\/\/onurbegrup.com\/es\/wp-json\/wp\/v2\/operacion?post=10737"},{"taxonomy":"poblacion","embeddable":true,"href":"https:\/\/onurbegrup.com\/es\/wp-json\/wp\/v2\/poblacion?post=10737"},{"taxonomy":"subzona","embeddable":true,"href":"https:\/\/onurbegrup.com\/es\/wp-json\/wp\/v2\/subzona?post=10737"},{"taxonomy":"tipo-de-inmueble","embeddable":true,"href":"https:\/\/onurbegrup.com\/es\/wp-json\/wp\/v2\/tipo-de-inmueble?post=10737"},{"taxonomy":"zona","embeddable":true,"href":"https:\/\/onurbegrup.com\/es\/wp-json\/wp\/v2\/zona?post=10737"}],"curies":[{"name":"wp","href":"https:\/\/api.w.org\/{rel}","templated":true}]}}

<p>¡ Piso de 70m² muy luminoso con terraza listo para entrar a vivir ubicado en una finca familar en el corazón del barrio Coll i Pujol!El inmueble se distribuye en 3 dormitorios ( 2 dobles y otro mediano ), 1 baños completo, cocina independiente y un amplio y soleado salón comedor con salida directa a una terraza privada de 23m².Al estar orientdo al sureste, nos permite disfrutar de sol directo des de primera hora de la mañana y luz natural durante todo el día.El inmueble también dispone de calefacción de gas a radiadores y ventiladores de techo en todas la estancias, suelos de parquet y carpinterías de aluminio y doble cristal.En cuanto a la finca, se encuentra en perfecto estado con el Informe Técnico de Edificios «ITE»pasado recientemente de forma favorable.Ubicado en una tranquila zona residencial a tan solo 7 minutos de la Linia 2 y a menos de 1 minuto de las principales linias de autobus, el inmueble se encuentra muy bien comunicada, además de encontrarse cerca de colegios e insitutos, CAP, supermercados y todos los servicios necesarios para el día a día.Contáctanos para fijar una visita.</p>

<!-- This site is optimized with the Yoast SEO plugin v27.9 - https://yoast.com/product/yoast-seo-wordpress/ -->
<title>ONURBE GRUP I PISO EN VENTA EN BADALONA - On Urbe</title>
<meta name="robots" content="index, follow, max-snippet:-1, max-image-preview:large, max-video-preview:-1" />
<link rel="canonical" href="https://onurbegrup.com/es/propiedad/onurbe-grup-i-piso-en-venta-en-badalona/" />
<meta property="og:locale" content="es_ES" />
<meta property="og:type" content="article" />
<meta property="og:title" content="ONURBE GRUP I PISO EN VENTA EN BADALONA - On Urbe" />
<meta property="og:description" content="¡ Piso de 70m² muy luminoso con terraza listo para entrar a vivir ubicado en una finca familar en el corazón del barrio Coll i Pujol!El inmueble se distribuye en 3 dormitorios ( 2 dobles y otro mediano ), 1 baños completo, cocina independiente y un amplio y soleado salón comedor con salida directa a&hellip;" />
<meta property="og:url" content="https://onurbegrup.com/es/propiedad/onurbe-grup-i-piso-en-venta-en-badalona/" />
<meta property="og:site_name" content="On Urbe" />
<meta property="article:modified_time" content="2026-09-02T08:43:24+00:00" />
<meta property="og:image" content="https://onurbegrup.com/wp-content/uploads/2026/09/28101594.jpg" />
	<meta property="og:image:width" content="1600" />
	<meta property="og:image:height" content="1200" />
	<meta property="og:image:type" content="image/jpeg" />
<meta name="twitter:card" content="summary_large_image" />
<meta name="twitter:label1" content="Tiempo de lectura" />
	<meta name="twitter:data1" content="1 minuto" />
<script type="application/ld+json" class="yoast-schema-graph">{"@context":"https:\/\/schema.org","@graph":[{"@type":"WebPage","@id":"https:\/\/onurbegrup.com\/es\/propiedad\/onurbe-grup-i-piso-en-venta-en-badalona\/","url":"https:\/\/onurbegrup.com\/es\/propiedad\/onurbe-grup-i-piso-en-venta-en-badalona\/","name":"ONURBE GRUP I PISO EN VENTA EN BADALONA - On Urbe","isPartOf":{"@id":"https:\/\/onurbegrup.com\/#website"},"primaryImageOfPage":{"@id":"https:\/\/onurbegrup.com\/es\/propiedad\/onurbe-grup-i-piso-en-venta-en-badalona\/#primaryimage"},"image":{"@id":"https:\/\/onurbegrup.com\/es\/propiedad\/onurbe-grup-i-piso-en-venta-en-badalona\/#primaryimage"},"thumbnailUrl":"https:\/\/onurbegrup.com\/wp-content\/uploads\/2026\/09\/28101594.jpg","datePublished":"2026-09-02T08:23:29+00:00","dateModified":"2026-09-02T08:43:24+00:00","breadcrumb":{"@id":"https:\/\/onurbegrup.com\/es\/propiedad\/onurbe-grup-i-piso-en-venta-en-badalona\/#breadcrumb"},"inLanguage":"es","potentialAction":[{"@type":"ReadAction","target":["https:\/\/onurbegrup.com\/es\/propiedad\/onurbe-grup-i-piso-en-venta-en-badalona\/"]}]},{"@type":"ImageObject","inLanguage":"es","@id":"https:\/\/onurbegrup.com\/es\/propiedad\/onurbe-grup-i-piso-en-venta-en-badalona\/#primaryimage","url":"https:\/\/onurbegrup.com\/wp-content\/uploads\/2026\/09\/28101594.jpg","contentUrl":"https:\/\/onurbegrup.com\/wp-content\/uploads\/2026\/09\/28101594.jpg","width":1600,"height":1200},{"@type":"BreadcrumbList","@id":"https:\/\/onurbegrup.com\/es\/propiedad\/onurbe-grup-i-piso-en-venta-en-badalona\/#breadcrumb","itemListElement":[{"@type":"ListItem","position":1,"name":"Home","item":"https:\/\/onurbegrup.com\/es\/"},{"@type":"ListItem","position":2,"name":"Propiedades","item":"https:\/\/onurbegrup.com\/propiedades\/"},{"@type":"ListItem","position":3,"name":"ONURBE GRUP I PISO EN VENTA EN BADALONA"}]},{"@type":"WebSite","@id":"https:\/\/onurbegrup.com\/#website","url":"https:\/\/onurbegrup.com\/","name":"On Urbe","description":"Grup immobiliari","publisher":{"@id":"https:\/\/onurbegrup.com\/#organization"},"potentialAction":[{"@type":"SearchAction","target":{"@type":"EntryPoint","urlTemplate":"https:\/\/onurbegrup.com\/?s={search_term_string}"},"query-input":{"@type":"PropertyValueSpecification","valueRequired":true,"valueName":"search_term_string"}}],"inLanguage":"es"},{"@type":"Organization","@id":"https:\/\/onurbegrup.com\/#organization","name":"On Urbe","url":"https:\/\/onurbegrup.com\/","logo":{"@type":"ImageObject","inLanguage":"es","@id":"https:\/\/onurbegrup.com\/#\/schema\/logo\/image\/","url":"https:\/\/onurbegrup.com\/wp-content\/uploads\/2026\/06\/logo.png","contentUrl":"https:\/\/onurbegrup.com\/wp-content\/uploads\/2026\/06\/logo.png","width":988,"height":241,"caption":"On Urbe"},"image":{"@id":"https:\/\/onurbegrup.com\/#\/schema\/logo\/image\/"}}]}</script>
<!-- / Yoast SEO plugin. -->

¡ Piso de 70m² muy luminoso con terraza listo para entrar a vivir ubicado en una finca familar en el corazón del barrio Coll i Pujol!El inmueble se distribuye en 3 dormitorios ( 2 dobles y otro mediano ), 1 baños completo, cocina independiente y un amplio y soleado salón comedor con salida directa a&hellip;
