{"id":10777,"date":"2026-09-02T08:24:16","date_gmt":"2026-09-02T08:24:16","guid":{"rendered":"https:\/\/onurbegrup.com\/propiedad\/onurbe-grup-planta-baja-en-alquiler-en-barceloneta-2\/"},"modified":"2026-09-02T08:43:32","modified_gmt":"2026-09-02T08:43:32","slug":"onurbe-grup-planta-baja-en-alquiler-en-barceloneta-2","status":"publish","type":"propiedad","link":"https:\/\/onurbegrup.com\/es\/propiedad\/onurbe-grup-planta-baja-en-alquiler-en-barceloneta-2\/","title":{"rendered":"ONURBE GRUP | PLANTA BAJA EN ALQUILER EN BARCELONETA"},"content":{"rendered":"<p>Piso en alquiler en la Barceloneta, a metros de la playa, renta de larga estancia.Se alquila acogedor piso de 32 m\u00b2, situado en planta baja de una finca en el barrio de la Barceloneta, a pocos metros de la playa y en una ubicaci\u00f3n privilegiada, rodeada de comercios, servicios y transporte p\u00fablico.La vivienda se distribuye en:* Cocina-comedor.* Amplia habitaci\u00f3n doble, c\u00f3moda y luminosa.* Ba\u00f1o completo.El piso se alquila sin mobiliario, ofreciendo la posibilidad de adaptarlo y decorarlo al gusto del futuro inquilino.Una excelente oportunidad para quienes buscan disfrutar de la vida de barrio y de la cercan\u00eda al mar, en una de las zonas m\u00e1s emblem\u00e1ticas de Barcelona.<\/p>\n","protected":false},"featured_media":10770,"template":"","meta":{"_acf_changed":false,"_joinchat":[]},"operacion":[108],"poblacion":[106],"subzona":[225],"tipo-de-inmueble":[171],"zona":[226],"class_list":["post-10777","propiedad","type-propiedad","status-publish","has-post-thumbnail","hentry","operacion-alquiler","poblacion-barcelona","subzona-la-barceloneta","tipo-de-inmueble-pisos","zona-ciutat-vella","entry","has-media"],"acf":[],"yoast_head":"<!-- This site is optimized with the Yoast SEO plugin v27.9 - https:\/\/yoast.com\/product\/yoast-seo-wordpress\/ -->\n<title>ONURBE GRUP | PLANTA BAJA EN ALQUILER EN BARCELONETA - On Urbe<\/title>\n<meta name=\"robots\" content=\"index, follow, max-snippet:-1, max-image-preview:large, max-video-preview:-1\" \/>\n<link rel=\"canonical\" href=\"https:\/\/onurbegrup.com\/es\/propiedad\/onurbe-grup-planta-baja-en-alquiler-en-barceloneta-2\/\" \/>\n<meta property=\"og:locale\" content=\"es_ES\" \/>\n<meta property=\"og:type\" content=\"article\" \/>\n<meta property=\"og:title\" content=\"ONURBE GRUP | PLANTA BAJA EN ALQUILER EN BARCELONETA - On Urbe\" \/>\n<meta property=\"og:description\" content=\"Piso en alquiler en la Barceloneta, a metros de la playa, renta de larga estancia.Se alquila acogedor piso de 32 m\u00b2, situado en planta baja de una finca en el barrio de la Barceloneta, a pocos metros de la playa y en una ubicaci\u00f3n privilegiada, rodeada de comercios, servicios y transporte p\u00fablico.La vivienda se distribuye&hellip;\" \/>\n<meta property=\"og:url\" content=\"https:\/\/onurbegrup.com\/es\/propiedad\/onurbe-grup-planta-baja-en-alquiler-en-barceloneta-2\/\" \/>\n<meta property=\"og:site_name\" content=\"On Urbe\" \/>\n<meta property=\"article:modified_time\" content=\"2026-09-02T08:43:32+00:00\" \/>\n<meta property=\"og:image\" content=\"https:\/\/onurbegrup.com\/wp-content\/uploads\/2026\/09\/28036282.jpg\" \/>\n\t<meta property=\"og:image:width\" content=\"1600\" \/>\n\t<meta property=\"og:image:height\" content=\"1200\" \/>\n\t<meta property=\"og:image:type\" content=\"image\/jpeg\" \/>\n<meta name=\"twitter:card\" content=\"summary_large_image\" \/>\n<meta name=\"twitter:label1\" content=\"Tiempo de lectura\" \/>\n\t<meta name=\"twitter:data1\" content=\"1 minuto\" \/>\n<script type=\"application\/ld+json\" class=\"yoast-schema-graph\">{\"@context\":\"https:\\\/\\\/schema.org\",\"@graph\":[{\"@type\":\"WebPage\",\"@id\":\"https:\\\/\\\/onurbegrup.com\\\/es\\\/propiedad\\\/onurbe-grup-planta-baja-en-alquiler-en-barceloneta-2\\\/\",\"url\":\"https:\\\/\\\/onurbegrup.com\\\/es\\\/propiedad\\\/onurbe-grup-planta-baja-en-alquiler-en-barceloneta-2\\\/\",\"name\":\"ONURBE GRUP | PLANTA BAJA EN ALQUILER EN BARCELONETA - On Urbe\",\"isPartOf\":{\"@id\":\"https:\\\/\\\/onurbegrup.com\\\/#website\"},\"primaryImageOfPage\":{\"@id\":\"https:\\\/\\\/onurbegrup.com\\\/es\\\/propiedad\\\/onurbe-grup-planta-baja-en-alquiler-en-barceloneta-2\\\/#primaryimage\"},\"image\":{\"@id\":\"https:\\\/\\\/onurbegrup.com\\\/es\\\/propiedad\\\/onurbe-grup-planta-baja-en-alquiler-en-barceloneta-2\\\/#primaryimage\"},\"thumbnailUrl\":\"https:\\\/\\\/onurbegrup.com\\\/wp-content\\\/uploads\\\/2026\\\/09\\\/28036282.jpg\",\"datePublished\":\"2026-09-02T08:24:16+00:00\",\"dateModified\":\"2026-09-02T08:43:32+00:00\",\"breadcrumb\":{\"@id\":\"https:\\\/\\\/onurbegrup.com\\\/es\\\/propiedad\\\/onurbe-grup-planta-baja-en-alquiler-en-barceloneta-2\\\/#breadcrumb\"},\"inLanguage\":\"es\",\"potentialAction\":[{\"@type\":\"ReadAction\",\"target\":[\"https:\\\/\\\/onurbegrup.com\\\/es\\\/propiedad\\\/onurbe-grup-planta-baja-en-alquiler-en-barceloneta-2\\\/\"]}]},{\"@type\":\"ImageObject\",\"inLanguage\":\"es\",\"@id\":\"https:\\\/\\\/onurbegrup.com\\\/es\\\/propiedad\\\/onurbe-grup-planta-baja-en-alquiler-en-barceloneta-2\\\/#primaryimage\",\"url\":\"https:\\\/\\\/onurbegrup.com\\\/wp-content\\\/uploads\\\/2026\\\/09\\\/28036282.jpg\",\"contentUrl\":\"https:\\\/\\\/onurbegrup.com\\\/wp-content\\\/uploads\\\/2026\\\/09\\\/28036282.jpg\",\"width\":1600,\"height\":1200},{\"@type\":\"BreadcrumbList\",\"@id\":\"https:\\\/\\\/onurbegrup.com\\\/es\\\/propiedad\\\/onurbe-grup-planta-baja-en-alquiler-en-barceloneta-2\\\/#breadcrumb\",\"itemListElement\":[{\"@type\":\"ListItem\",\"position\":1,\"name\":\"Home\",\"item\":\"https:\\\/\\\/onurbegrup.com\\\/es\\\/\"},{\"@type\":\"ListItem\",\"position\":2,\"name\":\"Propiedades\",\"item\":\"https:\\\/\\\/onurbegrup.com\\\/propiedades\\\/\"},{\"@type\":\"ListItem\",\"position\":3,\"name\":\"ONURBE GRUP | PLANTA BAJA EN ALQUILER EN&hellip;\"}]},{\"@type\":\"WebSite\",\"@id\":\"https:\\\/\\\/onurbegrup.com\\\/#website\",\"url\":\"https:\\\/\\\/onurbegrup.com\\\/\",\"name\":\"On Urbe\",\"description\":\"Grup immobiliari\",\"publisher\":{\"@id\":\"https:\\\/\\\/onurbegrup.com\\\/#organization\"},\"potentialAction\":[{\"@type\":\"SearchAction\",\"target\":{\"@type\":\"EntryPoint\",\"urlTemplate\":\"https:\\\/\\\/onurbegrup.com\\\/?s={search_term_string}\"},\"query-input\":{\"@type\":\"PropertyValueSpecification\",\"valueRequired\":true,\"valueName\":\"search_term_string\"}}],\"inLanguage\":\"es\"},{\"@type\":\"Organization\",\"@id\":\"https:\\\/\\\/onurbegrup.com\\\/#organization\",\"name\":\"On Urbe\",\"url\":\"https:\\\/\\\/onurbegrup.com\\\/\",\"logo\":{\"@type\":\"ImageObject\",\"inLanguage\":\"es\",\"@id\":\"https:\\\/\\\/onurbegrup.com\\\/#\\\/schema\\\/logo\\\/image\\\/\",\"url\":\"https:\\\/\\\/onurbegrup.com\\\/wp-content\\\/uploads\\\/2026\\\/06\\\/logo.png\",\"contentUrl\":\"https:\\\/\\\/onurbegrup.com\\\/wp-content\\\/uploads\\\/2026\\\/06\\\/logo.png\",\"width\":988,\"height\":241,\"caption\":\"On Urbe\"},\"image\":{\"@id\":\"https:\\\/\\\/onurbegrup.com\\\/#\\\/schema\\\/logo\\\/image\\\/\"}}]}<\/script>\n<!-- \/ Yoast SEO plugin. -->","yoast_head_json":{"title":"ONURBE GRUP | PLANTA BAJA EN ALQUILER EN BARCELONETA - On Urbe","robots":{"index":"index","follow":"follow","max-snippet":"max-snippet:-1","max-image-preview":"max-image-preview:large","max-video-preview":"max-video-preview:-1"},"canonical":"https:\/\/onurbegrup.com\/es\/propiedad\/onurbe-grup-planta-baja-en-alquiler-en-barceloneta-2\/","og_locale":"es_ES","og_type":"article","og_title":"ONURBE GRUP | PLANTA BAJA EN ALQUILER EN BARCELONETA - On Urbe","og_description":"Piso en alquiler en la Barceloneta, a metros de la playa, renta de larga estancia.Se alquila acogedor piso de 32 m\u00b2, situado en planta baja de una finca en el barrio de la Barceloneta, a pocos metros de la playa y en una ubicaci\u00f3n privilegiada, rodeada de comercios, servicios y transporte p\u00fablico.La vivienda se distribuye&hellip;","og_url":"https:\/\/onurbegrup.com\/es\/propiedad\/onurbe-grup-planta-baja-en-alquiler-en-barceloneta-2\/","og_site_name":"On Urbe","article_modified_time":"2026-09-02T08:43:32+00:00","og_image":[{"width":1600,"height":1200,"url":"https:\/\/onurbegrup.com\/wp-content\/uploads\/2026\/09\/28036282.jpg","type":"image\/jpeg"}],"twitter_card":"summary_large_image","twitter_misc":{"Tiempo de lectura":"1 minuto"},"schema":{"@context":"https:\/\/schema.org","@graph":[{"@type":"WebPage","@id":"https:\/\/onurbegrup.com\/es\/propiedad\/onurbe-grup-planta-baja-en-alquiler-en-barceloneta-2\/","url":"https:\/\/onurbegrup.com\/es\/propiedad\/onurbe-grup-planta-baja-en-alquiler-en-barceloneta-2\/","name":"ONURBE GRUP | PLANTA BAJA EN ALQUILER EN BARCELONETA - On Urbe","isPartOf":{"@id":"https:\/\/onurbegrup.com\/#website"},"primaryImageOfPage":{"@id":"https:\/\/onurbegrup.com\/es\/propiedad\/onurbe-grup-planta-baja-en-alquiler-en-barceloneta-2\/#primaryimage"},"image":{"@id":"https:\/\/onurbegrup.com\/es\/propiedad\/onurbe-grup-planta-baja-en-alquiler-en-barceloneta-2\/#primaryimage"},"thumbnailUrl":"https:\/\/onurbegrup.com\/wp-content\/uploads\/2026\/09\/28036282.jpg","datePublished":"2026-09-02T08:24:16+00:00","dateModified":"2026-09-02T08:43:32+00:00","breadcrumb":{"@id":"https:\/\/onurbegrup.com\/es\/propiedad\/onurbe-grup-planta-baja-en-alquiler-en-barceloneta-2\/#breadcrumb"},"inLanguage":"es","potentialAction":[{"@type":"ReadAction","target":["https:\/\/onurbegrup.com\/es\/propiedad\/onurbe-grup-planta-baja-en-alquiler-en-barceloneta-2\/"]}]},{"@type":"ImageObject","inLanguage":"es","@id":"https:\/\/onurbegrup.com\/es\/propiedad\/onurbe-grup-planta-baja-en-alquiler-en-barceloneta-2\/#primaryimage","url":"https:\/\/onurbegrup.com\/wp-content\/uploads\/2026\/09\/28036282.jpg","contentUrl":"https:\/\/onurbegrup.com\/wp-content\/uploads\/2026\/09\/28036282.jpg","width":1600,"height":1200},{"@type":"BreadcrumbList","@id":"https:\/\/onurbegrup.com\/es\/propiedad\/onurbe-grup-planta-baja-en-alquiler-en-barceloneta-2\/#breadcrumb","itemListElement":[{"@type":"ListItem","position":1,"name":"Home","item":"https:\/\/onurbegrup.com\/es\/"},{"@type":"ListItem","position":2,"name":"Propiedades","item":"https:\/\/onurbegrup.com\/propiedades\/"},{"@type":"ListItem","position":3,"name":"ONURBE GRUP | PLANTA BAJA EN ALQUILER EN&hellip;"}]},{"@type":"WebSite","@id":"https:\/\/onurbegrup.com\/#website","url":"https:\/\/onurbegrup.com\/","name":"On Urbe","description":"Grup immobiliari","publisher":{"@id":"https:\/\/onurbegrup.com\/#organization"},"potentialAction":[{"@type":"SearchAction","target":{"@type":"EntryPoint","urlTemplate":"https:\/\/onurbegrup.com\/?s={search_term_string}"},"query-input":{"@type":"PropertyValueSpecification","valueRequired":true,"valueName":"search_term_string"}}],"inLanguage":"es"},{"@type":"Organization","@id":"https:\/\/onurbegrup.com\/#organization","name":"On Urbe","url":"https:\/\/onurbegrup.com\/","logo":{"@type":"ImageObject","inLanguage":"es","@id":"https:\/\/onurbegrup.com\/#\/schema\/logo\/image\/","url":"https:\/\/onurbegrup.com\/wp-content\/uploads\/2026\/06\/logo.png","contentUrl":"https:\/\/onurbegrup.com\/wp-content\/uploads\/2026\/06\/logo.png","width":988,"height":241,"caption":"On Urbe"},"image":{"@id":"https:\/\/onurbegrup.com\/#\/schema\/logo\/image\/"}}]}},"_links":{"self":[{"href":"https:\/\/onurbegrup.com\/es\/wp-json\/wp\/v2\/propiedad\/10777","targetHints":{"allow":["GET"]}}],"collection":[{"href":"https:\/\/onurbegrup.com\/es\/wp-json\/wp\/v2\/propiedad"}],"about":[{"href":"https:\/\/onurbegrup.com\/es\/wp-json\/wp\/v2\/types\/propiedad"}],"wp:featuredmedia":[{"embeddable":true,"href":"https:\/\/onurbegrup.com\/es\/wp-json\/wp\/v2\/media\/10770"}],"wp:attachment":[{"href":"https:\/\/onurbegrup.com\/es\/wp-json\/wp\/v2\/media?parent=10777"}],"wp:term":[{"taxonomy":"operacion","embeddable":true,"href":"https:\/\/onurbegrup.com\/es\/wp-json\/wp\/v2\/operacion?post=10777"},{"taxonomy":"poblacion","embeddable":true,"href":"https:\/\/onurbegrup.com\/es\/wp-json\/wp\/v2\/poblacion?post=10777"},{"taxonomy":"subzona","embeddable":true,"href":"https:\/\/onurbegrup.com\/es\/wp-json\/wp\/v2\/subzona?post=10777"},{"taxonomy":"tipo-de-inmueble","embeddable":true,"href":"https:\/\/onurbegrup.com\/es\/wp-json\/wp\/v2\/tipo-de-inmueble?post=10777"},{"taxonomy":"zona","embeddable":true,"href":"https:\/\/onurbegrup.com\/es\/wp-json\/wp\/v2\/zona?post=10777"}],"curies":[{"name":"wp","href":"https:\/\/api.w.org\/{rel}","templated":true}]}}

<p>Piso en alquiler en la Barceloneta, a metros de la playa, renta de larga estancia.Se alquila acogedor piso de 32 m², situado en planta baja de una finca en el barrio de la Barceloneta, a pocos metros de la playa y en una ubicación privilegiada, rodeada de comercios, servicios y transporte público.La vivienda se distribuye en:* Cocina-comedor.* Amplia habitación doble, cómoda y luminosa.* Baño completo.El piso se alquila sin mobiliario, ofreciendo la posibilidad de adaptarlo y decorarlo al gusto del futuro inquilino.Una excelente oportunidad para quienes buscan disfrutar de la vida de barrio y de la cercanía al mar, en una de las zonas más emblemáticas de Barcelona.</p>

<!-- This site is optimized with the Yoast SEO plugin v27.9 - https://yoast.com/product/yoast-seo-wordpress/ -->
<title>ONURBE GRUP | PLANTA BAJA EN ALQUILER EN BARCELONETA - On Urbe</title>
<meta name="robots" content="index, follow, max-snippet:-1, max-image-preview:large, max-video-preview:-1" />
<link rel="canonical" href="https://onurbegrup.com/es/propiedad/onurbe-grup-planta-baja-en-alquiler-en-barceloneta-2/" />
<meta property="og:locale" content="es_ES" />
<meta property="og:type" content="article" />
<meta property="og:title" content="ONURBE GRUP | PLANTA BAJA EN ALQUILER EN BARCELONETA - On Urbe" />
<meta property="og:description" content="Piso en alquiler en la Barceloneta, a metros de la playa, renta de larga estancia.Se alquila acogedor piso de 32 m², situado en planta baja de una finca en el barrio de la Barceloneta, a pocos metros de la playa y en una ubicación privilegiada, rodeada de comercios, servicios y transporte público.La vivienda se distribuye&hellip;" />
<meta property="og:url" content="https://onurbegrup.com/es/propiedad/onurbe-grup-planta-baja-en-alquiler-en-barceloneta-2/" />
<meta property="og:site_name" content="On Urbe" />
<meta property="article:modified_time" content="2026-09-02T08:43:32+00:00" />
<meta property="og:image" content="https://onurbegrup.com/wp-content/uploads/2026/09/28036282.jpg" />
	<meta property="og:image:width" content="1600" />
	<meta property="og:image:height" content="1200" />
	<meta property="og:image:type" content="image/jpeg" />
<meta name="twitter:card" content="summary_large_image" />
<meta name="twitter:label1" content="Tiempo de lectura" />
	<meta name="twitter:data1" content="1 minuto" />
<script type="application/ld+json" class="yoast-schema-graph">{"@context":"https:\/\/schema.org","@graph":[{"@type":"WebPage","@id":"https:\/\/onurbegrup.com\/es\/propiedad\/onurbe-grup-planta-baja-en-alquiler-en-barceloneta-2\/","url":"https:\/\/onurbegrup.com\/es\/propiedad\/onurbe-grup-planta-baja-en-alquiler-en-barceloneta-2\/","name":"ONURBE GRUP | PLANTA BAJA EN ALQUILER EN BARCELONETA - On Urbe","isPartOf":{"@id":"https:\/\/onurbegrup.com\/#website"},"primaryImageOfPage":{"@id":"https:\/\/onurbegrup.com\/es\/propiedad\/onurbe-grup-planta-baja-en-alquiler-en-barceloneta-2\/#primaryimage"},"image":{"@id":"https:\/\/onurbegrup.com\/es\/propiedad\/onurbe-grup-planta-baja-en-alquiler-en-barceloneta-2\/#primaryimage"},"thumbnailUrl":"https:\/\/onurbegrup.com\/wp-content\/uploads\/2026\/09\/28036282.jpg","datePublished":"2026-09-02T08:24:16+00:00","dateModified":"2026-09-02T08:43:32+00:00","breadcrumb":{"@id":"https:\/\/onurbegrup.com\/es\/propiedad\/onurbe-grup-planta-baja-en-alquiler-en-barceloneta-2\/#breadcrumb"},"inLanguage":"es","potentialAction":[{"@type":"ReadAction","target":["https:\/\/onurbegrup.com\/es\/propiedad\/onurbe-grup-planta-baja-en-alquiler-en-barceloneta-2\/"]}]},{"@type":"ImageObject","inLanguage":"es","@id":"https:\/\/onurbegrup.com\/es\/propiedad\/onurbe-grup-planta-baja-en-alquiler-en-barceloneta-2\/#primaryimage","url":"https:\/\/onurbegrup.com\/wp-content\/uploads\/2026\/09\/28036282.jpg","contentUrl":"https:\/\/onurbegrup.com\/wp-content\/uploads\/2026\/09\/28036282.jpg","width":1600,"height":1200},{"@type":"BreadcrumbList","@id":"https:\/\/onurbegrup.com\/es\/propiedad\/onurbe-grup-planta-baja-en-alquiler-en-barceloneta-2\/#breadcrumb","itemListElement":[{"@type":"ListItem","position":1,"name":"Home","item":"https:\/\/onurbegrup.com\/es\/"},{"@type":"ListItem","position":2,"name":"Propiedades","item":"https:\/\/onurbegrup.com\/propiedades\/"},{"@type":"ListItem","position":3,"name":"ONURBE GRUP | PLANTA BAJA EN ALQUILER EN&hellip;"}]},{"@type":"WebSite","@id":"https:\/\/onurbegrup.com\/#website","url":"https:\/\/onurbegrup.com\/","name":"On Urbe","description":"Grup immobiliari","publisher":{"@id":"https:\/\/onurbegrup.com\/#organization"},"potentialAction":[{"@type":"SearchAction","target":{"@type":"EntryPoint","urlTemplate":"https:\/\/onurbegrup.com\/?s={search_term_string}"},"query-input":{"@type":"PropertyValueSpecification","valueRequired":true,"valueName":"search_term_string"}}],"inLanguage":"es"},{"@type":"Organization","@id":"https:\/\/onurbegrup.com\/#organization","name":"On Urbe","url":"https:\/\/onurbegrup.com\/","logo":{"@type":"ImageObject","inLanguage":"es","@id":"https:\/\/onurbegrup.com\/#\/schema\/logo\/image\/","url":"https:\/\/onurbegrup.com\/wp-content\/uploads\/2026\/06\/logo.png","contentUrl":"https:\/\/onurbegrup.com\/wp-content\/uploads\/2026\/06\/logo.png","width":988,"height":241,"caption":"On Urbe"},"image":{"@id":"https:\/\/onurbegrup.com\/#\/schema\/logo\/image\/"}}]}</script>
<!-- / Yoast SEO plugin. -->

Piso en alquiler en la Barceloneta, a metros de la playa, renta de larga estancia.Se alquila acogedor piso de 32 m², situado en planta baja de una finca en el barrio de la Barceloneta, a pocos metros de la playa y en una ubicación privilegiada, rodeada de comercios, servicios y transporte público.La vivienda se distribuye&hellip;
