{"id":10982,"date":"2026-09-02T08:36:10","date_gmt":"2026-09-02T08:36:10","guid":{"rendered":"https:\/\/onurbegrup.com\/propiedad\/onurbe-grup-i-piso-en-venta-en-la-sagrada-familia\/"},"modified":"2026-09-02T08:43:52","modified_gmt":"2026-09-02T08:43:52","slug":"onurbe-grup-i-piso-en-venta-en-la-sagrada-familia-2","status":"publish","type":"propiedad","link":"https:\/\/onurbegrup.com\/es\/propiedad\/onurbe-grup-i-piso-en-venta-en-la-sagrada-familia-2\/","title":{"rendered":"ONURBE GRUP I PISO EN VENTA EN LA SAGRADA FAMILIA"},"content":{"rendered":"<p>Piso de 100 m\u00b2 en una 3\u00aa planta con ascensor de 4 dormitorios y 2 ba\u00f1os, con balc\u00f3n a calle con mucha luz natural en barrio Sagrada Familia!La vivienda est\u00e1 distribuida en 4 dormitorios amplios, cocina office con acceso a una galer\u00eda, sal\u00f3n comedor de 22 m\u00b2 con acceso al balc\u00f3n con mucha luz natural y 2 ba\u00f1os completos.La ubicaci\u00f3n es ideal ya que est\u00e1 rodeada de comercios imprescindibles para el d\u00eda a d\u00eda como supermercados, restaurantes, bicing, farmacias, etc. Se encuentra a una calle de La Sagrada Familia comunicado por Linea 2 y Linea 5 de metro, paradas de buses y m\u00e1s.Cont\u00e1ctanos para fijar una visita!<\/p>\n","protected":false},"featured_media":10961,"template":"","meta":{"_acf_changed":false,"_joinchat":[]},"operacion":[105],"poblacion":[106],"subzona":[207],"tipo-de-inmueble":[171],"zona":[179],"class_list":["post-10982","propiedad","type-propiedad","status-publish","has-post-thumbnail","hentry","operacion-venta","poblacion-barcelona","subzona-sagrada-familia","tipo-de-inmueble-pisos","zona-eixample","entry","has-media"],"acf":[],"yoast_head":"<!-- This site is optimized with the Yoast SEO plugin v27.9 - https:\/\/yoast.com\/product\/yoast-seo-wordpress\/ -->\n<title>ONURBE GRUP I PISO EN VENTA EN LA SAGRADA FAMILIA - On Urbe<\/title>\n<meta name=\"robots\" content=\"index, follow, max-snippet:-1, max-image-preview:large, max-video-preview:-1\" \/>\n<link rel=\"canonical\" href=\"https:\/\/onurbegrup.com\/es\/propiedad\/onurbe-grup-i-piso-en-venta-en-la-sagrada-familia-2\/\" \/>\n<meta property=\"og:locale\" content=\"es_ES\" \/>\n<meta property=\"og:type\" content=\"article\" \/>\n<meta property=\"og:title\" content=\"ONURBE GRUP I PISO EN VENTA EN LA SAGRADA FAMILIA - On Urbe\" \/>\n<meta property=\"og:description\" content=\"Piso de 100 m\u00b2 en una 3\u00aa planta con ascensor de 4 dormitorios y 2 ba\u00f1os, con balc\u00f3n a calle con mucha luz natural en barrio Sagrada Familia!La vivienda est\u00e1 distribuida en 4 dormitorios amplios, cocina office con acceso a una galer\u00eda, sal\u00f3n comedor de 22 m\u00b2 con acceso al balc\u00f3n con mucha luz natural&hellip;\" \/>\n<meta property=\"og:url\" content=\"https:\/\/onurbegrup.com\/es\/propiedad\/onurbe-grup-i-piso-en-venta-en-la-sagrada-familia-2\/\" \/>\n<meta property=\"og:site_name\" content=\"On Urbe\" \/>\n<meta property=\"article:modified_time\" content=\"2026-09-02T08:43:52+00:00\" \/>\n<meta property=\"og:image\" content=\"https:\/\/onurbegrup.com\/wp-content\/uploads\/2026\/09\/28066249.jpg\" \/>\n\t<meta property=\"og:image:width\" content=\"1600\" \/>\n\t<meta property=\"og:image:height\" content=\"1200\" \/>\n\t<meta property=\"og:image:type\" content=\"image\/jpeg\" \/>\n<meta name=\"twitter:card\" content=\"summary_large_image\" \/>\n<meta name=\"twitter:label1\" content=\"Tiempo de lectura\" \/>\n\t<meta name=\"twitter:data1\" content=\"1 minuto\" \/>\n<script type=\"application\/ld+json\" class=\"yoast-schema-graph\">{\"@context\":\"https:\\\/\\\/schema.org\",\"@graph\":[{\"@type\":\"WebPage\",\"@id\":\"https:\\\/\\\/onurbegrup.com\\\/es\\\/propiedad\\\/onurbe-grup-i-piso-en-venta-en-la-sagrada-familia-2\\\/\",\"url\":\"https:\\\/\\\/onurbegrup.com\\\/es\\\/propiedad\\\/onurbe-grup-i-piso-en-venta-en-la-sagrada-familia-2\\\/\",\"name\":\"ONURBE GRUP I PISO EN VENTA EN LA SAGRADA FAMILIA - On Urbe\",\"isPartOf\":{\"@id\":\"https:\\\/\\\/onurbegrup.com\\\/#website\"},\"primaryImageOfPage\":{\"@id\":\"https:\\\/\\\/onurbegrup.com\\\/es\\\/propiedad\\\/onurbe-grup-i-piso-en-venta-en-la-sagrada-familia-2\\\/#primaryimage\"},\"image\":{\"@id\":\"https:\\\/\\\/onurbegrup.com\\\/es\\\/propiedad\\\/onurbe-grup-i-piso-en-venta-en-la-sagrada-familia-2\\\/#primaryimage\"},\"thumbnailUrl\":\"https:\\\/\\\/onurbegrup.com\\\/wp-content\\\/uploads\\\/2026\\\/09\\\/28066249.jpg\",\"datePublished\":\"2026-09-02T08:36:10+00:00\",\"dateModified\":\"2026-09-02T08:43:52+00:00\",\"breadcrumb\":{\"@id\":\"https:\\\/\\\/onurbegrup.com\\\/es\\\/propiedad\\\/onurbe-grup-i-piso-en-venta-en-la-sagrada-familia-2\\\/#breadcrumb\"},\"inLanguage\":\"es\",\"potentialAction\":[{\"@type\":\"ReadAction\",\"target\":[\"https:\\\/\\\/onurbegrup.com\\\/es\\\/propiedad\\\/onurbe-grup-i-piso-en-venta-en-la-sagrada-familia-2\\\/\"]}]},{\"@type\":\"ImageObject\",\"inLanguage\":\"es\",\"@id\":\"https:\\\/\\\/onurbegrup.com\\\/es\\\/propiedad\\\/onurbe-grup-i-piso-en-venta-en-la-sagrada-familia-2\\\/#primaryimage\",\"url\":\"https:\\\/\\\/onurbegrup.com\\\/wp-content\\\/uploads\\\/2026\\\/09\\\/28066249.jpg\",\"contentUrl\":\"https:\\\/\\\/onurbegrup.com\\\/wp-content\\\/uploads\\\/2026\\\/09\\\/28066249.jpg\",\"width\":1600,\"height\":1200},{\"@type\":\"BreadcrumbList\",\"@id\":\"https:\\\/\\\/onurbegrup.com\\\/es\\\/propiedad\\\/onurbe-grup-i-piso-en-venta-en-la-sagrada-familia-2\\\/#breadcrumb\",\"itemListElement\":[{\"@type\":\"ListItem\",\"position\":1,\"name\":\"Home\",\"item\":\"https:\\\/\\\/onurbegrup.com\\\/es\\\/\"},{\"@type\":\"ListItem\",\"position\":2,\"name\":\"Propiedades\",\"item\":\"https:\\\/\\\/onurbegrup.com\\\/propiedades\\\/\"},{\"@type\":\"ListItem\",\"position\":3,\"name\":\"ONURBE GRUP I PISO EN VENTA EN LA&hellip;\"}]},{\"@type\":\"WebSite\",\"@id\":\"https:\\\/\\\/onurbegrup.com\\\/#website\",\"url\":\"https:\\\/\\\/onurbegrup.com\\\/\",\"name\":\"On Urbe\",\"description\":\"Grup immobiliari\",\"publisher\":{\"@id\":\"https:\\\/\\\/onurbegrup.com\\\/#organization\"},\"potentialAction\":[{\"@type\":\"SearchAction\",\"target\":{\"@type\":\"EntryPoint\",\"urlTemplate\":\"https:\\\/\\\/onurbegrup.com\\\/?s={search_term_string}\"},\"query-input\":{\"@type\":\"PropertyValueSpecification\",\"valueRequired\":true,\"valueName\":\"search_term_string\"}}],\"inLanguage\":\"es\"},{\"@type\":\"Organization\",\"@id\":\"https:\\\/\\\/onurbegrup.com\\\/#organization\",\"name\":\"On Urbe\",\"url\":\"https:\\\/\\\/onurbegrup.com\\\/\",\"logo\":{\"@type\":\"ImageObject\",\"inLanguage\":\"es\",\"@id\":\"https:\\\/\\\/onurbegrup.com\\\/#\\\/schema\\\/logo\\\/image\\\/\",\"url\":\"https:\\\/\\\/onurbegrup.com\\\/wp-content\\\/uploads\\\/2026\\\/06\\\/logo.png\",\"contentUrl\":\"https:\\\/\\\/onurbegrup.com\\\/wp-content\\\/uploads\\\/2026\\\/06\\\/logo.png\",\"width\":988,\"height\":241,\"caption\":\"On Urbe\"},\"image\":{\"@id\":\"https:\\\/\\\/onurbegrup.com\\\/#\\\/schema\\\/logo\\\/image\\\/\"}}]}<\/script>\n<!-- \/ Yoast SEO plugin. -->","yoast_head_json":{"title":"ONURBE GRUP I PISO EN VENTA EN LA SAGRADA FAMILIA - On Urbe","robots":{"index":"index","follow":"follow","max-snippet":"max-snippet:-1","max-image-preview":"max-image-preview:large","max-video-preview":"max-video-preview:-1"},"canonical":"https:\/\/onurbegrup.com\/es\/propiedad\/onurbe-grup-i-piso-en-venta-en-la-sagrada-familia-2\/","og_locale":"es_ES","og_type":"article","og_title":"ONURBE GRUP I PISO EN VENTA EN LA SAGRADA FAMILIA - On Urbe","og_description":"Piso de 100 m\u00b2 en una 3\u00aa planta con ascensor de 4 dormitorios y 2 ba\u00f1os, con balc\u00f3n a calle con mucha luz natural en barrio Sagrada Familia!La vivienda est\u00e1 distribuida en 4 dormitorios amplios, cocina office con acceso a una galer\u00eda, sal\u00f3n comedor de 22 m\u00b2 con acceso al balc\u00f3n con mucha luz natural&hellip;","og_url":"https:\/\/onurbegrup.com\/es\/propiedad\/onurbe-grup-i-piso-en-venta-en-la-sagrada-familia-2\/","og_site_name":"On Urbe","article_modified_time":"2026-09-02T08:43:52+00:00","og_image":[{"width":1600,"height":1200,"url":"https:\/\/onurbegrup.com\/wp-content\/uploads\/2026\/09\/28066249.jpg","type":"image\/jpeg"}],"twitter_card":"summary_large_image","twitter_misc":{"Tiempo de lectura":"1 minuto"},"schema":{"@context":"https:\/\/schema.org","@graph":[{"@type":"WebPage","@id":"https:\/\/onurbegrup.com\/es\/propiedad\/onurbe-grup-i-piso-en-venta-en-la-sagrada-familia-2\/","url":"https:\/\/onurbegrup.com\/es\/propiedad\/onurbe-grup-i-piso-en-venta-en-la-sagrada-familia-2\/","name":"ONURBE GRUP I PISO EN VENTA EN LA SAGRADA FAMILIA - On Urbe","isPartOf":{"@id":"https:\/\/onurbegrup.com\/#website"},"primaryImageOfPage":{"@id":"https:\/\/onurbegrup.com\/es\/propiedad\/onurbe-grup-i-piso-en-venta-en-la-sagrada-familia-2\/#primaryimage"},"image":{"@id":"https:\/\/onurbegrup.com\/es\/propiedad\/onurbe-grup-i-piso-en-venta-en-la-sagrada-familia-2\/#primaryimage"},"thumbnailUrl":"https:\/\/onurbegrup.com\/wp-content\/uploads\/2026\/09\/28066249.jpg","datePublished":"2026-09-02T08:36:10+00:00","dateModified":"2026-09-02T08:43:52+00:00","breadcrumb":{"@id":"https:\/\/onurbegrup.com\/es\/propiedad\/onurbe-grup-i-piso-en-venta-en-la-sagrada-familia-2\/#breadcrumb"},"inLanguage":"es","potentialAction":[{"@type":"ReadAction","target":["https:\/\/onurbegrup.com\/es\/propiedad\/onurbe-grup-i-piso-en-venta-en-la-sagrada-familia-2\/"]}]},{"@type":"ImageObject","inLanguage":"es","@id":"https:\/\/onurbegrup.com\/es\/propiedad\/onurbe-grup-i-piso-en-venta-en-la-sagrada-familia-2\/#primaryimage","url":"https:\/\/onurbegrup.com\/wp-content\/uploads\/2026\/09\/28066249.jpg","contentUrl":"https:\/\/onurbegrup.com\/wp-content\/uploads\/2026\/09\/28066249.jpg","width":1600,"height":1200},{"@type":"BreadcrumbList","@id":"https:\/\/onurbegrup.com\/es\/propiedad\/onurbe-grup-i-piso-en-venta-en-la-sagrada-familia-2\/#breadcrumb","itemListElement":[{"@type":"ListItem","position":1,"name":"Home","item":"https:\/\/onurbegrup.com\/es\/"},{"@type":"ListItem","position":2,"name":"Propiedades","item":"https:\/\/onurbegrup.com\/propiedades\/"},{"@type":"ListItem","position":3,"name":"ONURBE GRUP I PISO EN VENTA EN LA&hellip;"}]},{"@type":"WebSite","@id":"https:\/\/onurbegrup.com\/#website","url":"https:\/\/onurbegrup.com\/","name":"On Urbe","description":"Grup immobiliari","publisher":{"@id":"https:\/\/onurbegrup.com\/#organization"},"potentialAction":[{"@type":"SearchAction","target":{"@type":"EntryPoint","urlTemplate":"https:\/\/onurbegrup.com\/?s={search_term_string}"},"query-input":{"@type":"PropertyValueSpecification","valueRequired":true,"valueName":"search_term_string"}}],"inLanguage":"es"},{"@type":"Organization","@id":"https:\/\/onurbegrup.com\/#organization","name":"On Urbe","url":"https:\/\/onurbegrup.com\/","logo":{"@type":"ImageObject","inLanguage":"es","@id":"https:\/\/onurbegrup.com\/#\/schema\/logo\/image\/","url":"https:\/\/onurbegrup.com\/wp-content\/uploads\/2026\/06\/logo.png","contentUrl":"https:\/\/onurbegrup.com\/wp-content\/uploads\/2026\/06\/logo.png","width":988,"height":241,"caption":"On Urbe"},"image":{"@id":"https:\/\/onurbegrup.com\/#\/schema\/logo\/image\/"}}]}},"_links":{"self":[{"href":"https:\/\/onurbegrup.com\/es\/wp-json\/wp\/v2\/propiedad\/10982","targetHints":{"allow":["GET"]}}],"collection":[{"href":"https:\/\/onurbegrup.com\/es\/wp-json\/wp\/v2\/propiedad"}],"about":[{"href":"https:\/\/onurbegrup.com\/es\/wp-json\/wp\/v2\/types\/propiedad"}],"wp:featuredmedia":[{"embeddable":true,"href":"https:\/\/onurbegrup.com\/es\/wp-json\/wp\/v2\/media\/10961"}],"wp:attachment":[{"href":"https:\/\/onurbegrup.com\/es\/wp-json\/wp\/v2\/media?parent=10982"}],"wp:term":[{"taxonomy":"operacion","embeddable":true,"href":"https:\/\/onurbegrup.com\/es\/wp-json\/wp\/v2\/operacion?post=10982"},{"taxonomy":"poblacion","embeddable":true,"href":"https:\/\/onurbegrup.com\/es\/wp-json\/wp\/v2\/poblacion?post=10982"},{"taxonomy":"subzona","embeddable":true,"href":"https:\/\/onurbegrup.com\/es\/wp-json\/wp\/v2\/subzona?post=10982"},{"taxonomy":"tipo-de-inmueble","embeddable":true,"href":"https:\/\/onurbegrup.com\/es\/wp-json\/wp\/v2\/tipo-de-inmueble?post=10982"},{"taxonomy":"zona","embeddable":true,"href":"https:\/\/onurbegrup.com\/es\/wp-json\/wp\/v2\/zona?post=10982"}],"curies":[{"name":"wp","href":"https:\/\/api.w.org\/{rel}","templated":true}]}}

<p>Piso de 100 m² en una 3ª planta con ascensor de 4 dormitorios y 2 baños, con balcón a calle con mucha luz natural en barrio Sagrada Familia!La vivienda está distribuida en 4 dormitorios amplios, cocina office con acceso a una galería, salón comedor de 22 m² con acceso al balcón con mucha luz natural y 2 baños completos.La ubicación es ideal ya que está rodeada de comercios imprescindibles para el día a día como supermercados, restaurantes, bicing, farmacias, etc. Se encuentra a una calle de La Sagrada Familia comunicado por Linea 2 y Linea 5 de metro, paradas de buses y más.Contáctanos para fijar una visita!</p>

<!-- This site is optimized with the Yoast SEO plugin v27.9 - https://yoast.com/product/yoast-seo-wordpress/ -->
<title>ONURBE GRUP I PISO EN VENTA EN LA SAGRADA FAMILIA - On Urbe</title>
<meta name="robots" content="index, follow, max-snippet:-1, max-image-preview:large, max-video-preview:-1" />
<link rel="canonical" href="https://onurbegrup.com/es/propiedad/onurbe-grup-i-piso-en-venta-en-la-sagrada-familia-2/" />
<meta property="og:locale" content="es_ES" />
<meta property="og:type" content="article" />
<meta property="og:title" content="ONURBE GRUP I PISO EN VENTA EN LA SAGRADA FAMILIA - On Urbe" />
<meta property="og:description" content="Piso de 100 m² en una 3ª planta con ascensor de 4 dormitorios y 2 baños, con balcón a calle con mucha luz natural en barrio Sagrada Familia!La vivienda está distribuida en 4 dormitorios amplios, cocina office con acceso a una galería, salón comedor de 22 m² con acceso al balcón con mucha luz natural&hellip;" />
<meta property="og:url" content="https://onurbegrup.com/es/propiedad/onurbe-grup-i-piso-en-venta-en-la-sagrada-familia-2/" />
<meta property="og:site_name" content="On Urbe" />
<meta property="article:modified_time" content="2026-09-02T08:43:52+00:00" />
<meta property="og:image" content="https://onurbegrup.com/wp-content/uploads/2026/09/28066249.jpg" />
	<meta property="og:image:width" content="1600" />
	<meta property="og:image:height" content="1200" />
	<meta property="og:image:type" content="image/jpeg" />
<meta name="twitter:card" content="summary_large_image" />
<meta name="twitter:label1" content="Tiempo de lectura" />
	<meta name="twitter:data1" content="1 minuto" />
<script type="application/ld+json" class="yoast-schema-graph">{"@context":"https:\/\/schema.org","@graph":[{"@type":"WebPage","@id":"https:\/\/onurbegrup.com\/es\/propiedad\/onurbe-grup-i-piso-en-venta-en-la-sagrada-familia-2\/","url":"https:\/\/onurbegrup.com\/es\/propiedad\/onurbe-grup-i-piso-en-venta-en-la-sagrada-familia-2\/","name":"ONURBE GRUP I PISO EN VENTA EN LA SAGRADA FAMILIA - On Urbe","isPartOf":{"@id":"https:\/\/onurbegrup.com\/#website"},"primaryImageOfPage":{"@id":"https:\/\/onurbegrup.com\/es\/propiedad\/onurbe-grup-i-piso-en-venta-en-la-sagrada-familia-2\/#primaryimage"},"image":{"@id":"https:\/\/onurbegrup.com\/es\/propiedad\/onurbe-grup-i-piso-en-venta-en-la-sagrada-familia-2\/#primaryimage"},"thumbnailUrl":"https:\/\/onurbegrup.com\/wp-content\/uploads\/2026\/09\/28066249.jpg","datePublished":"2026-09-02T08:36:10+00:00","dateModified":"2026-09-02T08:43:52+00:00","breadcrumb":{"@id":"https:\/\/onurbegrup.com\/es\/propiedad\/onurbe-grup-i-piso-en-venta-en-la-sagrada-familia-2\/#breadcrumb"},"inLanguage":"es","potentialAction":[{"@type":"ReadAction","target":["https:\/\/onurbegrup.com\/es\/propiedad\/onurbe-grup-i-piso-en-venta-en-la-sagrada-familia-2\/"]}]},{"@type":"ImageObject","inLanguage":"es","@id":"https:\/\/onurbegrup.com\/es\/propiedad\/onurbe-grup-i-piso-en-venta-en-la-sagrada-familia-2\/#primaryimage","url":"https:\/\/onurbegrup.com\/wp-content\/uploads\/2026\/09\/28066249.jpg","contentUrl":"https:\/\/onurbegrup.com\/wp-content\/uploads\/2026\/09\/28066249.jpg","width":1600,"height":1200},{"@type":"BreadcrumbList","@id":"https:\/\/onurbegrup.com\/es\/propiedad\/onurbe-grup-i-piso-en-venta-en-la-sagrada-familia-2\/#breadcrumb","itemListElement":[{"@type":"ListItem","position":1,"name":"Home","item":"https:\/\/onurbegrup.com\/es\/"},{"@type":"ListItem","position":2,"name":"Propiedades","item":"https:\/\/onurbegrup.com\/propiedades\/"},{"@type":"ListItem","position":3,"name":"ONURBE GRUP I PISO EN VENTA EN LA&hellip;"}]},{"@type":"WebSite","@id":"https:\/\/onurbegrup.com\/#website","url":"https:\/\/onurbegrup.com\/","name":"On Urbe","description":"Grup immobiliari","publisher":{"@id":"https:\/\/onurbegrup.com\/#organization"},"potentialAction":[{"@type":"SearchAction","target":{"@type":"EntryPoint","urlTemplate":"https:\/\/onurbegrup.com\/?s={search_term_string}"},"query-input":{"@type":"PropertyValueSpecification","valueRequired":true,"valueName":"search_term_string"}}],"inLanguage":"es"},{"@type":"Organization","@id":"https:\/\/onurbegrup.com\/#organization","name":"On Urbe","url":"https:\/\/onurbegrup.com\/","logo":{"@type":"ImageObject","inLanguage":"es","@id":"https:\/\/onurbegrup.com\/#\/schema\/logo\/image\/","url":"https:\/\/onurbegrup.com\/wp-content\/uploads\/2026\/06\/logo.png","contentUrl":"https:\/\/onurbegrup.com\/wp-content\/uploads\/2026\/06\/logo.png","width":988,"height":241,"caption":"On Urbe"},"image":{"@id":"https:\/\/onurbegrup.com\/#\/schema\/logo\/image\/"}}]}</script>
<!-- / Yoast SEO plugin. -->

Piso de 100 m² en una 3ª planta con ascensor de 4 dormitorios y 2 baños, con balcón a calle con mucha luz natural en barrio Sagrada Familia!La vivienda está distribuida en 4 dormitorios amplios, cocina office con acceso a una galería, salón comedor de 22 m² con acceso al balcón con mucha luz natural&hellip;
