{"id":11490,"date":"2026-09-02T08:48:44","date_gmt":"2026-09-02T08:48:44","guid":{"rendered":"https:\/\/onurbegrup.com\/propiedad\/calle-de-bertran-2\/"},"modified":"2026-09-02T08:48:44","modified_gmt":"2026-09-02T08:48:44","slug":"calle-de-bertran-2","status":"publish","type":"propiedad","link":"https:\/\/onurbegrup.com\/es\/propiedad\/calle-de-bertran-2\/","title":{"rendered":"CALLE DE BERTRAN"},"content":{"rendered":"<p>Local Comercial en Venta en Sarri\u00e0-Sant GervasiLocal en venta de 152 m\u00b2 con alta rentabilidad, distribuido en dos plantas: planta baja de 85 m\u00b2 y s\u00f3tano de 49 m\u00b2, en una zona inmejorable del barrio de Sarri\u00e0-Sant Gervasi. Local acondicionado como vivienda de 138 m\u00b2 con entrada independiente desde la calle y acceso adicional desde la finca. Actualmente distribuido en sal\u00f3n-comedor de 30 m\u00b2, cocina independiente, ba\u00f1o y 4 habitaciones. Gracias a su distribuci\u00f3n mediante tabiques, ofrece m\u00faltiples posibilidades de reforma y la opci\u00f3n de crear un amplio espacio di\u00e1fano tipo loft. Una propiedad con mucho potencial en una excelente ubicaci\u00f3n.La zona destaca por su proximidad a las principales calles de comunicaci\u00f3n, como Ronda General Mitre y Carrer Balmes, as\u00ed como por su excelente conexi\u00f3n mediante Ferrocarril de la Generalitat (estaciones de El Putxet y Av. Tibidabo) y numerosas l\u00edneas de autob\u00fas. Rodeado de comercios de proximidad, supermercados, panader\u00edas, farmacias, centros m\u00e9dicos, colegios y escuelas de prestigio, ofrece un flujo constante de residentes y profesionales durante todo el d\u00eda. A pocos minutos del Parque del Tur\u00f3 del Putxet, una de las zonas verdes m\u00e1s apreciadas del distrito, que aporta calidad de vida y atractivo al entorno. \u00a1Cont\u00e1ctanos y agenda tu visita!<\/p>\n","protected":false},"featured_media":11461,"template":"","meta":{"_acf_changed":false,"_joinchat":[]},"operacion":[105],"poblacion":[106],"subzona":[],"tipo-de-inmueble":[178],"zona":[],"class_list":["post-11490","propiedad","type-propiedad","status-publish","has-post-thumbnail","hentry","operacion-venta","poblacion-barcelona","tipo-de-inmueble-locals-comercials","entry","has-media"],"acf":[],"yoast_head":"<!-- This site is optimized with the Yoast SEO plugin v27.9 - https:\/\/yoast.com\/product\/yoast-seo-wordpress\/ -->\n<title>CALLE DE BERTRAN - On Urbe<\/title>\n<meta name=\"robots\" content=\"index, follow, max-snippet:-1, max-image-preview:large, max-video-preview:-1\" \/>\n<link rel=\"canonical\" href=\"https:\/\/onurbegrup.com\/propiedad\/calle-de-bertran-2\/\" \/>\n<meta property=\"og:locale\" content=\"es_ES\" \/>\n<meta property=\"og:type\" content=\"article\" \/>\n<meta property=\"og:title\" content=\"CALLE DE BERTRAN - On Urbe\" \/>\n<meta property=\"og:description\" content=\"Local Comercial en Venta en Sarri\u00e0-Sant GervasiLocal en venta de 152 m\u00b2 con alta rentabilidad, distribuido en dos plantas: planta baja de 85 m\u00b2 y s\u00f3tano de 49 m\u00b2, en una zona inmejorable del barrio de Sarri\u00e0-Sant Gervasi. Local acondicionado como vivienda de 138 m\u00b2 con entrada independiente desde la calle y acceso adicional desde&hellip;\" \/>\n<meta property=\"og:url\" content=\"https:\/\/onurbegrup.com\/propiedad\/calle-de-bertran-2\/\" \/>\n<meta property=\"og:site_name\" content=\"On Urbe\" \/>\n<meta name=\"twitter:card\" content=\"summary_large_image\" \/>\n<meta name=\"twitter:label1\" content=\"Tiempo de lectura\" \/>\n\t<meta name=\"twitter:data1\" content=\"1 minuto\" \/>\n<script type=\"application\/ld+json\" class=\"yoast-schema-graph\">{\"@context\":\"https:\\\/\\\/schema.org\",\"@graph\":[{\"@type\":\"WebPage\",\"@id\":\"https:\\\/\\\/onurbegrup.com\\\/propiedad\\\/calle-de-bertran-2\\\/\",\"url\":\"https:\\\/\\\/onurbegrup.com\\\/propiedad\\\/calle-de-bertran-2\\\/\",\"name\":\"CALLE DE BERTRAN - On Urbe\",\"isPartOf\":{\"@id\":\"https:\\\/\\\/onurbegrup.com\\\/#website\"},\"primaryImageOfPage\":{\"@id\":\"https:\\\/\\\/onurbegrup.com\\\/propiedad\\\/calle-de-bertran-2\\\/#primaryimage\"},\"image\":{\"@id\":\"https:\\\/\\\/onurbegrup.com\\\/propiedad\\\/calle-de-bertran-2\\\/#primaryimage\"},\"thumbnailUrl\":\"https:\\\/\\\/onurbegrup.com\\\/wp-content\\\/uploads\\\/2026\\\/09\\\/27324998.jpg\",\"datePublished\":\"2026-09-02T08:48:44+00:00\",\"breadcrumb\":{\"@id\":\"https:\\\/\\\/onurbegrup.com\\\/propiedad\\\/calle-de-bertran-2\\\/#breadcrumb\"},\"inLanguage\":\"es\",\"potentialAction\":[{\"@type\":\"ReadAction\",\"target\":[\"https:\\\/\\\/onurbegrup.com\\\/propiedad\\\/calle-de-bertran-2\\\/\"]}]},{\"@type\":\"ImageObject\",\"inLanguage\":\"es\",\"@id\":\"https:\\\/\\\/onurbegrup.com\\\/propiedad\\\/calle-de-bertran-2\\\/#primaryimage\",\"url\":\"https:\\\/\\\/onurbegrup.com\\\/wp-content\\\/uploads\\\/2026\\\/09\\\/27324998.jpg\",\"contentUrl\":\"https:\\\/\\\/onurbegrup.com\\\/wp-content\\\/uploads\\\/2026\\\/09\\\/27324998.jpg\",\"width\":1500,\"height\":1125},{\"@type\":\"BreadcrumbList\",\"@id\":\"https:\\\/\\\/onurbegrup.com\\\/propiedad\\\/calle-de-bertran-2\\\/#breadcrumb\",\"itemListElement\":[{\"@type\":\"ListItem\",\"position\":1,\"name\":\"Home\",\"item\":\"https:\\\/\\\/onurbegrup.com\\\/es\\\/\"},{\"@type\":\"ListItem\",\"position\":2,\"name\":\"Propiedades\",\"item\":\"https:\\\/\\\/onurbegrup.com\\\/propiedades\\\/\"},{\"@type\":\"ListItem\",\"position\":3,\"name\":\"CALLE DE BERTRAN\"}]},{\"@type\":\"WebSite\",\"@id\":\"https:\\\/\\\/onurbegrup.com\\\/#website\",\"url\":\"https:\\\/\\\/onurbegrup.com\\\/\",\"name\":\"On Urbe\",\"description\":\"Grup immobiliari\",\"publisher\":{\"@id\":\"https:\\\/\\\/onurbegrup.com\\\/#organization\"},\"potentialAction\":[{\"@type\":\"SearchAction\",\"target\":{\"@type\":\"EntryPoint\",\"urlTemplate\":\"https:\\\/\\\/onurbegrup.com\\\/?s={search_term_string}\"},\"query-input\":{\"@type\":\"PropertyValueSpecification\",\"valueRequired\":true,\"valueName\":\"search_term_string\"}}],\"inLanguage\":\"es\"},{\"@type\":\"Organization\",\"@id\":\"https:\\\/\\\/onurbegrup.com\\\/#organization\",\"name\":\"On Urbe\",\"url\":\"https:\\\/\\\/onurbegrup.com\\\/\",\"logo\":{\"@type\":\"ImageObject\",\"inLanguage\":\"es\",\"@id\":\"https:\\\/\\\/onurbegrup.com\\\/#\\\/schema\\\/logo\\\/image\\\/\",\"url\":\"https:\\\/\\\/onurbegrup.com\\\/wp-content\\\/uploads\\\/2026\\\/06\\\/logo.png\",\"contentUrl\":\"https:\\\/\\\/onurbegrup.com\\\/wp-content\\\/uploads\\\/2026\\\/06\\\/logo.png\",\"width\":988,\"height\":241,\"caption\":\"On Urbe\"},\"image\":{\"@id\":\"https:\\\/\\\/onurbegrup.com\\\/#\\\/schema\\\/logo\\\/image\\\/\"}}]}<\/script>\n<!-- \/ Yoast SEO plugin. -->","yoast_head_json":{"title":"CALLE DE BERTRAN - On Urbe","robots":{"index":"index","follow":"follow","max-snippet":"max-snippet:-1","max-image-preview":"max-image-preview:large","max-video-preview":"max-video-preview:-1"},"canonical":"https:\/\/onurbegrup.com\/propiedad\/calle-de-bertran-2\/","og_locale":"es_ES","og_type":"article","og_title":"CALLE DE BERTRAN - On Urbe","og_description":"Local Comercial en Venta en Sarri\u00e0-Sant GervasiLocal en venta de 152 m\u00b2 con alta rentabilidad, distribuido en dos plantas: planta baja de 85 m\u00b2 y s\u00f3tano de 49 m\u00b2, en una zona inmejorable del barrio de Sarri\u00e0-Sant Gervasi. Local acondicionado como vivienda de 138 m\u00b2 con entrada independiente desde la calle y acceso adicional desde&hellip;","og_url":"https:\/\/onurbegrup.com\/propiedad\/calle-de-bertran-2\/","og_site_name":"On Urbe","twitter_card":"summary_large_image","twitter_misc":{"Tiempo de lectura":"1 minuto"},"schema":{"@context":"https:\/\/schema.org","@graph":[{"@type":"WebPage","@id":"https:\/\/onurbegrup.com\/propiedad\/calle-de-bertran-2\/","url":"https:\/\/onurbegrup.com\/propiedad\/calle-de-bertran-2\/","name":"CALLE DE BERTRAN - On Urbe","isPartOf":{"@id":"https:\/\/onurbegrup.com\/#website"},"primaryImageOfPage":{"@id":"https:\/\/onurbegrup.com\/propiedad\/calle-de-bertran-2\/#primaryimage"},"image":{"@id":"https:\/\/onurbegrup.com\/propiedad\/calle-de-bertran-2\/#primaryimage"},"thumbnailUrl":"https:\/\/onurbegrup.com\/wp-content\/uploads\/2026\/09\/27324998.jpg","datePublished":"2026-09-02T08:48:44+00:00","breadcrumb":{"@id":"https:\/\/onurbegrup.com\/propiedad\/calle-de-bertran-2\/#breadcrumb"},"inLanguage":"es","potentialAction":[{"@type":"ReadAction","target":["https:\/\/onurbegrup.com\/propiedad\/calle-de-bertran-2\/"]}]},{"@type":"ImageObject","inLanguage":"es","@id":"https:\/\/onurbegrup.com\/propiedad\/calle-de-bertran-2\/#primaryimage","url":"https:\/\/onurbegrup.com\/wp-content\/uploads\/2026\/09\/27324998.jpg","contentUrl":"https:\/\/onurbegrup.com\/wp-content\/uploads\/2026\/09\/27324998.jpg","width":1500,"height":1125},{"@type":"BreadcrumbList","@id":"https:\/\/onurbegrup.com\/propiedad\/calle-de-bertran-2\/#breadcrumb","itemListElement":[{"@type":"ListItem","position":1,"name":"Home","item":"https:\/\/onurbegrup.com\/es\/"},{"@type":"ListItem","position":2,"name":"Propiedades","item":"https:\/\/onurbegrup.com\/propiedades\/"},{"@type":"ListItem","position":3,"name":"CALLE DE BERTRAN"}]},{"@type":"WebSite","@id":"https:\/\/onurbegrup.com\/#website","url":"https:\/\/onurbegrup.com\/","name":"On Urbe","description":"Grup immobiliari","publisher":{"@id":"https:\/\/onurbegrup.com\/#organization"},"potentialAction":[{"@type":"SearchAction","target":{"@type":"EntryPoint","urlTemplate":"https:\/\/onurbegrup.com\/?s={search_term_string}"},"query-input":{"@type":"PropertyValueSpecification","valueRequired":true,"valueName":"search_term_string"}}],"inLanguage":"es"},{"@type":"Organization","@id":"https:\/\/onurbegrup.com\/#organization","name":"On Urbe","url":"https:\/\/onurbegrup.com\/","logo":{"@type":"ImageObject","inLanguage":"es","@id":"https:\/\/onurbegrup.com\/#\/schema\/logo\/image\/","url":"https:\/\/onurbegrup.com\/wp-content\/uploads\/2026\/06\/logo.png","contentUrl":"https:\/\/onurbegrup.com\/wp-content\/uploads\/2026\/06\/logo.png","width":988,"height":241,"caption":"On Urbe"},"image":{"@id":"https:\/\/onurbegrup.com\/#\/schema\/logo\/image\/"}}]}},"_links":{"self":[{"href":"https:\/\/onurbegrup.com\/es\/wp-json\/wp\/v2\/propiedad\/11490","targetHints":{"allow":["GET"]}}],"collection":[{"href":"https:\/\/onurbegrup.com\/es\/wp-json\/wp\/v2\/propiedad"}],"about":[{"href":"https:\/\/onurbegrup.com\/es\/wp-json\/wp\/v2\/types\/propiedad"}],"wp:featuredmedia":[{"embeddable":true,"href":"https:\/\/onurbegrup.com\/es\/wp-json\/wp\/v2\/media\/11461"}],"wp:attachment":[{"href":"https:\/\/onurbegrup.com\/es\/wp-json\/wp\/v2\/media?parent=11490"}],"wp:term":[{"taxonomy":"operacion","embeddable":true,"href":"https:\/\/onurbegrup.com\/es\/wp-json\/wp\/v2\/operacion?post=11490"},{"taxonomy":"poblacion","embeddable":true,"href":"https:\/\/onurbegrup.com\/es\/wp-json\/wp\/v2\/poblacion?post=11490"},{"taxonomy":"subzona","embeddable":true,"href":"https:\/\/onurbegrup.com\/es\/wp-json\/wp\/v2\/subzona?post=11490"},{"taxonomy":"tipo-de-inmueble","embeddable":true,"href":"https:\/\/onurbegrup.com\/es\/wp-json\/wp\/v2\/tipo-de-inmueble?post=11490"},{"taxonomy":"zona","embeddable":true,"href":"https:\/\/onurbegrup.com\/es\/wp-json\/wp\/v2\/zona?post=11490"}],"curies":[{"name":"wp","href":"https:\/\/api.w.org\/{rel}","templated":true}]}}

<p>Local Comercial en Venta en Sarrià-Sant GervasiLocal en venta de 152 m² con alta rentabilidad, distribuido en dos plantas: planta baja de 85 m² y sótano de 49 m², en una zona inmejorable del barrio de Sarrià-Sant Gervasi. Local acondicionado como vivienda de 138 m² con entrada independiente desde la calle y acceso adicional desde la finca. Actualmente distribuido en salón-comedor de 30 m², cocina independiente, baño y 4 habitaciones. Gracias a su distribución mediante tabiques, ofrece múltiples posibilidades de reforma y la opción de crear un amplio espacio diáfano tipo loft. Una propiedad con mucho potencial en una excelente ubicación.La zona destaca por su proximidad a las principales calles de comunicación, como Ronda General Mitre y Carrer Balmes, así como por su excelente conexión mediante Ferrocarril de la Generalitat (estaciones de El Putxet y Av. Tibidabo) y numerosas líneas de autobús. Rodeado de comercios de proximidad, supermercados, panaderías, farmacias, centros médicos, colegios y escuelas de prestigio, ofrece un flujo constante de residentes y profesionales durante todo el día. A pocos minutos del Parque del Turó del Putxet, una de las zonas verdes más apreciadas del distrito, que aporta calidad de vida y atractivo al entorno. ¡Contáctanos y agenda tu visita!</p>

<!-- This site is optimized with the Yoast SEO plugin v27.9 - https://yoast.com/product/yoast-seo-wordpress/ -->
<title>CALLE DE BERTRAN - On Urbe</title>
<meta name="robots" content="index, follow, max-snippet:-1, max-image-preview:large, max-video-preview:-1" />
<link rel="canonical" href="https://onurbegrup.com/propiedad/calle-de-bertran-2/" />
<meta property="og:locale" content="es_ES" />
<meta property="og:type" content="article" />
<meta property="og:title" content="CALLE DE BERTRAN - On Urbe" />
<meta property="og:description" content="Local Comercial en Venta en Sarrià-Sant GervasiLocal en venta de 152 m² con alta rentabilidad, distribuido en dos plantas: planta baja de 85 m² y sótano de 49 m², en una zona inmejorable del barrio de Sarrià-Sant Gervasi. Local acondicionado como vivienda de 138 m² con entrada independiente desde la calle y acceso adicional desde&hellip;" />
<meta property="og:url" content="https://onurbegrup.com/propiedad/calle-de-bertran-2/" />
<meta property="og:site_name" content="On Urbe" />
<meta name="twitter:card" content="summary_large_image" />
<meta name="twitter:label1" content="Tiempo de lectura" />
	<meta name="twitter:data1" content="1 minuto" />
<script type="application/ld+json" class="yoast-schema-graph">{"@context":"https:\/\/schema.org","@graph":[{"@type":"WebPage","@id":"https:\/\/onurbegrup.com\/propiedad\/calle-de-bertran-2\/","url":"https:\/\/onurbegrup.com\/propiedad\/calle-de-bertran-2\/","name":"CALLE DE BERTRAN - On Urbe","isPartOf":{"@id":"https:\/\/onurbegrup.com\/#website"},"primaryImageOfPage":{"@id":"https:\/\/onurbegrup.com\/propiedad\/calle-de-bertran-2\/#primaryimage"},"image":{"@id":"https:\/\/onurbegrup.com\/propiedad\/calle-de-bertran-2\/#primaryimage"},"thumbnailUrl":"https:\/\/onurbegrup.com\/wp-content\/uploads\/2026\/09\/27324998.jpg","datePublished":"2026-09-02T08:48:44+00:00","breadcrumb":{"@id":"https:\/\/onurbegrup.com\/propiedad\/calle-de-bertran-2\/#breadcrumb"},"inLanguage":"es","potentialAction":[{"@type":"ReadAction","target":["https:\/\/onurbegrup.com\/propiedad\/calle-de-bertran-2\/"]}]},{"@type":"ImageObject","inLanguage":"es","@id":"https:\/\/onurbegrup.com\/propiedad\/calle-de-bertran-2\/#primaryimage","url":"https:\/\/onurbegrup.com\/wp-content\/uploads\/2026\/09\/27324998.jpg","contentUrl":"https:\/\/onurbegrup.com\/wp-content\/uploads\/2026\/09\/27324998.jpg","width":1500,"height":1125},{"@type":"BreadcrumbList","@id":"https:\/\/onurbegrup.com\/propiedad\/calle-de-bertran-2\/#breadcrumb","itemListElement":[{"@type":"ListItem","position":1,"name":"Home","item":"https:\/\/onurbegrup.com\/es\/"},{"@type":"ListItem","position":2,"name":"Propiedades","item":"https:\/\/onurbegrup.com\/propiedades\/"},{"@type":"ListItem","position":3,"name":"CALLE DE BERTRAN"}]},{"@type":"WebSite","@id":"https:\/\/onurbegrup.com\/#website","url":"https:\/\/onurbegrup.com\/","name":"On Urbe","description":"Grup immobiliari","publisher":{"@id":"https:\/\/onurbegrup.com\/#organization"},"potentialAction":[{"@type":"SearchAction","target":{"@type":"EntryPoint","urlTemplate":"https:\/\/onurbegrup.com\/?s={search_term_string}"},"query-input":{"@type":"PropertyValueSpecification","valueRequired":true,"valueName":"search_term_string"}}],"inLanguage":"es"},{"@type":"Organization","@id":"https:\/\/onurbegrup.com\/#organization","name":"On Urbe","url":"https:\/\/onurbegrup.com\/","logo":{"@type":"ImageObject","inLanguage":"es","@id":"https:\/\/onurbegrup.com\/#\/schema\/logo\/image\/","url":"https:\/\/onurbegrup.com\/wp-content\/uploads\/2026\/06\/logo.png","contentUrl":"https:\/\/onurbegrup.com\/wp-content\/uploads\/2026\/06\/logo.png","width":988,"height":241,"caption":"On Urbe"},"image":{"@id":"https:\/\/onurbegrup.com\/#\/schema\/logo\/image\/"}}]}</script>
<!-- / Yoast SEO plugin. -->

Local Comercial en Venta en Sarrià-Sant GervasiLocal en venta de 152 m² con alta rentabilidad, distribuido en dos plantas: planta baja de 85 m² y sótano de 49 m², en una zona inmejorable del barrio de Sarrià-Sant Gervasi. Local acondicionado como vivienda de 138 m² con entrada independiente desde la calle y acceso adicional desde&hellip;
