{"id":8584,"date":"2026-07-03T11:37:00","date_gmt":"2026-07-03T11:37:00","guid":{"rendered":"https:\/\/onurbegrup.com\/propiedad\/atico-con-terraza-y-vistas-en-nova-esquerra\/"},"modified":"2026-08-17T09:54:12","modified_gmt":"2026-08-17T09:54:12","slug":"atico-con-terraza-y-vistas-en-nova-esquerra","status":"publish","type":"propiedad","link":"https:\/\/onurbegrup.com\/es\/propiedad\/atico-con-terraza-y-vistas-en-nova-esquerra\/","title":{"rendered":"\u00c1tico con terraza y vistas en Nova Esquerra"},"content":{"rendered":"<p>Descubre este espectacular \u00e1tico de 72 m\u00b2 \u00fatiles m\u00e1s una terraza con vistas a Montju\u00efc, situado en el coraz\u00f3n de La Nova Esquerra de l&#8217;Eixample. La vivienda destaca por su orientaci\u00f3n sureste, su luminosidad y sus espacios amplios. Se distribuye en 3 dormitorios, 1 ba\u00f1o completo, cocina independiente y sal\u00f3n-comedor con salida a una amplia terraza. Cuenta con suelos de parquet, carpinter\u00eda de aluminio con doble acristalamiento, aire acondicionado y altillo. Una oportunidad para vivir en una zona consolidada, bien comunicada y rodeada de comercios, restaurantes y servicios.<\/p>\n","protected":false},"featured_media":8585,"template":"","meta":{"_acf_changed":false,"_joinchat":[]},"operacion":[135],"poblacion":[138],"subzona":[],"tipo-de-inmueble":[141],"zona":[],"class_list":["post-8584","propiedad","type-propiedad","status-publish","has-post-thumbnail","hentry","operacion-venta","poblacion-eixample-esquerra","tipo-de-inmueble-piso","entry","has-media"],"acf":[],"yoast_head":"<!-- This site is optimized with the Yoast SEO plugin v27.9 - https:\/\/yoast.com\/product\/yoast-seo-wordpress\/ -->\n<title>\u00c1tico con terraza y vistas en Nova Esquerra - On Urbe<\/title>\n<meta name=\"robots\" content=\"index, follow, max-snippet:-1, max-image-preview:large, max-video-preview:-1\" \/>\n<link rel=\"canonical\" href=\"https:\/\/onurbegrup.com\/es\/propiedad\/atico-con-terraza-y-vistas-en-nova-esquerra\/\" \/>\n<meta property=\"og:locale\" content=\"es_ES\" \/>\n<meta property=\"og:type\" content=\"article\" \/>\n<meta property=\"og:title\" content=\"\u00c1tico con terraza y vistas en Nova Esquerra - On Urbe\" \/>\n<meta property=\"og:description\" content=\"Descubre este espectacular \u00e1tico de 72 m\u00b2 \u00fatiles m\u00e1s una terraza con vistas a Montju\u00efc, situado en el coraz\u00f3n de La Nova Esquerra de l&#8217;Eixample. La vivienda destaca por su orientaci\u00f3n sureste, su luminosidad y sus espacios amplios. Se distribuye en 3 dormitorios, 1 ba\u00f1o completo, cocina independiente y sal\u00f3n-comedor con salida a una amplia&hellip;\" \/>\n<meta property=\"og:url\" content=\"https:\/\/onurbegrup.com\/es\/propiedad\/atico-con-terraza-y-vistas-en-nova-esquerra\/\" \/>\n<meta property=\"og:site_name\" content=\"On Urbe\" \/>\n<meta property=\"article:modified_time\" content=\"2026-08-17T09:54:12+00:00\" \/>\n<meta property=\"og:image\" content=\"https:\/\/onurbegrup.com\/wp-content\/uploads\/2026\/07\/atico-con-terraza-y-vistas-en-nova-esquerra-001.png\" \/>\n\t<meta property=\"og:image:width\" content=\"1600\" \/>\n\t<meta property=\"og:image:height\" content=\"1200\" \/>\n\t<meta property=\"og:image:type\" content=\"image\/png\" \/>\n<meta name=\"twitter:card\" content=\"summary_large_image\" \/>\n<meta name=\"twitter:label1\" content=\"Tiempo de lectura\" \/>\n\t<meta name=\"twitter:data1\" content=\"1 minuto\" \/>\n<script type=\"application\/ld+json\" class=\"yoast-schema-graph\">{\"@context\":\"https:\\\/\\\/schema.org\",\"@graph\":[{\"@type\":\"WebPage\",\"@id\":\"https:\\\/\\\/onurbegrup.com\\\/es\\\/propiedad\\\/atico-con-terraza-y-vistas-en-nova-esquerra\\\/\",\"url\":\"https:\\\/\\\/onurbegrup.com\\\/es\\\/propiedad\\\/atico-con-terraza-y-vistas-en-nova-esquerra\\\/\",\"name\":\"\u00c1tico con terraza y vistas en Nova Esquerra - On Urbe\",\"isPartOf\":{\"@id\":\"https:\\\/\\\/onurbegrup.com\\\/#website\"},\"primaryImageOfPage\":{\"@id\":\"https:\\\/\\\/onurbegrup.com\\\/es\\\/propiedad\\\/atico-con-terraza-y-vistas-en-nova-esquerra\\\/#primaryimage\"},\"image\":{\"@id\":\"https:\\\/\\\/onurbegrup.com\\\/es\\\/propiedad\\\/atico-con-terraza-y-vistas-en-nova-esquerra\\\/#primaryimage\"},\"thumbnailUrl\":\"https:\\\/\\\/onurbegrup.com\\\/wp-content\\\/uploads\\\/2026\\\/07\\\/atico-con-terraza-y-vistas-en-nova-esquerra-001.png\",\"datePublished\":\"2026-07-03T11:37:00+00:00\",\"dateModified\":\"2026-08-17T09:54:12+00:00\",\"breadcrumb\":{\"@id\":\"https:\\\/\\\/onurbegrup.com\\\/es\\\/propiedad\\\/atico-con-terraza-y-vistas-en-nova-esquerra\\\/#breadcrumb\"},\"inLanguage\":\"es\",\"potentialAction\":[{\"@type\":\"ReadAction\",\"target\":[\"https:\\\/\\\/onurbegrup.com\\\/es\\\/propiedad\\\/atico-con-terraza-y-vistas-en-nova-esquerra\\\/\"]}]},{\"@type\":\"ImageObject\",\"inLanguage\":\"es\",\"@id\":\"https:\\\/\\\/onurbegrup.com\\\/es\\\/propiedad\\\/atico-con-terraza-y-vistas-en-nova-esquerra\\\/#primaryimage\",\"url\":\"https:\\\/\\\/onurbegrup.com\\\/wp-content\\\/uploads\\\/2026\\\/07\\\/atico-con-terraza-y-vistas-en-nova-esquerra-001.png\",\"contentUrl\":\"https:\\\/\\\/onurbegrup.com\\\/wp-content\\\/uploads\\\/2026\\\/07\\\/atico-con-terraza-y-vistas-en-nova-esquerra-001.png\",\"width\":1600,\"height\":1200},{\"@type\":\"BreadcrumbList\",\"@id\":\"https:\\\/\\\/onurbegrup.com\\\/es\\\/propiedad\\\/atico-con-terraza-y-vistas-en-nova-esquerra\\\/#breadcrumb\",\"itemListElement\":[{\"@type\":\"ListItem\",\"position\":1,\"name\":\"Home\",\"item\":\"https:\\\/\\\/onurbegrup.com\\\/es\\\/\"},{\"@type\":\"ListItem\",\"position\":2,\"name\":\"Propiedades\",\"item\":\"https:\\\/\\\/onurbegrup.com\\\/propiedades\\\/\"},{\"@type\":\"ListItem\",\"position\":3,\"name\":\"\u00c1tico con terraza y vistas en Nova Esquerra\"}]},{\"@type\":\"WebSite\",\"@id\":\"https:\\\/\\\/onurbegrup.com\\\/#website\",\"url\":\"https:\\\/\\\/onurbegrup.com\\\/\",\"name\":\"On Urbe\",\"description\":\"Grup immobiliari\",\"publisher\":{\"@id\":\"https:\\\/\\\/onurbegrup.com\\\/#organization\"},\"potentialAction\":[{\"@type\":\"SearchAction\",\"target\":{\"@type\":\"EntryPoint\",\"urlTemplate\":\"https:\\\/\\\/onurbegrup.com\\\/?s={search_term_string}\"},\"query-input\":{\"@type\":\"PropertyValueSpecification\",\"valueRequired\":true,\"valueName\":\"search_term_string\"}}],\"inLanguage\":\"es\"},{\"@type\":\"Organization\",\"@id\":\"https:\\\/\\\/onurbegrup.com\\\/#organization\",\"name\":\"On Urbe\",\"url\":\"https:\\\/\\\/onurbegrup.com\\\/\",\"logo\":{\"@type\":\"ImageObject\",\"inLanguage\":\"es\",\"@id\":\"https:\\\/\\\/onurbegrup.com\\\/#\\\/schema\\\/logo\\\/image\\\/\",\"url\":\"https:\\\/\\\/onurbegrup.com\\\/wp-content\\\/uploads\\\/2026\\\/06\\\/logo.png\",\"contentUrl\":\"https:\\\/\\\/onurbegrup.com\\\/wp-content\\\/uploads\\\/2026\\\/06\\\/logo.png\",\"width\":988,\"height\":241,\"caption\":\"On Urbe\"},\"image\":{\"@id\":\"https:\\\/\\\/onurbegrup.com\\\/#\\\/schema\\\/logo\\\/image\\\/\"}}]}<\/script>\n<!-- \/ Yoast SEO plugin. -->","yoast_head_json":{"title":"\u00c1tico con terraza y vistas en Nova Esquerra - On Urbe","robots":{"index":"index","follow":"follow","max-snippet":"max-snippet:-1","max-image-preview":"max-image-preview:large","max-video-preview":"max-video-preview:-1"},"canonical":"https:\/\/onurbegrup.com\/es\/propiedad\/atico-con-terraza-y-vistas-en-nova-esquerra\/","og_locale":"es_ES","og_type":"article","og_title":"\u00c1tico con terraza y vistas en Nova Esquerra - On Urbe","og_description":"Descubre este espectacular \u00e1tico de 72 m\u00b2 \u00fatiles m\u00e1s una terraza con vistas a Montju\u00efc, situado en el coraz\u00f3n de La Nova Esquerra de l&#8217;Eixample. La vivienda destaca por su orientaci\u00f3n sureste, su luminosidad y sus espacios amplios. Se distribuye en 3 dormitorios, 1 ba\u00f1o completo, cocina independiente y sal\u00f3n-comedor con salida a una amplia&hellip;","og_url":"https:\/\/onurbegrup.com\/es\/propiedad\/atico-con-terraza-y-vistas-en-nova-esquerra\/","og_site_name":"On Urbe","article_modified_time":"2026-08-17T09:54:12+00:00","og_image":[{"width":1600,"height":1200,"url":"https:\/\/onurbegrup.com\/wp-content\/uploads\/2026\/07\/atico-con-terraza-y-vistas-en-nova-esquerra-001.png","type":"image\/png"}],"twitter_card":"summary_large_image","twitter_misc":{"Tiempo de lectura":"1 minuto"},"schema":{"@context":"https:\/\/schema.org","@graph":[{"@type":"WebPage","@id":"https:\/\/onurbegrup.com\/es\/propiedad\/atico-con-terraza-y-vistas-en-nova-esquerra\/","url":"https:\/\/onurbegrup.com\/es\/propiedad\/atico-con-terraza-y-vistas-en-nova-esquerra\/","name":"\u00c1tico con terraza y vistas en Nova Esquerra - On Urbe","isPartOf":{"@id":"https:\/\/onurbegrup.com\/#website"},"primaryImageOfPage":{"@id":"https:\/\/onurbegrup.com\/es\/propiedad\/atico-con-terraza-y-vistas-en-nova-esquerra\/#primaryimage"},"image":{"@id":"https:\/\/onurbegrup.com\/es\/propiedad\/atico-con-terraza-y-vistas-en-nova-esquerra\/#primaryimage"},"thumbnailUrl":"https:\/\/onurbegrup.com\/wp-content\/uploads\/2026\/07\/atico-con-terraza-y-vistas-en-nova-esquerra-001.png","datePublished":"2026-07-03T11:37:00+00:00","dateModified":"2026-08-17T09:54:12+00:00","breadcrumb":{"@id":"https:\/\/onurbegrup.com\/es\/propiedad\/atico-con-terraza-y-vistas-en-nova-esquerra\/#breadcrumb"},"inLanguage":"es","potentialAction":[{"@type":"ReadAction","target":["https:\/\/onurbegrup.com\/es\/propiedad\/atico-con-terraza-y-vistas-en-nova-esquerra\/"]}]},{"@type":"ImageObject","inLanguage":"es","@id":"https:\/\/onurbegrup.com\/es\/propiedad\/atico-con-terraza-y-vistas-en-nova-esquerra\/#primaryimage","url":"https:\/\/onurbegrup.com\/wp-content\/uploads\/2026\/07\/atico-con-terraza-y-vistas-en-nova-esquerra-001.png","contentUrl":"https:\/\/onurbegrup.com\/wp-content\/uploads\/2026\/07\/atico-con-terraza-y-vistas-en-nova-esquerra-001.png","width":1600,"height":1200},{"@type":"BreadcrumbList","@id":"https:\/\/onurbegrup.com\/es\/propiedad\/atico-con-terraza-y-vistas-en-nova-esquerra\/#breadcrumb","itemListElement":[{"@type":"ListItem","position":1,"name":"Home","item":"https:\/\/onurbegrup.com\/es\/"},{"@type":"ListItem","position":2,"name":"Propiedades","item":"https:\/\/onurbegrup.com\/propiedades\/"},{"@type":"ListItem","position":3,"name":"\u00c1tico con terraza y vistas en Nova Esquerra"}]},{"@type":"WebSite","@id":"https:\/\/onurbegrup.com\/#website","url":"https:\/\/onurbegrup.com\/","name":"On Urbe","description":"Grup immobiliari","publisher":{"@id":"https:\/\/onurbegrup.com\/#organization"},"potentialAction":[{"@type":"SearchAction","target":{"@type":"EntryPoint","urlTemplate":"https:\/\/onurbegrup.com\/?s={search_term_string}"},"query-input":{"@type":"PropertyValueSpecification","valueRequired":true,"valueName":"search_term_string"}}],"inLanguage":"es"},{"@type":"Organization","@id":"https:\/\/onurbegrup.com\/#organization","name":"On Urbe","url":"https:\/\/onurbegrup.com\/","logo":{"@type":"ImageObject","inLanguage":"es","@id":"https:\/\/onurbegrup.com\/#\/schema\/logo\/image\/","url":"https:\/\/onurbegrup.com\/wp-content\/uploads\/2026\/06\/logo.png","contentUrl":"https:\/\/onurbegrup.com\/wp-content\/uploads\/2026\/06\/logo.png","width":988,"height":241,"caption":"On Urbe"},"image":{"@id":"https:\/\/onurbegrup.com\/#\/schema\/logo\/image\/"}}]}},"_links":{"self":[{"href":"https:\/\/onurbegrup.com\/es\/wp-json\/wp\/v2\/propiedad\/8584","targetHints":{"allow":["GET"]}}],"collection":[{"href":"https:\/\/onurbegrup.com\/es\/wp-json\/wp\/v2\/propiedad"}],"about":[{"href":"https:\/\/onurbegrup.com\/es\/wp-json\/wp\/v2\/types\/propiedad"}],"wp:featuredmedia":[{"embeddable":true,"href":"https:\/\/onurbegrup.com\/es\/wp-json\/wp\/v2\/media\/8585"}],"wp:attachment":[{"href":"https:\/\/onurbegrup.com\/es\/wp-json\/wp\/v2\/media?parent=8584"}],"wp:term":[{"taxonomy":"operacion","embeddable":true,"href":"https:\/\/onurbegrup.com\/es\/wp-json\/wp\/v2\/operacion?post=8584"},{"taxonomy":"poblacion","embeddable":true,"href":"https:\/\/onurbegrup.com\/es\/wp-json\/wp\/v2\/poblacion?post=8584"},{"taxonomy":"subzona","embeddable":true,"href":"https:\/\/onurbegrup.com\/es\/wp-json\/wp\/v2\/subzona?post=8584"},{"taxonomy":"tipo-de-inmueble","embeddable":true,"href":"https:\/\/onurbegrup.com\/es\/wp-json\/wp\/v2\/tipo-de-inmueble?post=8584"},{"taxonomy":"zona","embeddable":true,"href":"https:\/\/onurbegrup.com\/es\/wp-json\/wp\/v2\/zona?post=8584"}],"curies":[{"name":"wp","href":"https:\/\/api.w.org\/{rel}","templated":true}]}}

Ático con terraza y vistas en Nova Esquerra

<p>Descubre este espectacular ático de 72 m² útiles más una terraza con vistas a Montjuïc, situado en el corazón de La Nova Esquerra de l&#8217;Eixample. La vivienda destaca por su orientación sureste, su luminosidad y sus espacios amplios. Se distribuye en 3 dormitorios, 1 baño completo, cocina independiente y salón-comedor con salida a una amplia terraza. Cuenta con suelos de parquet, carpintería de aluminio con doble acristalamiento, aire acondicionado y altillo. Una oportunidad para vivir en una zona consolidada, bien comunicada y rodeada de comercios, restaurantes y servicios.</p>

<!-- This site is optimized with the Yoast SEO plugin v27.9 - https://yoast.com/product/yoast-seo-wordpress/ -->
<title>Ático con terraza y vistas en Nova Esquerra - On Urbe</title>
<meta name="robots" content="index, follow, max-snippet:-1, max-image-preview:large, max-video-preview:-1" />
<link rel="canonical" href="https://onurbegrup.com/es/propiedad/atico-con-terraza-y-vistas-en-nova-esquerra/" />
<meta property="og:locale" content="es_ES" />
<meta property="og:type" content="article" />
<meta property="og:title" content="Ático con terraza y vistas en Nova Esquerra - On Urbe" />
<meta property="og:description" content="Descubre este espectacular ático de 72 m² útiles más una terraza con vistas a Montjuïc, situado en el corazón de La Nova Esquerra de l&#8217;Eixample. La vivienda destaca por su orientación sureste, su luminosidad y sus espacios amplios. Se distribuye en 3 dormitorios, 1 baño completo, cocina independiente y salón-comedor con salida a una amplia&hellip;" />
<meta property="og:url" content="https://onurbegrup.com/es/propiedad/atico-con-terraza-y-vistas-en-nova-esquerra/" />
<meta property="og:site_name" content="On Urbe" />
<meta property="article:modified_time" content="2026-08-17T09:54:12+00:00" />
<meta property="og:image" content="https://onurbegrup.com/wp-content/uploads/2026/07/atico-con-terraza-y-vistas-en-nova-esquerra-001.png" />
	<meta property="og:image:width" content="1600" />
	<meta property="og:image:height" content="1200" />
	<meta property="og:image:type" content="image/png" />
<meta name="twitter:card" content="summary_large_image" />
<meta name="twitter:label1" content="Tiempo de lectura" />
	<meta name="twitter:data1" content="1 minuto" />
<script type="application/ld+json" class="yoast-schema-graph">{"@context":"https:\/\/schema.org","@graph":[{"@type":"WebPage","@id":"https:\/\/onurbegrup.com\/es\/propiedad\/atico-con-terraza-y-vistas-en-nova-esquerra\/","url":"https:\/\/onurbegrup.com\/es\/propiedad\/atico-con-terraza-y-vistas-en-nova-esquerra\/","name":"Ático con terraza y vistas en Nova Esquerra - On Urbe","isPartOf":{"@id":"https:\/\/onurbegrup.com\/#website"},"primaryImageOfPage":{"@id":"https:\/\/onurbegrup.com\/es\/propiedad\/atico-con-terraza-y-vistas-en-nova-esquerra\/#primaryimage"},"image":{"@id":"https:\/\/onurbegrup.com\/es\/propiedad\/atico-con-terraza-y-vistas-en-nova-esquerra\/#primaryimage"},"thumbnailUrl":"https:\/\/onurbegrup.com\/wp-content\/uploads\/2026\/07\/atico-con-terraza-y-vistas-en-nova-esquerra-001.png","datePublished":"2026-07-03T11:37:00+00:00","dateModified":"2026-08-17T09:54:12+00:00","breadcrumb":{"@id":"https:\/\/onurbegrup.com\/es\/propiedad\/atico-con-terraza-y-vistas-en-nova-esquerra\/#breadcrumb"},"inLanguage":"es","potentialAction":[{"@type":"ReadAction","target":["https:\/\/onurbegrup.com\/es\/propiedad\/atico-con-terraza-y-vistas-en-nova-esquerra\/"]}]},{"@type":"ImageObject","inLanguage":"es","@id":"https:\/\/onurbegrup.com\/es\/propiedad\/atico-con-terraza-y-vistas-en-nova-esquerra\/#primaryimage","url":"https:\/\/onurbegrup.com\/wp-content\/uploads\/2026\/07\/atico-con-terraza-y-vistas-en-nova-esquerra-001.png","contentUrl":"https:\/\/onurbegrup.com\/wp-content\/uploads\/2026\/07\/atico-con-terraza-y-vistas-en-nova-esquerra-001.png","width":1600,"height":1200},{"@type":"BreadcrumbList","@id":"https:\/\/onurbegrup.com\/es\/propiedad\/atico-con-terraza-y-vistas-en-nova-esquerra\/#breadcrumb","itemListElement":[{"@type":"ListItem","position":1,"name":"Home","item":"https:\/\/onurbegrup.com\/es\/"},{"@type":"ListItem","position":2,"name":"Propiedades","item":"https:\/\/onurbegrup.com\/propiedades\/"},{"@type":"ListItem","position":3,"name":"Ático con terraza y vistas en Nova Esquerra"}]},{"@type":"WebSite","@id":"https:\/\/onurbegrup.com\/#website","url":"https:\/\/onurbegrup.com\/","name":"On Urbe","description":"Grup immobiliari","publisher":{"@id":"https:\/\/onurbegrup.com\/#organization"},"potentialAction":[{"@type":"SearchAction","target":{"@type":"EntryPoint","urlTemplate":"https:\/\/onurbegrup.com\/?s={search_term_string}"},"query-input":{"@type":"PropertyValueSpecification","valueRequired":true,"valueName":"search_term_string"}}],"inLanguage":"es"},{"@type":"Organization","@id":"https:\/\/onurbegrup.com\/#organization","name":"On Urbe","url":"https:\/\/onurbegrup.com\/","logo":{"@type":"ImageObject","inLanguage":"es","@id":"https:\/\/onurbegrup.com\/#\/schema\/logo\/image\/","url":"https:\/\/onurbegrup.com\/wp-content\/uploads\/2026\/06\/logo.png","contentUrl":"https:\/\/onurbegrup.com\/wp-content\/uploads\/2026\/06\/logo.png","width":988,"height":241,"caption":"On Urbe"},"image":{"@id":"https:\/\/onurbegrup.com\/#\/schema\/logo\/image\/"}}]}</script>
<!-- / Yoast SEO plugin. -->

Ático con terraza y vistas en Nova Esquerra - On Urbe

Descubre este espectacular ático de 72 m² útiles más una terraza con vistas a Montjuïc, situado en el corazón de La Nova Esquerra de l&#8217;Eixample. La vivienda destaca por su orientación sureste, su luminosidad y sus espacios amplios. Se distribuye en 3 dormitorios, 1 baño completo, cocina independiente y salón-comedor con salida a una amplia&hellip;
