{"id":8700,"date":"2026-07-03T16:10:40","date_gmt":"2026-07-03T16:10:40","guid":{"rendered":"https:\/\/onurbegrup.com\/propiedad\/atico-con-tres-terrazas-cerca-de-la-sagrada-familia\/"},"modified":"2026-07-03T16:10:40","modified_gmt":"2026-07-03T16:10:40","slug":"atico-con-tres-terrazas-cerca-de-la-sagrada-familia","status":"publish","type":"propiedad","link":"https:\/\/onurbegrup.com\/es\/propiedad\/atico-con-tres-terrazas-cerca-de-la-sagrada-familia\/","title":{"rendered":"\u00c1tico con tres terrazas cerca de la Sagrada Familia"},"content":{"rendered":"<p>\u00c1tico \u00fanico con 3 terrazas privadas 91 m\u00b2y piso de 70 m\u00b2 cerca de la Sagrada Familia! \u00c1tico de 2 habitaciones con tres terrazas privadas, situado en un pasaje tranquilo a pocos pasos de la Sagrada Familia. Ubicado en una calle peatonal, arbolada y muy tranquila, esta vivienda en la \u00faltima planta ofrece una combinaci\u00f3n poco habitual de privacidad, mucha luz natural, arquitectura t\u00edpica de Barcelona y amplios espacios exteriores en pleno centro. La propiedad cuenta con aproximadamente 156 m\u00b2 en total, incluyendo 70 m\u00b2 de superficie interior y 91 m\u00b2 de terrazas privadas, lo que permite disfrutar de un estilo de vida interior-exterior dif\u00edcil de encontrar en Barcelona. El piso dispone de dos habitaciones dobles y un ba\u00f1o completo, un sal\u00f3n amplio y una chimenea funcional. Es luminoso en todas las estancias, ya que tiene ventanas en cada habitaci\u00f3n, y cuenta con techos altos con ladrillo visto y vigas de madera originales que reflejan el car\u00e1cter del edificio<\/p>\n","protected":false},"featured_media":8701,"template":"","meta":{"_acf_changed":false,"_joinchat":[]},"operacion":[135],"poblacion":[156],"subzona":[],"tipo-de-inmueble":[141],"zona":[],"class_list":["post-8700","propiedad","type-propiedad","status-publish","has-post-thumbnail","hentry","operacion-venta","poblacion-sagrada-familia","tipo-de-inmueble-piso","entry","has-media"],"acf":[],"yoast_head":"<!-- This site is optimized with the Yoast SEO plugin v27.9 - https:\/\/yoast.com\/product\/yoast-seo-wordpress\/ -->\n<title>\u00c1tico con tres terrazas cerca de la Sagrada Familia - On Urbe<\/title>\n<meta name=\"robots\" content=\"index, follow, max-snippet:-1, max-image-preview:large, max-video-preview:-1\" \/>\n<link rel=\"canonical\" href=\"https:\/\/onurbegrup.com\/es\/propiedad\/atico-con-tres-terrazas-cerca-de-la-sagrada-familia\/\" \/>\n<meta property=\"og:locale\" content=\"es_ES\" \/>\n<meta property=\"og:type\" content=\"article\" \/>\n<meta property=\"og:title\" content=\"\u00c1tico con tres terrazas cerca de la Sagrada Familia - On Urbe\" \/>\n<meta property=\"og:description\" content=\"\u00c1tico \u00fanico con 3 terrazas privadas 91 m\u00b2y piso de 70 m\u00b2 cerca de la Sagrada Familia! \u00c1tico de 2 habitaciones con tres terrazas privadas, situado en un pasaje tranquilo a pocos pasos de la Sagrada Familia. Ubicado en una calle peatonal, arbolada y muy tranquila, esta vivienda en la \u00faltima planta ofrece una combinaci\u00f3n&hellip;\" \/>\n<meta property=\"og:url\" content=\"https:\/\/onurbegrup.com\/es\/propiedad\/atico-con-tres-terrazas-cerca-de-la-sagrada-familia\/\" \/>\n<meta property=\"og:site_name\" content=\"On Urbe\" \/>\n<meta name=\"twitter:card\" content=\"summary_large_image\" \/>\n<meta name=\"twitter:label1\" content=\"Tiempo de lectura\" \/>\n\t<meta name=\"twitter:data1\" content=\"1 minuto\" \/>\n<script type=\"application\/ld+json\" class=\"yoast-schema-graph\">{\"@context\":\"https:\\\/\\\/schema.org\",\"@graph\":[{\"@type\":\"WebPage\",\"@id\":\"https:\\\/\\\/onurbegrup.com\\\/es\\\/propiedad\\\/atico-con-tres-terrazas-cerca-de-la-sagrada-familia\\\/\",\"url\":\"https:\\\/\\\/onurbegrup.com\\\/es\\\/propiedad\\\/atico-con-tres-terrazas-cerca-de-la-sagrada-familia\\\/\",\"name\":\"\u00c1tico con tres terrazas cerca de la Sagrada Familia - On Urbe\",\"isPartOf\":{\"@id\":\"https:\\\/\\\/onurbegrup.com\\\/#website\"},\"primaryImageOfPage\":{\"@id\":\"https:\\\/\\\/onurbegrup.com\\\/es\\\/propiedad\\\/atico-con-tres-terrazas-cerca-de-la-sagrada-familia\\\/#primaryimage\"},\"image\":{\"@id\":\"https:\\\/\\\/onurbegrup.com\\\/es\\\/propiedad\\\/atico-con-tres-terrazas-cerca-de-la-sagrada-familia\\\/#primaryimage\"},\"thumbnailUrl\":\"https:\\\/\\\/onurbegrup.com\\\/wp-content\\\/uploads\\\/2026\\\/06\\\/atico-con-tres-terrazas-cerca-de-la-sagrada-familia-001.webp\",\"datePublished\":\"2026-07-03T16:10:40+00:00\",\"breadcrumb\":{\"@id\":\"https:\\\/\\\/onurbegrup.com\\\/es\\\/propiedad\\\/atico-con-tres-terrazas-cerca-de-la-sagrada-familia\\\/#breadcrumb\"},\"inLanguage\":\"es\",\"potentialAction\":[{\"@type\":\"ReadAction\",\"target\":[\"https:\\\/\\\/onurbegrup.com\\\/es\\\/propiedad\\\/atico-con-tres-terrazas-cerca-de-la-sagrada-familia\\\/\"]}]},{\"@type\":\"ImageObject\",\"inLanguage\":\"es\",\"@id\":\"https:\\\/\\\/onurbegrup.com\\\/es\\\/propiedad\\\/atico-con-tres-terrazas-cerca-de-la-sagrada-familia\\\/#primaryimage\",\"url\":\"https:\\\/\\\/onurbegrup.com\\\/wp-content\\\/uploads\\\/2026\\\/06\\\/atico-con-tres-terrazas-cerca-de-la-sagrada-familia-001.webp\",\"contentUrl\":\"https:\\\/\\\/onurbegrup.com\\\/wp-content\\\/uploads\\\/2026\\\/06\\\/atico-con-tres-terrazas-cerca-de-la-sagrada-familia-001.webp\",\"width\":1536,\"height\":1024},{\"@type\":\"BreadcrumbList\",\"@id\":\"https:\\\/\\\/onurbegrup.com\\\/es\\\/propiedad\\\/atico-con-tres-terrazas-cerca-de-la-sagrada-familia\\\/#breadcrumb\",\"itemListElement\":[{\"@type\":\"ListItem\",\"position\":1,\"name\":\"Home\",\"item\":\"https:\\\/\\\/onurbegrup.com\\\/es\\\/\"},{\"@type\":\"ListItem\",\"position\":2,\"name\":\"Propiedades\",\"item\":\"https:\\\/\\\/onurbegrup.com\\\/propiedades\\\/\"},{\"@type\":\"ListItem\",\"position\":3,\"name\":\"\u00c1tico con tres terrazas cerca de la Sagrada&hellip;\"}]},{\"@type\":\"WebSite\",\"@id\":\"https:\\\/\\\/onurbegrup.com\\\/#website\",\"url\":\"https:\\\/\\\/onurbegrup.com\\\/\",\"name\":\"On Urbe\",\"description\":\"Grup immobiliari\",\"publisher\":{\"@id\":\"https:\\\/\\\/onurbegrup.com\\\/#organization\"},\"potentialAction\":[{\"@type\":\"SearchAction\",\"target\":{\"@type\":\"EntryPoint\",\"urlTemplate\":\"https:\\\/\\\/onurbegrup.com\\\/?s={search_term_string}\"},\"query-input\":{\"@type\":\"PropertyValueSpecification\",\"valueRequired\":true,\"valueName\":\"search_term_string\"}}],\"inLanguage\":\"es\"},{\"@type\":\"Organization\",\"@id\":\"https:\\\/\\\/onurbegrup.com\\\/#organization\",\"name\":\"On Urbe\",\"url\":\"https:\\\/\\\/onurbegrup.com\\\/\",\"logo\":{\"@type\":\"ImageObject\",\"inLanguage\":\"es\",\"@id\":\"https:\\\/\\\/onurbegrup.com\\\/#\\\/schema\\\/logo\\\/image\\\/\",\"url\":\"https:\\\/\\\/onurbegrup.com\\\/wp-content\\\/uploads\\\/2026\\\/06\\\/logo.png\",\"contentUrl\":\"https:\\\/\\\/onurbegrup.com\\\/wp-content\\\/uploads\\\/2026\\\/06\\\/logo.png\",\"width\":988,\"height\":241,\"caption\":\"On Urbe\"},\"image\":{\"@id\":\"https:\\\/\\\/onurbegrup.com\\\/#\\\/schema\\\/logo\\\/image\\\/\"}}]}<\/script>\n<!-- \/ Yoast SEO plugin. -->","yoast_head_json":{"title":"\u00c1tico con tres terrazas cerca de la Sagrada Familia - On Urbe","robots":{"index":"index","follow":"follow","max-snippet":"max-snippet:-1","max-image-preview":"max-image-preview:large","max-video-preview":"max-video-preview:-1"},"canonical":"https:\/\/onurbegrup.com\/es\/propiedad\/atico-con-tres-terrazas-cerca-de-la-sagrada-familia\/","og_locale":"es_ES","og_type":"article","og_title":"\u00c1tico con tres terrazas cerca de la Sagrada Familia - On Urbe","og_description":"\u00c1tico \u00fanico con 3 terrazas privadas 91 m\u00b2y piso de 70 m\u00b2 cerca de la Sagrada Familia! \u00c1tico de 2 habitaciones con tres terrazas privadas, situado en un pasaje tranquilo a pocos pasos de la Sagrada Familia. Ubicado en una calle peatonal, arbolada y muy tranquila, esta vivienda en la \u00faltima planta ofrece una combinaci\u00f3n&hellip;","og_url":"https:\/\/onurbegrup.com\/es\/propiedad\/atico-con-tres-terrazas-cerca-de-la-sagrada-familia\/","og_site_name":"On Urbe","twitter_card":"summary_large_image","twitter_misc":{"Tiempo de lectura":"1 minuto"},"schema":{"@context":"https:\/\/schema.org","@graph":[{"@type":"WebPage","@id":"https:\/\/onurbegrup.com\/es\/propiedad\/atico-con-tres-terrazas-cerca-de-la-sagrada-familia\/","url":"https:\/\/onurbegrup.com\/es\/propiedad\/atico-con-tres-terrazas-cerca-de-la-sagrada-familia\/","name":"\u00c1tico con tres terrazas cerca de la Sagrada Familia - On Urbe","isPartOf":{"@id":"https:\/\/onurbegrup.com\/#website"},"primaryImageOfPage":{"@id":"https:\/\/onurbegrup.com\/es\/propiedad\/atico-con-tres-terrazas-cerca-de-la-sagrada-familia\/#primaryimage"},"image":{"@id":"https:\/\/onurbegrup.com\/es\/propiedad\/atico-con-tres-terrazas-cerca-de-la-sagrada-familia\/#primaryimage"},"thumbnailUrl":"https:\/\/onurbegrup.com\/wp-content\/uploads\/2026\/06\/atico-con-tres-terrazas-cerca-de-la-sagrada-familia-001.webp","datePublished":"2026-07-03T16:10:40+00:00","breadcrumb":{"@id":"https:\/\/onurbegrup.com\/es\/propiedad\/atico-con-tres-terrazas-cerca-de-la-sagrada-familia\/#breadcrumb"},"inLanguage":"es","potentialAction":[{"@type":"ReadAction","target":["https:\/\/onurbegrup.com\/es\/propiedad\/atico-con-tres-terrazas-cerca-de-la-sagrada-familia\/"]}]},{"@type":"ImageObject","inLanguage":"es","@id":"https:\/\/onurbegrup.com\/es\/propiedad\/atico-con-tres-terrazas-cerca-de-la-sagrada-familia\/#primaryimage","url":"https:\/\/onurbegrup.com\/wp-content\/uploads\/2026\/06\/atico-con-tres-terrazas-cerca-de-la-sagrada-familia-001.webp","contentUrl":"https:\/\/onurbegrup.com\/wp-content\/uploads\/2026\/06\/atico-con-tres-terrazas-cerca-de-la-sagrada-familia-001.webp","width":1536,"height":1024},{"@type":"BreadcrumbList","@id":"https:\/\/onurbegrup.com\/es\/propiedad\/atico-con-tres-terrazas-cerca-de-la-sagrada-familia\/#breadcrumb","itemListElement":[{"@type":"ListItem","position":1,"name":"Home","item":"https:\/\/onurbegrup.com\/es\/"},{"@type":"ListItem","position":2,"name":"Propiedades","item":"https:\/\/onurbegrup.com\/propiedades\/"},{"@type":"ListItem","position":3,"name":"\u00c1tico con tres terrazas cerca de la Sagrada&hellip;"}]},{"@type":"WebSite","@id":"https:\/\/onurbegrup.com\/#website","url":"https:\/\/onurbegrup.com\/","name":"On Urbe","description":"Grup immobiliari","publisher":{"@id":"https:\/\/onurbegrup.com\/#organization"},"potentialAction":[{"@type":"SearchAction","target":{"@type":"EntryPoint","urlTemplate":"https:\/\/onurbegrup.com\/?s={search_term_string}"},"query-input":{"@type":"PropertyValueSpecification","valueRequired":true,"valueName":"search_term_string"}}],"inLanguage":"es"},{"@type":"Organization","@id":"https:\/\/onurbegrup.com\/#organization","name":"On Urbe","url":"https:\/\/onurbegrup.com\/","logo":{"@type":"ImageObject","inLanguage":"es","@id":"https:\/\/onurbegrup.com\/#\/schema\/logo\/image\/","url":"https:\/\/onurbegrup.com\/wp-content\/uploads\/2026\/06\/logo.png","contentUrl":"https:\/\/onurbegrup.com\/wp-content\/uploads\/2026\/06\/logo.png","width":988,"height":241,"caption":"On Urbe"},"image":{"@id":"https:\/\/onurbegrup.com\/#\/schema\/logo\/image\/"}}]}},"_links":{"self":[{"href":"https:\/\/onurbegrup.com\/es\/wp-json\/wp\/v2\/propiedad\/8700","targetHints":{"allow":["GET"]}}],"collection":[{"href":"https:\/\/onurbegrup.com\/es\/wp-json\/wp\/v2\/propiedad"}],"about":[{"href":"https:\/\/onurbegrup.com\/es\/wp-json\/wp\/v2\/types\/propiedad"}],"wp:featuredmedia":[{"embeddable":true,"href":"https:\/\/onurbegrup.com\/es\/wp-json\/wp\/v2\/media\/8701"}],"wp:attachment":[{"href":"https:\/\/onurbegrup.com\/es\/wp-json\/wp\/v2\/media?parent=8700"}],"wp:term":[{"taxonomy":"operacion","embeddable":true,"href":"https:\/\/onurbegrup.com\/es\/wp-json\/wp\/v2\/operacion?post=8700"},{"taxonomy":"poblacion","embeddable":true,"href":"https:\/\/onurbegrup.com\/es\/wp-json\/wp\/v2\/poblacion?post=8700"},{"taxonomy":"subzona","embeddable":true,"href":"https:\/\/onurbegrup.com\/es\/wp-json\/wp\/v2\/subzona?post=8700"},{"taxonomy":"tipo-de-inmueble","embeddable":true,"href":"https:\/\/onurbegrup.com\/es\/wp-json\/wp\/v2\/tipo-de-inmueble?post=8700"},{"taxonomy":"zona","embeddable":true,"href":"https:\/\/onurbegrup.com\/es\/wp-json\/wp\/v2\/zona?post=8700"}],"curies":[{"name":"wp","href":"https:\/\/api.w.org\/{rel}","templated":true}]}}

Ático con tres terrazas cerca de la Sagrada Familia

<p>Ático único con 3 terrazas privadas 91 m²y piso de 70 m² cerca de la Sagrada Familia! Ático de 2 habitaciones con tres terrazas privadas, situado en un pasaje tranquilo a pocos pasos de la Sagrada Familia. Ubicado en una calle peatonal, arbolada y muy tranquila, esta vivienda en la última planta ofrece una combinación poco habitual de privacidad, mucha luz natural, arquitectura típica de Barcelona y amplios espacios exteriores en pleno centro. La propiedad cuenta con aproximadamente 156 m² en total, incluyendo 70 m² de superficie interior y 91 m² de terrazas privadas, lo que permite disfrutar de un estilo de vida interior-exterior difícil de encontrar en Barcelona. El piso dispone de dos habitaciones dobles y un baño completo, un salón amplio y una chimenea funcional. Es luminoso en todas las estancias, ya que tiene ventanas en cada habitación, y cuenta con techos altos con ladrillo visto y vigas de madera originales que reflejan el carácter del edificio</p>

<!-- This site is optimized with the Yoast SEO plugin v27.9 - https://yoast.com/product/yoast-seo-wordpress/ -->
<title>Ático con tres terrazas cerca de la Sagrada Familia - On Urbe</title>
<meta name="robots" content="index, follow, max-snippet:-1, max-image-preview:large, max-video-preview:-1" />
<link rel="canonical" href="https://onurbegrup.com/es/propiedad/atico-con-tres-terrazas-cerca-de-la-sagrada-familia/" />
<meta property="og:locale" content="es_ES" />
<meta property="og:type" content="article" />
<meta property="og:title" content="Ático con tres terrazas cerca de la Sagrada Familia - On Urbe" />
<meta property="og:description" content="Ático único con 3 terrazas privadas 91 m²y piso de 70 m² cerca de la Sagrada Familia! Ático de 2 habitaciones con tres terrazas privadas, situado en un pasaje tranquilo a pocos pasos de la Sagrada Familia. Ubicado en una calle peatonal, arbolada y muy tranquila, esta vivienda en la última planta ofrece una combinación&hellip;" />
<meta property="og:url" content="https://onurbegrup.com/es/propiedad/atico-con-tres-terrazas-cerca-de-la-sagrada-familia/" />
<meta property="og:site_name" content="On Urbe" />
<meta name="twitter:card" content="summary_large_image" />
<meta name="twitter:label1" content="Tiempo de lectura" />
	<meta name="twitter:data1" content="1 minuto" />
<script type="application/ld+json" class="yoast-schema-graph">{"@context":"https:\/\/schema.org","@graph":[{"@type":"WebPage","@id":"https:\/\/onurbegrup.com\/es\/propiedad\/atico-con-tres-terrazas-cerca-de-la-sagrada-familia\/","url":"https:\/\/onurbegrup.com\/es\/propiedad\/atico-con-tres-terrazas-cerca-de-la-sagrada-familia\/","name":"Ático con tres terrazas cerca de la Sagrada Familia - On Urbe","isPartOf":{"@id":"https:\/\/onurbegrup.com\/#website"},"primaryImageOfPage":{"@id":"https:\/\/onurbegrup.com\/es\/propiedad\/atico-con-tres-terrazas-cerca-de-la-sagrada-familia\/#primaryimage"},"image":{"@id":"https:\/\/onurbegrup.com\/es\/propiedad\/atico-con-tres-terrazas-cerca-de-la-sagrada-familia\/#primaryimage"},"thumbnailUrl":"https:\/\/onurbegrup.com\/wp-content\/uploads\/2026\/06\/atico-con-tres-terrazas-cerca-de-la-sagrada-familia-001.webp","datePublished":"2026-07-03T16:10:40+00:00","breadcrumb":{"@id":"https:\/\/onurbegrup.com\/es\/propiedad\/atico-con-tres-terrazas-cerca-de-la-sagrada-familia\/#breadcrumb"},"inLanguage":"es","potentialAction":[{"@type":"ReadAction","target":["https:\/\/onurbegrup.com\/es\/propiedad\/atico-con-tres-terrazas-cerca-de-la-sagrada-familia\/"]}]},{"@type":"ImageObject","inLanguage":"es","@id":"https:\/\/onurbegrup.com\/es\/propiedad\/atico-con-tres-terrazas-cerca-de-la-sagrada-familia\/#primaryimage","url":"https:\/\/onurbegrup.com\/wp-content\/uploads\/2026\/06\/atico-con-tres-terrazas-cerca-de-la-sagrada-familia-001.webp","contentUrl":"https:\/\/onurbegrup.com\/wp-content\/uploads\/2026\/06\/atico-con-tres-terrazas-cerca-de-la-sagrada-familia-001.webp","width":1536,"height":1024},{"@type":"BreadcrumbList","@id":"https:\/\/onurbegrup.com\/es\/propiedad\/atico-con-tres-terrazas-cerca-de-la-sagrada-familia\/#breadcrumb","itemListElement":[{"@type":"ListItem","position":1,"name":"Home","item":"https:\/\/onurbegrup.com\/es\/"},{"@type":"ListItem","position":2,"name":"Propiedades","item":"https:\/\/onurbegrup.com\/propiedades\/"},{"@type":"ListItem","position":3,"name":"Ático con tres terrazas cerca de la Sagrada&hellip;"}]},{"@type":"WebSite","@id":"https:\/\/onurbegrup.com\/#website","url":"https:\/\/onurbegrup.com\/","name":"On Urbe","description":"Grup immobiliari","publisher":{"@id":"https:\/\/onurbegrup.com\/#organization"},"potentialAction":[{"@type":"SearchAction","target":{"@type":"EntryPoint","urlTemplate":"https:\/\/onurbegrup.com\/?s={search_term_string}"},"query-input":{"@type":"PropertyValueSpecification","valueRequired":true,"valueName":"search_term_string"}}],"inLanguage":"es"},{"@type":"Organization","@id":"https:\/\/onurbegrup.com\/#organization","name":"On Urbe","url":"https:\/\/onurbegrup.com\/","logo":{"@type":"ImageObject","inLanguage":"es","@id":"https:\/\/onurbegrup.com\/#\/schema\/logo\/image\/","url":"https:\/\/onurbegrup.com\/wp-content\/uploads\/2026\/06\/logo.png","contentUrl":"https:\/\/onurbegrup.com\/wp-content\/uploads\/2026\/06\/logo.png","width":988,"height":241,"caption":"On Urbe"},"image":{"@id":"https:\/\/onurbegrup.com\/#\/schema\/logo\/image\/"}}]}</script>
<!-- / Yoast SEO plugin. -->

Ático con tres terrazas cerca de la Sagrada Familia - On Urbe

Ático único con 3 terrazas privadas 91 m²y piso de 70 m² cerca de la Sagrada Familia! Ático de 2 habitaciones con tres terrazas privadas, situado en un pasaje tranquilo a pocos pasos de la Sagrada Familia. Ubicado en una calle peatonal, arbolada y muy tranquila, esta vivienda en la última planta ofrece una combinación&hellip;

Ático con tres terrazas cerca de la Sagrada&hellip;
