{"id":9611,"date":"2026-06-30T15:03:40","date_gmt":"2026-06-30T15:03:40","guid":{"rendered":"https:\/\/onurbegrup.com\/propiedad\/piso-con-terraza-privada-en-finca-catalogada\/"},"modified":"2026-06-30T15:03:40","modified_gmt":"2026-06-30T15:03:40","slug":"piso-con-terraza-privada-en-finca-catalogada","status":"publish","type":"propiedad","link":"https:\/\/onurbegrup.com\/es\/propiedad\/piso-con-terraza-privada-en-finca-catalogada\/","title":{"rendered":"Piso con terraza privada en finca catalogada"},"content":{"rendered":"<p>Piso con Encanto en Finca Catalogada | Para Reformar | 3 Habitaciones + Terraza Privada en Sant Antoni (Barcelona) Ubicado en una de las zonas m\u00e1s buscadas de la ciudad, el barrio de Sant Antoni , te presentamos este piso de 83 m\u00b2 construidos , situado en una finca catalogada con mucho encanto y valor arquitect\u00f3nico. Distribuci\u00f3n actual: 1 habitaci\u00f3n doble con ventana al exterior 2 habitaciones individuales Amplio recibidor, cocina independiente Ba\u00f1o completo Gran sal\u00f3n comedor con salida a una terraza privada de 20 m\u00b2 El piso est\u00e1 para reformar , lo que ofrece una excelente oportunidad para redise\u00f1arlo a medida , respetando el car\u00e1cter de la finca y adapt\u00e1ndolo a tus necesidades. Las dimensiones permiten una redistribuci\u00f3n vers\u00e1til y funcional, con gran potencial para crear un hogar \u00fanico en un entorno privilegiado. La finca, protegida por su valor patrimonial, conserva elementos cl\u00e1sicos que le dan personalidad y distinci\u00f3n. Ideal tanto para quienes buscan su primera vivienda como para inversores que deseen revalorizar una propiedad en una de las zonas con mayor demanda de Barcelona. \u00bfTe gustar\u00eda visitarlo? \u00a1Ponte en contacto con nosotros! Tecnocasa se caracteriza por poner a disposici\u00f3n de sus clientes una amplia gama de servicios exclusivos destinados a cubrir todas sus necesidades en el proceso de compra o venta de un inmueble. Son unos servicios exclusivos que s\u00f3lo encontrar\u00e1 en la red de oficinas franquiciadas Tecnocasa y que aportan a la marca un extra de profesionalidad y diferenciaci\u00f3n en el sector. En la actualidad, es el mayor grupo a nivel europeo, con m\u00e1s de 3.000 agencias inmobiliarias y de intermediaci\u00f3n financiera presentes en 9 pa\u00edses. Conf\u00ede en nosotros y tendr\u00e1 la tranquilidad de saber que ha acertado<\/p>\n","protected":false},"featured_media":9612,"template":"","meta":{"_acf_changed":false,"_joinchat":[]},"operacion":[144],"poblacion":[159],"subzona":[],"tipo-de-inmueble":[141],"zona":[],"class_list":["post-9611","propiedad","type-propiedad","status-publish","has-post-thumbnail","hentry","operacion-alquiler","poblacion-sant-antoni","tipo-de-inmueble-piso","entry","has-media"],"acf":[],"yoast_head":"<!-- This site is optimized with the Yoast SEO plugin v27.9 - https:\/\/yoast.com\/product\/yoast-seo-wordpress\/ -->\n<title>Piso con terraza privada en finca catalogada - On Urbe<\/title>\n<meta name=\"robots\" content=\"index, follow, max-snippet:-1, max-image-preview:large, max-video-preview:-1\" \/>\n<link rel=\"canonical\" href=\"https:\/\/onurbegrup.com\/es\/propiedad\/piso-con-terraza-privada-en-finca-catalogada\/\" \/>\n<meta property=\"og:locale\" content=\"es_ES\" \/>\n<meta property=\"og:type\" content=\"article\" \/>\n<meta property=\"og:title\" content=\"Piso con terraza privada en finca catalogada - On Urbe\" \/>\n<meta property=\"og:description\" content=\"Piso con Encanto en Finca Catalogada | Para Reformar | 3 Habitaciones + Terraza Privada en Sant Antoni (Barcelona) Ubicado en una de las zonas m\u00e1s buscadas de la ciudad, el barrio de Sant Antoni , te presentamos este piso de 83 m\u00b2 construidos , situado en una finca catalogada con mucho encanto y valor&hellip;\" \/>\n<meta property=\"og:url\" content=\"https:\/\/onurbegrup.com\/es\/propiedad\/piso-con-terraza-privada-en-finca-catalogada\/\" \/>\n<meta property=\"og:site_name\" content=\"On Urbe\" \/>\n<meta name=\"twitter:card\" content=\"summary_large_image\" \/>\n<meta name=\"twitter:label1\" content=\"Tiempo de lectura\" \/>\n\t<meta name=\"twitter:data1\" content=\"1 minuto\" \/>\n<script type=\"application\/ld+json\" class=\"yoast-schema-graph\">{\"@context\":\"https:\\\/\\\/schema.org\",\"@graph\":[{\"@type\":\"WebPage\",\"@id\":\"https:\\\/\\\/onurbegrup.com\\\/es\\\/propiedad\\\/piso-con-terraza-privada-en-finca-catalogada\\\/\",\"url\":\"https:\\\/\\\/onurbegrup.com\\\/es\\\/propiedad\\\/piso-con-terraza-privada-en-finca-catalogada\\\/\",\"name\":\"Piso con terraza privada en finca catalogada - On Urbe\",\"isPartOf\":{\"@id\":\"https:\\\/\\\/onurbegrup.com\\\/#website\"},\"primaryImageOfPage\":{\"@id\":\"https:\\\/\\\/onurbegrup.com\\\/es\\\/propiedad\\\/piso-con-terraza-privada-en-finca-catalogada\\\/#primaryimage\"},\"image\":{\"@id\":\"https:\\\/\\\/onurbegrup.com\\\/es\\\/propiedad\\\/piso-con-terraza-privada-en-finca-catalogada\\\/#primaryimage\"},\"thumbnailUrl\":\"https:\\\/\\\/onurbegrup.com\\\/wp-content\\\/uploads\\\/2026\\\/06\\\/piso-con-terraza-privada-en-finca-catalogada-001-scaled.webp\",\"datePublished\":\"2026-06-30T15:03:40+00:00\",\"breadcrumb\":{\"@id\":\"https:\\\/\\\/onurbegrup.com\\\/es\\\/propiedad\\\/piso-con-terraza-privada-en-finca-catalogada\\\/#breadcrumb\"},\"inLanguage\":\"es\",\"potentialAction\":[{\"@type\":\"ReadAction\",\"target\":[\"https:\\\/\\\/onurbegrup.com\\\/es\\\/propiedad\\\/piso-con-terraza-privada-en-finca-catalogada\\\/\"]}]},{\"@type\":\"ImageObject\",\"inLanguage\":\"es\",\"@id\":\"https:\\\/\\\/onurbegrup.com\\\/es\\\/propiedad\\\/piso-con-terraza-privada-en-finca-catalogada\\\/#primaryimage\",\"url\":\"https:\\\/\\\/onurbegrup.com\\\/wp-content\\\/uploads\\\/2026\\\/06\\\/piso-con-terraza-privada-en-finca-catalogada-001-scaled.webp\",\"contentUrl\":\"https:\\\/\\\/onurbegrup.com\\\/wp-content\\\/uploads\\\/2026\\\/06\\\/piso-con-terraza-privada-en-finca-catalogada-001-scaled.webp\",\"width\":2560,\"height\":1707},{\"@type\":\"BreadcrumbList\",\"@id\":\"https:\\\/\\\/onurbegrup.com\\\/es\\\/propiedad\\\/piso-con-terraza-privada-en-finca-catalogada\\\/#breadcrumb\",\"itemListElement\":[{\"@type\":\"ListItem\",\"position\":1,\"name\":\"Home\",\"item\":\"https:\\\/\\\/onurbegrup.com\\\/es\\\/\"},{\"@type\":\"ListItem\",\"position\":2,\"name\":\"Propiedades\",\"item\":\"https:\\\/\\\/onurbegrup.com\\\/propiedades\\\/\"},{\"@type\":\"ListItem\",\"position\":3,\"name\":\"Piso con terraza privada en finca catalogada\"}]},{\"@type\":\"WebSite\",\"@id\":\"https:\\\/\\\/onurbegrup.com\\\/#website\",\"url\":\"https:\\\/\\\/onurbegrup.com\\\/\",\"name\":\"On Urbe\",\"description\":\"Grup immobiliari\",\"publisher\":{\"@id\":\"https:\\\/\\\/onurbegrup.com\\\/#organization\"},\"potentialAction\":[{\"@type\":\"SearchAction\",\"target\":{\"@type\":\"EntryPoint\",\"urlTemplate\":\"https:\\\/\\\/onurbegrup.com\\\/?s={search_term_string}\"},\"query-input\":{\"@type\":\"PropertyValueSpecification\",\"valueRequired\":true,\"valueName\":\"search_term_string\"}}],\"inLanguage\":\"es\"},{\"@type\":\"Organization\",\"@id\":\"https:\\\/\\\/onurbegrup.com\\\/#organization\",\"name\":\"On Urbe\",\"url\":\"https:\\\/\\\/onurbegrup.com\\\/\",\"logo\":{\"@type\":\"ImageObject\",\"inLanguage\":\"es\",\"@id\":\"https:\\\/\\\/onurbegrup.com\\\/#\\\/schema\\\/logo\\\/image\\\/\",\"url\":\"https:\\\/\\\/onurbegrup.com\\\/wp-content\\\/uploads\\\/2026\\\/06\\\/logo.png\",\"contentUrl\":\"https:\\\/\\\/onurbegrup.com\\\/wp-content\\\/uploads\\\/2026\\\/06\\\/logo.png\",\"width\":988,\"height\":241,\"caption\":\"On Urbe\"},\"image\":{\"@id\":\"https:\\\/\\\/onurbegrup.com\\\/#\\\/schema\\\/logo\\\/image\\\/\"}}]}<\/script>\n<!-- \/ Yoast SEO plugin. -->","yoast_head_json":{"title":"Piso con terraza privada en finca catalogada - On Urbe","robots":{"index":"index","follow":"follow","max-snippet":"max-snippet:-1","max-image-preview":"max-image-preview:large","max-video-preview":"max-video-preview:-1"},"canonical":"https:\/\/onurbegrup.com\/es\/propiedad\/piso-con-terraza-privada-en-finca-catalogada\/","og_locale":"es_ES","og_type":"article","og_title":"Piso con terraza privada en finca catalogada - On Urbe","og_description":"Piso con Encanto en Finca Catalogada | Para Reformar | 3 Habitaciones + Terraza Privada en Sant Antoni (Barcelona) Ubicado en una de las zonas m\u00e1s buscadas de la ciudad, el barrio de Sant Antoni , te presentamos este piso de 83 m\u00b2 construidos , situado en una finca catalogada con mucho encanto y valor&hellip;","og_url":"https:\/\/onurbegrup.com\/es\/propiedad\/piso-con-terraza-privada-en-finca-catalogada\/","og_site_name":"On Urbe","twitter_card":"summary_large_image","twitter_misc":{"Tiempo de lectura":"1 minuto"},"schema":{"@context":"https:\/\/schema.org","@graph":[{"@type":"WebPage","@id":"https:\/\/onurbegrup.com\/es\/propiedad\/piso-con-terraza-privada-en-finca-catalogada\/","url":"https:\/\/onurbegrup.com\/es\/propiedad\/piso-con-terraza-privada-en-finca-catalogada\/","name":"Piso con terraza privada en finca catalogada - On Urbe","isPartOf":{"@id":"https:\/\/onurbegrup.com\/#website"},"primaryImageOfPage":{"@id":"https:\/\/onurbegrup.com\/es\/propiedad\/piso-con-terraza-privada-en-finca-catalogada\/#primaryimage"},"image":{"@id":"https:\/\/onurbegrup.com\/es\/propiedad\/piso-con-terraza-privada-en-finca-catalogada\/#primaryimage"},"thumbnailUrl":"https:\/\/onurbegrup.com\/wp-content\/uploads\/2026\/06\/piso-con-terraza-privada-en-finca-catalogada-001-scaled.webp","datePublished":"2026-06-30T15:03:40+00:00","breadcrumb":{"@id":"https:\/\/onurbegrup.com\/es\/propiedad\/piso-con-terraza-privada-en-finca-catalogada\/#breadcrumb"},"inLanguage":"es","potentialAction":[{"@type":"ReadAction","target":["https:\/\/onurbegrup.com\/es\/propiedad\/piso-con-terraza-privada-en-finca-catalogada\/"]}]},{"@type":"ImageObject","inLanguage":"es","@id":"https:\/\/onurbegrup.com\/es\/propiedad\/piso-con-terraza-privada-en-finca-catalogada\/#primaryimage","url":"https:\/\/onurbegrup.com\/wp-content\/uploads\/2026\/06\/piso-con-terraza-privada-en-finca-catalogada-001-scaled.webp","contentUrl":"https:\/\/onurbegrup.com\/wp-content\/uploads\/2026\/06\/piso-con-terraza-privada-en-finca-catalogada-001-scaled.webp","width":2560,"height":1707},{"@type":"BreadcrumbList","@id":"https:\/\/onurbegrup.com\/es\/propiedad\/piso-con-terraza-privada-en-finca-catalogada\/#breadcrumb","itemListElement":[{"@type":"ListItem","position":1,"name":"Home","item":"https:\/\/onurbegrup.com\/es\/"},{"@type":"ListItem","position":2,"name":"Propiedades","item":"https:\/\/onurbegrup.com\/propiedades\/"},{"@type":"ListItem","position":3,"name":"Piso con terraza privada en finca catalogada"}]},{"@type":"WebSite","@id":"https:\/\/onurbegrup.com\/#website","url":"https:\/\/onurbegrup.com\/","name":"On Urbe","description":"Grup immobiliari","publisher":{"@id":"https:\/\/onurbegrup.com\/#organization"},"potentialAction":[{"@type":"SearchAction","target":{"@type":"EntryPoint","urlTemplate":"https:\/\/onurbegrup.com\/?s={search_term_string}"},"query-input":{"@type":"PropertyValueSpecification","valueRequired":true,"valueName":"search_term_string"}}],"inLanguage":"es"},{"@type":"Organization","@id":"https:\/\/onurbegrup.com\/#organization","name":"On Urbe","url":"https:\/\/onurbegrup.com\/","logo":{"@type":"ImageObject","inLanguage":"es","@id":"https:\/\/onurbegrup.com\/#\/schema\/logo\/image\/","url":"https:\/\/onurbegrup.com\/wp-content\/uploads\/2026\/06\/logo.png","contentUrl":"https:\/\/onurbegrup.com\/wp-content\/uploads\/2026\/06\/logo.png","width":988,"height":241,"caption":"On Urbe"},"image":{"@id":"https:\/\/onurbegrup.com\/#\/schema\/logo\/image\/"}}]}},"_links":{"self":[{"href":"https:\/\/onurbegrup.com\/es\/wp-json\/wp\/v2\/propiedad\/9611","targetHints":{"allow":["GET"]}}],"collection":[{"href":"https:\/\/onurbegrup.com\/es\/wp-json\/wp\/v2\/propiedad"}],"about":[{"href":"https:\/\/onurbegrup.com\/es\/wp-json\/wp\/v2\/types\/propiedad"}],"wp:featuredmedia":[{"embeddable":true,"href":"https:\/\/onurbegrup.com\/es\/wp-json\/wp\/v2\/media\/9612"}],"wp:attachment":[{"href":"https:\/\/onurbegrup.com\/es\/wp-json\/wp\/v2\/media?parent=9611"}],"wp:term":[{"taxonomy":"operacion","embeddable":true,"href":"https:\/\/onurbegrup.com\/es\/wp-json\/wp\/v2\/operacion?post=9611"},{"taxonomy":"poblacion","embeddable":true,"href":"https:\/\/onurbegrup.com\/es\/wp-json\/wp\/v2\/poblacion?post=9611"},{"taxonomy":"subzona","embeddable":true,"href":"https:\/\/onurbegrup.com\/es\/wp-json\/wp\/v2\/subzona?post=9611"},{"taxonomy":"tipo-de-inmueble","embeddable":true,"href":"https:\/\/onurbegrup.com\/es\/wp-json\/wp\/v2\/tipo-de-inmueble?post=9611"},{"taxonomy":"zona","embeddable":true,"href":"https:\/\/onurbegrup.com\/es\/wp-json\/wp\/v2\/zona?post=9611"}],"curies":[{"name":"wp","href":"https:\/\/api.w.org\/{rel}","templated":true}]}}

<p>Piso con Encanto en Finca Catalogada | Para Reformar | 3 Habitaciones + Terraza Privada en Sant Antoni (Barcelona) Ubicado en una de las zonas más buscadas de la ciudad, el barrio de Sant Antoni , te presentamos este piso de 83 m² construidos , situado en una finca catalogada con mucho encanto y valor arquitectónico. Distribución actual: 1 habitación doble con ventana al exterior 2 habitaciones individuales Amplio recibidor, cocina independiente Baño completo Gran salón comedor con salida a una terraza privada de 20 m² El piso está para reformar , lo que ofrece una excelente oportunidad para rediseñarlo a medida , respetando el carácter de la finca y adaptándolo a tus necesidades. Las dimensiones permiten una redistribución versátil y funcional, con gran potencial para crear un hogar único en un entorno privilegiado. La finca, protegida por su valor patrimonial, conserva elementos clásicos que le dan personalidad y distinción. Ideal tanto para quienes buscan su primera vivienda como para inversores que deseen revalorizar una propiedad en una de las zonas con mayor demanda de Barcelona. ¿Te gustaría visitarlo? ¡Ponte en contacto con nosotros! Tecnocasa se caracteriza por poner a disposición de sus clientes una amplia gama de servicios exclusivos destinados a cubrir todas sus necesidades en el proceso de compra o venta de un inmueble. Son unos servicios exclusivos que sólo encontrará en la red de oficinas franquiciadas Tecnocasa y que aportan a la marca un extra de profesionalidad y diferenciación en el sector. En la actualidad, es el mayor grupo a nivel europeo, con más de 3.000 agencias inmobiliarias y de intermediación financiera presentes en 9 países. Confíe en nosotros y tendrá la tranquilidad de saber que ha acertado</p>

<!-- This site is optimized with the Yoast SEO plugin v27.9 - https://yoast.com/product/yoast-seo-wordpress/ -->
<title>Piso con terraza privada en finca catalogada - On Urbe</title>
<meta name="robots" content="index, follow, max-snippet:-1, max-image-preview:large, max-video-preview:-1" />
<link rel="canonical" href="https://onurbegrup.com/es/propiedad/piso-con-terraza-privada-en-finca-catalogada/" />
<meta property="og:locale" content="es_ES" />
<meta property="og:type" content="article" />
<meta property="og:title" content="Piso con terraza privada en finca catalogada - On Urbe" />
<meta property="og:description" content="Piso con Encanto en Finca Catalogada | Para Reformar | 3 Habitaciones + Terraza Privada en Sant Antoni (Barcelona) Ubicado en una de las zonas más buscadas de la ciudad, el barrio de Sant Antoni , te presentamos este piso de 83 m² construidos , situado en una finca catalogada con mucho encanto y valor&hellip;" />
<meta property="og:url" content="https://onurbegrup.com/es/propiedad/piso-con-terraza-privada-en-finca-catalogada/" />
<meta property="og:site_name" content="On Urbe" />
<meta name="twitter:card" content="summary_large_image" />
<meta name="twitter:label1" content="Tiempo de lectura" />
	<meta name="twitter:data1" content="1 minuto" />
<script type="application/ld+json" class="yoast-schema-graph">{"@context":"https:\/\/schema.org","@graph":[{"@type":"WebPage","@id":"https:\/\/onurbegrup.com\/es\/propiedad\/piso-con-terraza-privada-en-finca-catalogada\/","url":"https:\/\/onurbegrup.com\/es\/propiedad\/piso-con-terraza-privada-en-finca-catalogada\/","name":"Piso con terraza privada en finca catalogada - On Urbe","isPartOf":{"@id":"https:\/\/onurbegrup.com\/#website"},"primaryImageOfPage":{"@id":"https:\/\/onurbegrup.com\/es\/propiedad\/piso-con-terraza-privada-en-finca-catalogada\/#primaryimage"},"image":{"@id":"https:\/\/onurbegrup.com\/es\/propiedad\/piso-con-terraza-privada-en-finca-catalogada\/#primaryimage"},"thumbnailUrl":"https:\/\/onurbegrup.com\/wp-content\/uploads\/2026\/06\/piso-con-terraza-privada-en-finca-catalogada-001-scaled.webp","datePublished":"2026-06-30T15:03:40+00:00","breadcrumb":{"@id":"https:\/\/onurbegrup.com\/es\/propiedad\/piso-con-terraza-privada-en-finca-catalogada\/#breadcrumb"},"inLanguage":"es","potentialAction":[{"@type":"ReadAction","target":["https:\/\/onurbegrup.com\/es\/propiedad\/piso-con-terraza-privada-en-finca-catalogada\/"]}]},{"@type":"ImageObject","inLanguage":"es","@id":"https:\/\/onurbegrup.com\/es\/propiedad\/piso-con-terraza-privada-en-finca-catalogada\/#primaryimage","url":"https:\/\/onurbegrup.com\/wp-content\/uploads\/2026\/06\/piso-con-terraza-privada-en-finca-catalogada-001-scaled.webp","contentUrl":"https:\/\/onurbegrup.com\/wp-content\/uploads\/2026\/06\/piso-con-terraza-privada-en-finca-catalogada-001-scaled.webp","width":2560,"height":1707},{"@type":"BreadcrumbList","@id":"https:\/\/onurbegrup.com\/es\/propiedad\/piso-con-terraza-privada-en-finca-catalogada\/#breadcrumb","itemListElement":[{"@type":"ListItem","position":1,"name":"Home","item":"https:\/\/onurbegrup.com\/es\/"},{"@type":"ListItem","position":2,"name":"Propiedades","item":"https:\/\/onurbegrup.com\/propiedades\/"},{"@type":"ListItem","position":3,"name":"Piso con terraza privada en finca catalogada"}]},{"@type":"WebSite","@id":"https:\/\/onurbegrup.com\/#website","url":"https:\/\/onurbegrup.com\/","name":"On Urbe","description":"Grup immobiliari","publisher":{"@id":"https:\/\/onurbegrup.com\/#organization"},"potentialAction":[{"@type":"SearchAction","target":{"@type":"EntryPoint","urlTemplate":"https:\/\/onurbegrup.com\/?s={search_term_string}"},"query-input":{"@type":"PropertyValueSpecification","valueRequired":true,"valueName":"search_term_string"}}],"inLanguage":"es"},{"@type":"Organization","@id":"https:\/\/onurbegrup.com\/#organization","name":"On Urbe","url":"https:\/\/onurbegrup.com\/","logo":{"@type":"ImageObject","inLanguage":"es","@id":"https:\/\/onurbegrup.com\/#\/schema\/logo\/image\/","url":"https:\/\/onurbegrup.com\/wp-content\/uploads\/2026\/06\/logo.png","contentUrl":"https:\/\/onurbegrup.com\/wp-content\/uploads\/2026\/06\/logo.png","width":988,"height":241,"caption":"On Urbe"},"image":{"@id":"https:\/\/onurbegrup.com\/#\/schema\/logo\/image\/"}}]}</script>
<!-- / Yoast SEO plugin. -->

Piso con Encanto en Finca Catalogada | Para Reformar | 3 Habitaciones + Terraza Privada en Sant Antoni (Barcelona) Ubicado en una de las zonas más buscadas de la ciudad, el barrio de Sant Antoni , te presentamos este piso de 83 m² construidos , situado en una finca catalogada con mucho encanto y valor&hellip;
