{"id":9893,"date":"2026-09-02T08:02:39","date_gmt":"2026-09-02T08:02:39","guid":{"rendered":"https:\/\/onurbegrup.com\/propiedad\/onurbe-grup-piso-en-venta-les-corts\/"},"modified":"2026-09-02T08:42:04","modified_gmt":"2026-09-02T08:42:04","slug":"onurbe-grup-piso-en-venta-les-corts","status":"publish","type":"propiedad","link":"https:\/\/onurbegrup.com\/es\/propiedad\/onurbe-grup-piso-en-venta-les-corts\/","title":{"rendered":"ONURBE GRUP | PISO EN VENTA &#8211; LES CORTS"},"content":{"rendered":"<p>Descobreix aquest fant\u00e0stic habitatge situat a Travessera de les Corts, en una de les zones m\u00e9s atractives i consolidades de Barcelona. Amb 83 m\u00b2 constru\u00efts, aquest pis combina amplitud, lluminositat i funcionalitat, oferint un espai ideal per gaudir del dia a dia amb totes les comoditats.L&#8217;habitatge compta amb 3 habitacions i 2 banys, una distribuci\u00f3 especialment pr\u00e0ctica per a fam\u00edlies, parelles que necessiten espai addicional o els que busquen disposar d&#8217;una habitaci\u00f3 com a despatx, vestidor o zona de convidats.Situat a una primera planta amb ascensor, el pis \u00e9s totalment exterior, una caracter\u00edstica que afavoreix l&#8217;entrada de llum natural i aporta una agradable sensaci\u00f3 d&#8217;amplitud i benestar a les diferents estances.A m\u00e9s, l&#8217;habitatge disposa d&#8217;aire condicionat i pla\u00e7a de garatge, un valor afegit a Barcelona que aporta comoditat i facilita enormement el dia a dia.Un dels grans atractius d&#8217;aquesta propietat es troba a la seva comunitat residencial, dissenyada per gaudir d&#8217;una qualitat de vida excel\u00b7lent. Els propietaris poden comptar amb piscina comunit\u00e0ria, zones verdes \u00e0mplies, zona infantil i pista poliesportiva, creant un entorn privilegiat on gaudir de l&#8217;aire lliure, practicar esport o passar temps en fam\u00edlia sense sortir de casa.La ubicaci\u00f3 permet combinar la tranquil\u00b7litat i la comoditat d&#8217;un entorn residencial amb els avantatges d&#8217;estar a Barcelona, envoltat de serveis, comer\u00e7os, transport p\u00fablic i tota mena d&#8217;establiments necessaris per al dia a dia.Una propietat que destaca pel seu espai, lluminositat, zones comunit\u00e0ries i pla\u00e7a de garatge, ideal per als que busquen un habitatge complet i confortable en una ubicaci\u00f3 privilegiada.Una oportunitat per gaudir de Barcelona de manera diferent: amb la ciutat a l&#8217;abast i la comoditat de comptar amb piscina, zones verdes i espais esportius a la teva pr\u00f2pia comunitat.<\/p>\n","protected":false},"featured_media":9872,"template":"","meta":{"_acf_changed":false,"_joinchat":[]},"operacion":[105],"poblacion":[106],"subzona":[],"tipo-de-inmueble":[171],"zona":[172],"class_list":["post-9893","propiedad","type-propiedad","status-publish","has-post-thumbnail","hentry","operacion-venta","poblacion-barcelona","tipo-de-inmueble-pisos","zona-les-corts","entry","has-media"],"acf":[],"yoast_head":"<!-- This site is optimized with the Yoast SEO plugin v27.9 - https:\/\/yoast.com\/product\/yoast-seo-wordpress\/ -->\n<title>ONURBE GRUP | PISO EN VENTA - LES CORTS - On Urbe<\/title>\n<meta name=\"robots\" content=\"index, follow, max-snippet:-1, max-image-preview:large, max-video-preview:-1\" \/>\n<link rel=\"canonical\" href=\"https:\/\/onurbegrup.com\/es\/propiedad\/onurbe-grup-piso-en-venta-les-corts\/\" \/>\n<meta property=\"og:locale\" content=\"es_ES\" \/>\n<meta property=\"og:type\" content=\"article\" \/>\n<meta property=\"og:title\" content=\"ONURBE GRUP | PISO EN VENTA - LES CORTS - On Urbe\" \/>\n<meta property=\"og:description\" content=\"Descobreix aquest fant\u00e0stic habitatge situat a Travessera de les Corts, en una de les zones m\u00e9s atractives i consolidades de Barcelona. Amb 83 m\u00b2 constru\u00efts, aquest pis combina amplitud, lluminositat i funcionalitat, oferint un espai ideal per gaudir del dia a dia amb totes les comoditats.L&#8217;habitatge compta amb 3 habitacions i 2 banys, una distribuci\u00f3&hellip;\" \/>\n<meta property=\"og:url\" content=\"https:\/\/onurbegrup.com\/es\/propiedad\/onurbe-grup-piso-en-venta-les-corts\/\" \/>\n<meta property=\"og:site_name\" content=\"On Urbe\" \/>\n<meta property=\"article:modified_time\" content=\"2026-09-02T08:42:04+00:00\" \/>\n<meta property=\"og:image\" content=\"https:\/\/onurbegrup.com\/wp-content\/uploads\/2026\/09\/27708200.jpg\" \/>\n\t<meta property=\"og:image:width\" content=\"1600\" \/>\n\t<meta property=\"og:image:height\" content=\"1065\" \/>\n\t<meta property=\"og:image:type\" content=\"image\/jpeg\" \/>\n<meta name=\"twitter:card\" content=\"summary_large_image\" \/>\n<meta name=\"twitter:label1\" content=\"Tiempo de lectura\" \/>\n\t<meta name=\"twitter:data1\" content=\"2 minutos\" \/>\n<script type=\"application\/ld+json\" class=\"yoast-schema-graph\">{\"@context\":\"https:\\\/\\\/schema.org\",\"@graph\":[{\"@type\":\"WebPage\",\"@id\":\"https:\\\/\\\/onurbegrup.com\\\/es\\\/propiedad\\\/onurbe-grup-piso-en-venta-les-corts\\\/\",\"url\":\"https:\\\/\\\/onurbegrup.com\\\/es\\\/propiedad\\\/onurbe-grup-piso-en-venta-les-corts\\\/\",\"name\":\"ONURBE GRUP | PISO EN VENTA - LES CORTS - On Urbe\",\"isPartOf\":{\"@id\":\"https:\\\/\\\/onurbegrup.com\\\/#website\"},\"primaryImageOfPage\":{\"@id\":\"https:\\\/\\\/onurbegrup.com\\\/es\\\/propiedad\\\/onurbe-grup-piso-en-venta-les-corts\\\/#primaryimage\"},\"image\":{\"@id\":\"https:\\\/\\\/onurbegrup.com\\\/es\\\/propiedad\\\/onurbe-grup-piso-en-venta-les-corts\\\/#primaryimage\"},\"thumbnailUrl\":\"https:\\\/\\\/onurbegrup.com\\\/wp-content\\\/uploads\\\/2026\\\/09\\\/27708200.jpg\",\"datePublished\":\"2026-09-02T08:02:39+00:00\",\"dateModified\":\"2026-09-02T08:42:04+00:00\",\"breadcrumb\":{\"@id\":\"https:\\\/\\\/onurbegrup.com\\\/es\\\/propiedad\\\/onurbe-grup-piso-en-venta-les-corts\\\/#breadcrumb\"},\"inLanguage\":\"es\",\"potentialAction\":[{\"@type\":\"ReadAction\",\"target\":[\"https:\\\/\\\/onurbegrup.com\\\/es\\\/propiedad\\\/onurbe-grup-piso-en-venta-les-corts\\\/\"]}]},{\"@type\":\"ImageObject\",\"inLanguage\":\"es\",\"@id\":\"https:\\\/\\\/onurbegrup.com\\\/es\\\/propiedad\\\/onurbe-grup-piso-en-venta-les-corts\\\/#primaryimage\",\"url\":\"https:\\\/\\\/onurbegrup.com\\\/wp-content\\\/uploads\\\/2026\\\/09\\\/27708200.jpg\",\"contentUrl\":\"https:\\\/\\\/onurbegrup.com\\\/wp-content\\\/uploads\\\/2026\\\/09\\\/27708200.jpg\",\"width\":1600,\"height\":1065},{\"@type\":\"BreadcrumbList\",\"@id\":\"https:\\\/\\\/onurbegrup.com\\\/es\\\/propiedad\\\/onurbe-grup-piso-en-venta-les-corts\\\/#breadcrumb\",\"itemListElement\":[{\"@type\":\"ListItem\",\"position\":1,\"name\":\"Home\",\"item\":\"https:\\\/\\\/onurbegrup.com\\\/es\\\/\"},{\"@type\":\"ListItem\",\"position\":2,\"name\":\"Propiedades\",\"item\":\"https:\\\/\\\/onurbegrup.com\\\/propiedades\\\/\"},{\"@type\":\"ListItem\",\"position\":3,\"name\":\"ONURBE GRUP | PISO EN VENTA &#8211; LES&hellip;\"}]},{\"@type\":\"WebSite\",\"@id\":\"https:\\\/\\\/onurbegrup.com\\\/#website\",\"url\":\"https:\\\/\\\/onurbegrup.com\\\/\",\"name\":\"On Urbe\",\"description\":\"Grup immobiliari\",\"publisher\":{\"@id\":\"https:\\\/\\\/onurbegrup.com\\\/#organization\"},\"potentialAction\":[{\"@type\":\"SearchAction\",\"target\":{\"@type\":\"EntryPoint\",\"urlTemplate\":\"https:\\\/\\\/onurbegrup.com\\\/?s={search_term_string}\"},\"query-input\":{\"@type\":\"PropertyValueSpecification\",\"valueRequired\":true,\"valueName\":\"search_term_string\"}}],\"inLanguage\":\"es\"},{\"@type\":\"Organization\",\"@id\":\"https:\\\/\\\/onurbegrup.com\\\/#organization\",\"name\":\"On Urbe\",\"url\":\"https:\\\/\\\/onurbegrup.com\\\/\",\"logo\":{\"@type\":\"ImageObject\",\"inLanguage\":\"es\",\"@id\":\"https:\\\/\\\/onurbegrup.com\\\/#\\\/schema\\\/logo\\\/image\\\/\",\"url\":\"https:\\\/\\\/onurbegrup.com\\\/wp-content\\\/uploads\\\/2026\\\/06\\\/logo.png\",\"contentUrl\":\"https:\\\/\\\/onurbegrup.com\\\/wp-content\\\/uploads\\\/2026\\\/06\\\/logo.png\",\"width\":988,\"height\":241,\"caption\":\"On Urbe\"},\"image\":{\"@id\":\"https:\\\/\\\/onurbegrup.com\\\/#\\\/schema\\\/logo\\\/image\\\/\"}}]}<\/script>\n<!-- \/ Yoast SEO plugin. -->","yoast_head_json":{"title":"ONURBE GRUP | PISO EN VENTA - LES CORTS - On Urbe","robots":{"index":"index","follow":"follow","max-snippet":"max-snippet:-1","max-image-preview":"max-image-preview:large","max-video-preview":"max-video-preview:-1"},"canonical":"https:\/\/onurbegrup.com\/es\/propiedad\/onurbe-grup-piso-en-venta-les-corts\/","og_locale":"es_ES","og_type":"article","og_title":"ONURBE GRUP | PISO EN VENTA - LES CORTS - On Urbe","og_description":"Descobreix aquest fant\u00e0stic habitatge situat a Travessera de les Corts, en una de les zones m\u00e9s atractives i consolidades de Barcelona. Amb 83 m\u00b2 constru\u00efts, aquest pis combina amplitud, lluminositat i funcionalitat, oferint un espai ideal per gaudir del dia a dia amb totes les comoditats.L&#8217;habitatge compta amb 3 habitacions i 2 banys, una distribuci\u00f3&hellip;","og_url":"https:\/\/onurbegrup.com\/es\/propiedad\/onurbe-grup-piso-en-venta-les-corts\/","og_site_name":"On Urbe","article_modified_time":"2026-09-02T08:42:04+00:00","og_image":[{"width":1600,"height":1065,"url":"https:\/\/onurbegrup.com\/wp-content\/uploads\/2026\/09\/27708200.jpg","type":"image\/jpeg"}],"twitter_card":"summary_large_image","twitter_misc":{"Tiempo de lectura":"2 minutos"},"schema":{"@context":"https:\/\/schema.org","@graph":[{"@type":"WebPage","@id":"https:\/\/onurbegrup.com\/es\/propiedad\/onurbe-grup-piso-en-venta-les-corts\/","url":"https:\/\/onurbegrup.com\/es\/propiedad\/onurbe-grup-piso-en-venta-les-corts\/","name":"ONURBE GRUP | PISO EN VENTA - LES CORTS - On Urbe","isPartOf":{"@id":"https:\/\/onurbegrup.com\/#website"},"primaryImageOfPage":{"@id":"https:\/\/onurbegrup.com\/es\/propiedad\/onurbe-grup-piso-en-venta-les-corts\/#primaryimage"},"image":{"@id":"https:\/\/onurbegrup.com\/es\/propiedad\/onurbe-grup-piso-en-venta-les-corts\/#primaryimage"},"thumbnailUrl":"https:\/\/onurbegrup.com\/wp-content\/uploads\/2026\/09\/27708200.jpg","datePublished":"2026-09-02T08:02:39+00:00","dateModified":"2026-09-02T08:42:04+00:00","breadcrumb":{"@id":"https:\/\/onurbegrup.com\/es\/propiedad\/onurbe-grup-piso-en-venta-les-corts\/#breadcrumb"},"inLanguage":"es","potentialAction":[{"@type":"ReadAction","target":["https:\/\/onurbegrup.com\/es\/propiedad\/onurbe-grup-piso-en-venta-les-corts\/"]}]},{"@type":"ImageObject","inLanguage":"es","@id":"https:\/\/onurbegrup.com\/es\/propiedad\/onurbe-grup-piso-en-venta-les-corts\/#primaryimage","url":"https:\/\/onurbegrup.com\/wp-content\/uploads\/2026\/09\/27708200.jpg","contentUrl":"https:\/\/onurbegrup.com\/wp-content\/uploads\/2026\/09\/27708200.jpg","width":1600,"height":1065},{"@type":"BreadcrumbList","@id":"https:\/\/onurbegrup.com\/es\/propiedad\/onurbe-grup-piso-en-venta-les-corts\/#breadcrumb","itemListElement":[{"@type":"ListItem","position":1,"name":"Home","item":"https:\/\/onurbegrup.com\/es\/"},{"@type":"ListItem","position":2,"name":"Propiedades","item":"https:\/\/onurbegrup.com\/propiedades\/"},{"@type":"ListItem","position":3,"name":"ONURBE GRUP | PISO EN VENTA &#8211; LES&hellip;"}]},{"@type":"WebSite","@id":"https:\/\/onurbegrup.com\/#website","url":"https:\/\/onurbegrup.com\/","name":"On Urbe","description":"Grup immobiliari","publisher":{"@id":"https:\/\/onurbegrup.com\/#organization"},"potentialAction":[{"@type":"SearchAction","target":{"@type":"EntryPoint","urlTemplate":"https:\/\/onurbegrup.com\/?s={search_term_string}"},"query-input":{"@type":"PropertyValueSpecification","valueRequired":true,"valueName":"search_term_string"}}],"inLanguage":"es"},{"@type":"Organization","@id":"https:\/\/onurbegrup.com\/#organization","name":"On Urbe","url":"https:\/\/onurbegrup.com\/","logo":{"@type":"ImageObject","inLanguage":"es","@id":"https:\/\/onurbegrup.com\/#\/schema\/logo\/image\/","url":"https:\/\/onurbegrup.com\/wp-content\/uploads\/2026\/06\/logo.png","contentUrl":"https:\/\/onurbegrup.com\/wp-content\/uploads\/2026\/06\/logo.png","width":988,"height":241,"caption":"On Urbe"},"image":{"@id":"https:\/\/onurbegrup.com\/#\/schema\/logo\/image\/"}}]}},"_links":{"self":[{"href":"https:\/\/onurbegrup.com\/es\/wp-json\/wp\/v2\/propiedad\/9893","targetHints":{"allow":["GET"]}}],"collection":[{"href":"https:\/\/onurbegrup.com\/es\/wp-json\/wp\/v2\/propiedad"}],"about":[{"href":"https:\/\/onurbegrup.com\/es\/wp-json\/wp\/v2\/types\/propiedad"}],"wp:featuredmedia":[{"embeddable":true,"href":"https:\/\/onurbegrup.com\/es\/wp-json\/wp\/v2\/media\/9872"}],"wp:attachment":[{"href":"https:\/\/onurbegrup.com\/es\/wp-json\/wp\/v2\/media?parent=9893"}],"wp:term":[{"taxonomy":"operacion","embeddable":true,"href":"https:\/\/onurbegrup.com\/es\/wp-json\/wp\/v2\/operacion?post=9893"},{"taxonomy":"poblacion","embeddable":true,"href":"https:\/\/onurbegrup.com\/es\/wp-json\/wp\/v2\/poblacion?post=9893"},{"taxonomy":"subzona","embeddable":true,"href":"https:\/\/onurbegrup.com\/es\/wp-json\/wp\/v2\/subzona?post=9893"},{"taxonomy":"tipo-de-inmueble","embeddable":true,"href":"https:\/\/onurbegrup.com\/es\/wp-json\/wp\/v2\/tipo-de-inmueble?post=9893"},{"taxonomy":"zona","embeddable":true,"href":"https:\/\/onurbegrup.com\/es\/wp-json\/wp\/v2\/zona?post=9893"}],"curies":[{"name":"wp","href":"https:\/\/api.w.org\/{rel}","templated":true}]}}

<p>Descobreix aquest fantàstic habitatge situat a Travessera de les Corts, en una de les zones més atractives i consolidades de Barcelona. Amb 83 m² construïts, aquest pis combina amplitud, lluminositat i funcionalitat, oferint un espai ideal per gaudir del dia a dia amb totes les comoditats.L&#8217;habitatge compta amb 3 habitacions i 2 banys, una distribució especialment pràctica per a famílies, parelles que necessiten espai addicional o els que busquen disposar d&#8217;una habitació com a despatx, vestidor o zona de convidats.Situat a una primera planta amb ascensor, el pis és totalment exterior, una característica que afavoreix l&#8217;entrada de llum natural i aporta una agradable sensació d&#8217;amplitud i benestar a les diferents estances.A més, l&#8217;habitatge disposa d&#8217;aire condicionat i plaça de garatge, un valor afegit a Barcelona que aporta comoditat i facilita enormement el dia a dia.Un dels grans atractius d&#8217;aquesta propietat es troba a la seva comunitat residencial, dissenyada per gaudir d&#8217;una qualitat de vida excel·lent. Els propietaris poden comptar amb piscina comunitària, zones verdes àmplies, zona infantil i pista poliesportiva, creant un entorn privilegiat on gaudir de l&#8217;aire lliure, practicar esport o passar temps en família sense sortir de casa.La ubicació permet combinar la tranquil·litat i la comoditat d&#8217;un entorn residencial amb els avantatges d&#8217;estar a Barcelona, envoltat de serveis, comerços, transport públic i tota mena d&#8217;establiments necessaris per al dia a dia.Una propietat que destaca pel seu espai, lluminositat, zones comunitàries i plaça de garatge, ideal per als que busquen un habitatge complet i confortable en una ubicació privilegiada.Una oportunitat per gaudir de Barcelona de manera diferent: amb la ciutat a l&#8217;abast i la comoditat de comptar amb piscina, zones verdes i espais esportius a la teva pròpia comunitat.</p>

<!-- This site is optimized with the Yoast SEO plugin v27.9 - https://yoast.com/product/yoast-seo-wordpress/ -->
<title>ONURBE GRUP | PISO EN VENTA - LES CORTS - On Urbe</title>
<meta name="robots" content="index, follow, max-snippet:-1, max-image-preview:large, max-video-preview:-1" />
<link rel="canonical" href="https://onurbegrup.com/es/propiedad/onurbe-grup-piso-en-venta-les-corts/" />
<meta property="og:locale" content="es_ES" />
<meta property="og:type" content="article" />
<meta property="og:title" content="ONURBE GRUP | PISO EN VENTA - LES CORTS - On Urbe" />
<meta property="og:description" content="Descobreix aquest fantàstic habitatge situat a Travessera de les Corts, en una de les zones més atractives i consolidades de Barcelona. Amb 83 m² construïts, aquest pis combina amplitud, lluminositat i funcionalitat, oferint un espai ideal per gaudir del dia a dia amb totes les comoditats.L&#8217;habitatge compta amb 3 habitacions i 2 banys, una distribució&hellip;" />
<meta property="og:url" content="https://onurbegrup.com/es/propiedad/onurbe-grup-piso-en-venta-les-corts/" />
<meta property="og:site_name" content="On Urbe" />
<meta property="article:modified_time" content="2026-09-02T08:42:04+00:00" />
<meta property="og:image" content="https://onurbegrup.com/wp-content/uploads/2026/09/27708200.jpg" />
	<meta property="og:image:width" content="1600" />
	<meta property="og:image:height" content="1065" />
	<meta property="og:image:type" content="image/jpeg" />
<meta name="twitter:card" content="summary_large_image" />
<meta name="twitter:label1" content="Tiempo de lectura" />
	<meta name="twitter:data1" content="2 minutos" />
<script type="application/ld+json" class="yoast-schema-graph">{"@context":"https:\/\/schema.org","@graph":[{"@type":"WebPage","@id":"https:\/\/onurbegrup.com\/es\/propiedad\/onurbe-grup-piso-en-venta-les-corts\/","url":"https:\/\/onurbegrup.com\/es\/propiedad\/onurbe-grup-piso-en-venta-les-corts\/","name":"ONURBE GRUP | PISO EN VENTA - LES CORTS - On Urbe","isPartOf":{"@id":"https:\/\/onurbegrup.com\/#website"},"primaryImageOfPage":{"@id":"https:\/\/onurbegrup.com\/es\/propiedad\/onurbe-grup-piso-en-venta-les-corts\/#primaryimage"},"image":{"@id":"https:\/\/onurbegrup.com\/es\/propiedad\/onurbe-grup-piso-en-venta-les-corts\/#primaryimage"},"thumbnailUrl":"https:\/\/onurbegrup.com\/wp-content\/uploads\/2026\/09\/27708200.jpg","datePublished":"2026-09-02T08:02:39+00:00","dateModified":"2026-09-02T08:42:04+00:00","breadcrumb":{"@id":"https:\/\/onurbegrup.com\/es\/propiedad\/onurbe-grup-piso-en-venta-les-corts\/#breadcrumb"},"inLanguage":"es","potentialAction":[{"@type":"ReadAction","target":["https:\/\/onurbegrup.com\/es\/propiedad\/onurbe-grup-piso-en-venta-les-corts\/"]}]},{"@type":"ImageObject","inLanguage":"es","@id":"https:\/\/onurbegrup.com\/es\/propiedad\/onurbe-grup-piso-en-venta-les-corts\/#primaryimage","url":"https:\/\/onurbegrup.com\/wp-content\/uploads\/2026\/09\/27708200.jpg","contentUrl":"https:\/\/onurbegrup.com\/wp-content\/uploads\/2026\/09\/27708200.jpg","width":1600,"height":1065},{"@type":"BreadcrumbList","@id":"https:\/\/onurbegrup.com\/es\/propiedad\/onurbe-grup-piso-en-venta-les-corts\/#breadcrumb","itemListElement":[{"@type":"ListItem","position":1,"name":"Home","item":"https:\/\/onurbegrup.com\/es\/"},{"@type":"ListItem","position":2,"name":"Propiedades","item":"https:\/\/onurbegrup.com\/propiedades\/"},{"@type":"ListItem","position":3,"name":"ONURBE GRUP | PISO EN VENTA &#8211; LES&hellip;"}]},{"@type":"WebSite","@id":"https:\/\/onurbegrup.com\/#website","url":"https:\/\/onurbegrup.com\/","name":"On Urbe","description":"Grup immobiliari","publisher":{"@id":"https:\/\/onurbegrup.com\/#organization"},"potentialAction":[{"@type":"SearchAction","target":{"@type":"EntryPoint","urlTemplate":"https:\/\/onurbegrup.com\/?s={search_term_string}"},"query-input":{"@type":"PropertyValueSpecification","valueRequired":true,"valueName":"search_term_string"}}],"inLanguage":"es"},{"@type":"Organization","@id":"https:\/\/onurbegrup.com\/#organization","name":"On Urbe","url":"https:\/\/onurbegrup.com\/","logo":{"@type":"ImageObject","inLanguage":"es","@id":"https:\/\/onurbegrup.com\/#\/schema\/logo\/image\/","url":"https:\/\/onurbegrup.com\/wp-content\/uploads\/2026\/06\/logo.png","contentUrl":"https:\/\/onurbegrup.com\/wp-content\/uploads\/2026\/06\/logo.png","width":988,"height":241,"caption":"On Urbe"},"image":{"@id":"https:\/\/onurbegrup.com\/#\/schema\/logo\/image\/"}}]}</script>
<!-- / Yoast SEO plugin. -->

Descobreix aquest fantàstic habitatge situat a Travessera de les Corts, en una de les zones més atractives i consolidades de Barcelona. Amb 83 m² construïts, aquest pis combina amplitud, lluminositat i funcionalitat, oferint un espai ideal per gaudir del dia a dia amb totes les comoditats.L&#8217;habitatge compta amb 3 habitacions i 2 banys, una distribució&hellip;
